{"version":"1.0","provider_name":"\u00d3budai Ny\u00e1r 2022 | obuda.hu","provider_url":"https:\/\/www.obudainyar.hu\/2022","author_name":"obudaizisztoth","author_url":"https:\/\/www.obudainyar.hu\/2022\/author\/obudaizisztoth\/","title":"Az \u00d3budai Danubia Zenekar koncertje - \u00d3budai Ny\u00e1r 2022 | obuda.hu","type":"rich","width":600,"height":338,"html":"<blockquote class=\"wp-embedded-content\" data-secret=\"0QiUrMYufL\"><a href=\"https:\/\/www.obudainyar.hu\/2022\/esemeny\/az-obudai-danubia-zenekar-koncertje\/\">Az \u00d3budai Danubia Zenekar koncertje<\/a><\/blockquote><iframe sandbox=\"allow-scripts\" security=\"restricted\" src=\"https:\/\/www.obudainyar.hu\/2022\/esemeny\/az-obudai-danubia-zenekar-koncertje\/embed\/#?secret=0QiUrMYufL\" width=\"600\" height=\"338\" title=\"&#8220;Az \u00d3budai Danubia Zenekar koncertje&#8221; &#8212; \u00d3budai Ny\u00e1r 2022 | obuda.hu\" data-secret=\"0QiUrMYufL\" frameborder=\"0\" marginwidth=\"0\" marginheight=\"0\" scrolling=\"no\" class=\"wp-embedded-content\"><\/iframe><script type=\"text\/javascript\">\n\/*! This file is auto-generated *\/\n!function(c,d){\"use strict\";var e=!1,o=!1;if(d.querySelector)if(c.addEventListener)e=!0;if(c.wp=c.wp||{},c.wp.receiveEmbedMessage);else if(c.wp.receiveEmbedMessage=function(e){var t=e.data;if(!t);else if(!(t.secret||t.message||t.value));else if(\/[^a-zA-Z0-9]\/.test(t.secret));else{for(var r,s,a,i=d.querySelectorAll('iframe[data-secret=\"'+t.secret+'\"]'),n=d.querySelectorAll('blockquote[data-secret=\"'+t.secret+'\"]'),o=new RegExp(\"^https?:$\",\"i\"),l=0;l<n.length;l++)n[l].style.display=\"none\";for(l=0;l<i.length;l++)if(r=i[l],e.source!==r.contentWindow);else{if(r.removeAttribute(\"style\"),\"height\"===t.message){if(1e3<(s=parseInt(t.value,10)))s=1e3;else if(~~s<200)s=200;r.height=s}if(\"link\"===t.message)if(s=d.createElement(\"a\"),a=d.createElement(\"a\"),s.href=r.getAttribute(\"src\"),a.href=t.value,!o.test(a.protocol));else if(a.host===s.host)if(d.activeElement===r)c.top.location.href=t.value}}},e)c.addEventListener(\"message\",c.wp.receiveEmbedMessage,!1),d.addEventListener(\"DOMContentLoaded\",t,!1),c.addEventListener(\"load\",t,!1);function t(){if(o);else{o=!0;for(var e,t,r,s=-1!==navigator.appVersion.indexOf(\"MSIE 10\"),a=!!navigator.userAgent.match(\/Trident.*rv:11\\.\/),i=d.querySelectorAll(\"iframe.wp-embedded-content\"),n=0;n<i.length;n++){if(!(r=(t=i[n]).getAttribute(\"data-secret\")))r=Math.random().toString(36).substr(2,10),t.src+=\"#?secret=\"+r,t.setAttribute(\"data-secret\",r);if(s||a)(e=t.cloneNode(!0)).removeAttribute(\"security\"),t.parentNode.replaceChild(e,t);t.contentWindow.postMessage({message:\"ready\",secret:r},\"*\")}}}}(window,document);\n<\/script>\n","thumbnail_url":"https:\/\/www.obudainyar.hu\/2022\/wp-content\/uploads\/2022\/06\/ONY_event_cover_1200x628-px_3-08-1024x536.png","thumbnail_width":1024,"thumbnail_height":536,"description":"Cig\u00e1nyzene? Magyar zene? \u2013 Tisztelg\u00e9s a magyar n\u00f3ta el\u0151tt c\u00edmmel tartja megnyit\u00f3koncertj\u00e9t a zenekar."}

Óbudai Nyár 2022 | obuda.hu

Az Óbudai Danubia Zenekar koncertje - Óbudai Nyár 2022 | obuda.hu

<blockquote class="wp-embedded-content" data-secret="0QiUrMYufL"><a href="https://www.obudainyar.hu/2022/esemeny/az-obudai-danubia-zenekar-koncertje/">Az Óbudai Danubia Zenekar koncertje</a></blockquote><iframe sandbox="allow-scripts" security="restricted" src="https://www.obudainyar.hu/2022/esemeny/az-obudai-danubia-zenekar-koncertje/embed/#?secret=0QiUrMYufL" width="600" height="338" title="&#8220;Az Óbudai Danubia Zenekar koncertje&#8221; &#8212; Óbudai Nyár 2022 | obuda.hu" data-secret="0QiUrMYufL" frameborder="0" marginwidth="0" marginheight="0" scrolling="no" class="wp-embedded-content"></iframe><script type="text/javascript">
/*! This file is auto-generated */
!function(c,d){"use strict";var e=!1,o=!1;if(d.querySelector)if(c.addEventListener)e=!0;if(c.wp=c.wp||{},c.wp.receiveEmbedMessage);else if(c.wp.receiveEmbedMessage=function(e){var t=e.data;if(!t);else if(!(t.secret||t.message||t.value));else if(/[^a-zA-Z0-9]/.test(t.secret));else{for(var r,s,a,i=d.querySelectorAll('iframe[data-secret="'+t.secret+'"]'),n=d.querySelectorAll('blockquote[data-secret="'+t.secret+'"]'),o=new RegExp("^https?:$","i"),l=0;l<n.length;l++)n[l].style.display="none";for(l=0;l<i.length;l++)if(r=i[l],e.source!==r.contentWindow);else{if(r.removeAttribute("style"),"height"===t.message){if(1e3<(s=parseInt(t.value,10)))s=1e3;else if(~~s<200)s=200;r.height=s}if("link"===t.message)if(s=d.createElement("a"),a=d.createElement("a"),s.href=r.getAttribute("src"),a.href=t.value,!o.test(a.protocol));else if(a.host===s.host)if(d.activeElement===r)c.top.location.href=t.value}}},e)c.addEventListener("message",c.wp.receiveEmbedMessage,!1),d.addEventListener("DOMContentLoaded",t,!1),c.addEventListener("load",t,!1);function t(){if(o);else{o=!0;for(var e,t,r,s=-1!==navigator.appVersion.indexOf("MSIE 10"),a=!!navigator.userAgent.match(/Trident.*rv:11\./),i=d.querySelectorAll("iframe.wp-embedded-content"),n=0;n<i.length;n++){if(!(r=(t=i[n]).getAttribute("data-secret")))r=Math.random().toString(36).substr(2,10),t.src+="#?secret="+r,t.setAttribute("data-secret",r);if(s||a)(e=t.cloneNode(!0)).removeAttribute("security"),t.parentNode.replaceChild(e,t);t.contentWindow.postMessage({message:"ready",secret:r},"*")}}}}(window,document);
</script>

Cigányzene? Magyar zene? – Tisztelgés a magyar nóta előtt címmel tartja megnyitókoncertjét a zenekar.
