{"id":2391,"date":"2022-05-26T09:35:37","date_gmt":"2022-05-26T07:35:37","guid":{"rendered":"https:\/\/www.obudainyar.hu\/2022\/?post_type=tribe_events&#038;p=2391"},"modified":"2022-07-21T16:44:21","modified_gmt":"2022-07-21T14:44:21","slug":"mozart-az-egesz-vilag","status":"publish","type":"tribe_events","link":"https:\/\/www.obudainyar.hu\/2022\/esemeny\/mozart-az-egesz-vilag\/","title":{"rendered":"Mozart az eg\u00e9sz vil\u00e1g"},"content":{"rendered":"<p><strong>A Faremido t\u00e1rsulat H\u00e1betler Andr\u00e1s vezet\u00e9s\u00e9vel mindig garancia a sz\u00f3rakoztat\u00f3 operael\u0151ad\u00e1sokra! A Kiskorona7-be az elm\u00falt \u00e9vekben rendszeresen visszat\u00e9r\u0151 csapat tal\u00e1n egy kicsit m\u00e1sk\u00e9pp ny\u00fal a klasszikus darabokhoz, mint ahogy az megszokott: sok improviz\u00e1ci\u00f3val, helyzetkomikummal, ak\u00e1r besz\u00e9lget\u00e9sekkel f\u0171szerezve seg\u00edt meg\u00e9rteni, megszeretni az opera m\u0171faj\u00e1t. \u00a0Figyelem, ebben az el\u0151ad\u00e1sban minden megengedett, m\u00e9g az is lehet, hogy a n\u00e9z\u0151 \u00e9nekesk\u00e9nt tal\u00e1lja mag\u00e1t a sz\u00ednpadon, vagy elemz\u0151 pszichol\u00f3gusok kez\u00e9be ker\u00fcl! <\/strong><\/p>\n<p><strong>FaReMiDo Operat\u00e1rsulat<\/strong><\/p>\n<p>Fodor Beatrix, Keszei Bori, Mester Vikt\u00f3ria, Szappanos Tibor, K\u00e1ldi Kiss Andr\u00e1s,<br \/>\nH\u00e1betler Andr\u00e1s<\/p>\n<p>Zongor\u00e1n k\u00f6zrem\u0171k\u00f6dik: K\u00f6teles G\u00e9za<\/p>\n<p>A koncertet az \u00d3budai T\u00e1rsask\u00f6r kertj\u00e9ben rendezik meg.<\/p>\n<p>(Rossz id\u0151 eset\u00e9n a koncert a nagyteremben lesz.)<\/p>\n","protected":false},"excerpt":{"rendered":"<p>\u00d6nismereti operakoncert a Figaro h\u00e1zass\u00e1ga, a Don Giovanni \u00e9s a Cosi fan tutte c. m\u0171veken kereszt\u00fcl<\/p>\n","protected":false},"author":7,"featured_media":3165,"comment_status":"open","ping_status":"closed","template":"","meta":[],"tags":[50,336,335,334,63],"tribe_events_cat":[],"yoast_head":"<!-- This site is optimized with the Yoast SEO plugin v17.5 - https:\/\/yoast.com\/wordpress\/plugins\/seo\/ -->\n<title>Mozart az eg\u00e9sz vil\u00e1g - \u00d3budai Ny\u00e1r 2022 | obuda.hu<\/title>\n<meta name=\"robots\" content=\"index, follow, max-snippet:-1, max-image-preview:large, max-video-preview:-1\" \/>\n<link rel=\"canonical\" href=\"https:\/\/www.obudainyar.hu\/2022\/esemeny\/mozart-az-egesz-vilag\/\" \/>\n<meta property=\"og:locale\" content=\"hu_HU\" \/>\n<meta property=\"og:type\" content=\"article\" \/>\n<meta property=\"og:title\" content=\"Mozart az eg\u00e9sz vil\u00e1g - \u00d3budai Ny\u00e1r 2022 | obuda.hu\" \/>\n<meta property=\"og:description\" content=\"\u00d6nismereti operakoncert a Figaro h\u00e1zass\u00e1ga, a Don Giovanni \u00e9s a Cosi fan tutte c. m\u0171veken kereszt\u00fcl\" \/>\n<meta property=\"og:url\" content=\"https:\/\/www.obudainyar.hu\/2022\/esemeny\/mozart-az-egesz-vilag\/\" \/>\n<meta property=\"og:site_name\" content=\"\u00d3budai Ny\u00e1r 2022 | obuda.hu\" \/>\n<meta property=\"article:modified_time\" content=\"2022-07-21T14:44:21+00:00\" \/>\n<meta property=\"og:image\" content=\"https:\/\/www.obudainyar.hu\/2022\/wp-content\/uploads\/2022\/05\/ONY_event_cover_1200x628-px_2-08.png\" \/>\n\t<meta property=\"og:image:width\" content=\"5001\" \/>\n\t<meta property=\"og:image:height\" content=\"2617\" \/>\n<meta name=\"twitter:card\" content=\"summary_large_image\" \/>\n<meta name=\"twitter:label1\" content=\"Becs\u00fclt olvas\u00e1si id\u0151\" \/>\n\t<meta name=\"twitter:data1\" content=\"1 perc\" \/>\n<script type=\"application\/ld+json\" class=\"yoast-schema-graph\">{\"@context\":\"https:\/\/schema.org\",\"@graph\":[{\"@type\":\"WebSite\",\"@id\":\"https:\/\/www.obudainyar.hu\/2022\/#website\",\"url\":\"https:\/\/www.obudainyar.hu\/2022\/\",\"name\":\"\\u00d3budai Ny\\u00e1r 2022 | obuda.hu\",\"description\":\"\",\"potentialAction\":[{\"@type\":\"SearchAction\",\"target\":{\"@type\":\"EntryPoint\",\"urlTemplate\":\"https:\/\/www.obudainyar.hu\/2022\/?s={search_term_string}\"},\"query-input\":\"required name=search_term_string\"}],\"inLanguage\":\"hu\"},{\"@type\":\"ImageObject\",\"@id\":\"https:\/\/www.obudainyar.hu\/2022\/esemeny\/mozart-az-egesz-vilag\/#primaryimage\",\"inLanguage\":\"hu\",\"url\":\"https:\/\/www.obudainyar.hu\/2022\/wp-content\/uploads\/2022\/05\/ONY_event_cover_1200x628-px_2-08.png\",\"contentUrl\":\"https:\/\/www.obudainyar.hu\/2022\/wp-content\/uploads\/2022\/05\/ONY_event_cover_1200x628-px_2-08.png\",\"width\":5001,\"height\":2617},{\"@type\":\"WebPage\",\"@id\":\"https:\/\/www.obudainyar.hu\/2022\/esemeny\/mozart-az-egesz-vilag\/#webpage\",\"url\":\"https:\/\/www.obudainyar.hu\/2022\/esemeny\/mozart-az-egesz-vilag\/\",\"name\":\"Mozart az eg\\u00e9sz vil\\u00e1g - \\u00d3budai Ny\\u00e1r 2022 | obuda.hu\",\"isPartOf\":{\"@id\":\"https:\/\/www.obudainyar.hu\/2022\/#website\"},\"primaryImageOfPage\":{\"@id\":\"https:\/\/www.obudainyar.hu\/2022\/esemeny\/mozart-az-egesz-vilag\/#primaryimage\"},\"datePublished\":\"2022-05-26T07:35:37+00:00\",\"dateModified\":\"2022-07-21T14:44:21+00:00\",\"breadcrumb\":{\"@id\":\"https:\/\/www.obudainyar.hu\/2022\/esemeny\/mozart-az-egesz-vilag\/#breadcrumb\"},\"inLanguage\":\"hu\",\"potentialAction\":[{\"@type\":\"ReadAction\",\"target\":[\"https:\/\/www.obudainyar.hu\/2022\/esemeny\/mozart-az-egesz-vilag\/\"]}]},{\"@type\":\"BreadcrumbList\",\"@id\":\"https:\/\/www.obudainyar.hu\/2022\/esemeny\/mozart-az-egesz-vilag\/#breadcrumb\",\"itemListElement\":[{\"@type\":\"ListItem\",\"position\":1,\"name\":\"Kezd\\u0151lap\",\"item\":\"https:\/\/www.obudainyar.hu\/2022\/\"},{\"@type\":\"ListItem\",\"position\":2,\"name\":\"Esem\\u00e9nyek\",\"item\":\"https:\/\/www.obudainyar.hu\/2022\/esemenyek\/\"},{\"@type\":\"ListItem\",\"position\":3,\"name\":\"Mozart az eg\\u00e9sz vil\\u00e1g\"}]}]}<\/script>\n<!-- \/ Yoast SEO plugin. -->","yoast_head_json":{"title":"Mozart az eg\u00e9sz vil\u00e1g - \u00d3budai Ny\u00e1r 2022 | obuda.hu","robots":{"index":"index","follow":"follow","max-snippet":"max-snippet:-1","max-image-preview":"max-image-preview:large","max-video-preview":"max-video-preview:-1"},"canonical":"https:\/\/www.obudainyar.hu\/2022\/esemeny\/mozart-az-egesz-vilag\/","og_locale":"hu_HU","og_type":"article","og_title":"Mozart az eg\u00e9sz vil\u00e1g - \u00d3budai Ny\u00e1r 2022 | obuda.hu","og_description":"\u00d6nismereti operakoncert a Figaro h\u00e1zass\u00e1ga, a Don Giovanni \u00e9s a Cosi fan tutte c. m\u0171veken kereszt\u00fcl","og_url":"https:\/\/www.obudainyar.hu\/2022\/esemeny\/mozart-az-egesz-vilag\/","og_site_name":"\u00d3budai Ny\u00e1r 2022 | obuda.hu","article_modified_time":"2022-07-21T14:44:21+00:00","og_image":[{"width":5001,"height":2617,"url":"https:\/\/www.obudainyar.hu\/2022\/wp-content\/uploads\/2022\/05\/ONY_event_cover_1200x628-px_2-08.png","type":"image\/png"}],"twitter_card":"summary_large_image","twitter_misc":{"Becs\u00fclt olvas\u00e1si id\u0151":"1 perc"},"schema":{"@context":"https:\/\/schema.org","@graph":[{"@type":"WebSite","@id":"https:\/\/www.obudainyar.hu\/2022\/#website","url":"https:\/\/www.obudainyar.hu\/2022\/","name":"\u00d3budai Ny\u00e1r 2022 | obuda.hu","description":"","potentialAction":[{"@type":"SearchAction","target":{"@type":"EntryPoint","urlTemplate":"https:\/\/www.obudainyar.hu\/2022\/?s={search_term_string}"},"query-input":"required name=search_term_string"}],"inLanguage":"hu"},{"@type":"ImageObject","@id":"https:\/\/www.obudainyar.hu\/2022\/esemeny\/mozart-az-egesz-vilag\/#primaryimage","inLanguage":"hu","url":"https:\/\/www.obudainyar.hu\/2022\/wp-content\/uploads\/2022\/05\/ONY_event_cover_1200x628-px_2-08.png","contentUrl":"https:\/\/www.obudainyar.hu\/2022\/wp-content\/uploads\/2022\/05\/ONY_event_cover_1200x628-px_2-08.png","width":5001,"height":2617},{"@type":"WebPage","@id":"https:\/\/www.obudainyar.hu\/2022\/esemeny\/mozart-az-egesz-vilag\/#webpage","url":"https:\/\/www.obudainyar.hu\/2022\/esemeny\/mozart-az-egesz-vilag\/","name":"Mozart az eg\u00e9sz vil\u00e1g - \u00d3budai Ny\u00e1r 2022 | obuda.hu","isPartOf":{"@id":"https:\/\/www.obudainyar.hu\/2022\/#website"},"primaryImageOfPage":{"@id":"https:\/\/www.obudainyar.hu\/2022\/esemeny\/mozart-az-egesz-vilag\/#primaryimage"},"datePublished":"2022-05-26T07:35:37+00:00","dateModified":"2022-07-21T14:44:21+00:00","breadcrumb":{"@id":"https:\/\/www.obudainyar.hu\/2022\/esemeny\/mozart-az-egesz-vilag\/#breadcrumb"},"inLanguage":"hu","potentialAction":[{"@type":"ReadAction","target":["https:\/\/www.obudainyar.hu\/2022\/esemeny\/mozart-az-egesz-vilag\/"]}]},{"@type":"BreadcrumbList","@id":"https:\/\/www.obudainyar.hu\/2022\/esemeny\/mozart-az-egesz-vilag\/#breadcrumb","itemListElement":[{"@type":"ListItem","position":1,"name":"Kezd\u0151lap","item":"https:\/\/www.obudainyar.hu\/2022\/"},{"@type":"ListItem","position":2,"name":"Esem\u00e9nyek","item":"https:\/\/www.obudainyar.hu\/2022\/esemenyek\/"},{"@type":"ListItem","position":3,"name":"Mozart az eg\u00e9sz vil\u00e1g"}]}]}},"_links":{"self":[{"href":"https:\/\/www.obudainyar.hu\/2022\/wp-json\/wp\/v2\/tribe_events\/2391"}],"collection":[{"href":"https:\/\/www.obudainyar.hu\/2022\/wp-json\/wp\/v2\/tribe_events"}],"about":[{"href":"https:\/\/www.obudainyar.hu\/2022\/wp-json\/wp\/v2\/types\/tribe_events"}],"author":[{"embeddable":true,"href":"https:\/\/www.obudainyar.hu\/2022\/wp-json\/wp\/v2\/users\/7"}],"replies":[{"embeddable":true,"href":"https:\/\/www.obudainyar.hu\/2022\/wp-json\/wp\/v2\/comments?post=2391"}],"version-history":[{"count":4,"href":"https:\/\/www.obudainyar.hu\/2022\/wp-json\/wp\/v2\/tribe_events\/2391\/revisions"}],"predecessor-version":[{"id":3100,"href":"https:\/\/www.obudainyar.hu\/2022\/wp-json\/wp\/v2\/tribe_events\/2391\/revisions\/3100"}],"wp:featuredmedia":[{"embeddable":true,"href":"https:\/\/www.obudainyar.hu\/2022\/wp-json\/wp\/v2\/media\/3165"}],"wp:attachment":[{"href":"https:\/\/www.obudainyar.hu\/2022\/wp-json\/wp\/v2\/media?parent=2391"}],"wp:term":[{"taxonomy":"post_tag","embeddable":true,"href":"https:\/\/www.obudainyar.hu\/2022\/wp-json\/wp\/v2\/tags?post=2391"},{"taxonomy":"tribe_events_cat","embeddable":true,"href":"https:\/\/www.obudainyar.hu\/2022\/wp-json\/wp\/v2\/tribe_events_cat?post=2391"}],"curies":[{"name":"wp","href":"https:\/\/api.w.org\/{rel}","templated":true}]}}

Mozart az egész világ

<p><strong>A Faremido társulat Hábetler András vezetésével mindig garancia a szórakoztató operaelőadásokra! A Kiskorona7-be az elmúlt években rendszeresen visszatérő csapat talán egy kicsit másképp nyúl a klasszikus darabokhoz, mint ahogy az megszokott: sok improvizációval, helyzetkomikummal, akár beszélgetésekkel fűszerezve segít megérteni, megszeretni az opera műfaját.  Figyelem, ebben az előadásban minden megengedett, még az is lehet, hogy a néző énekesként találja magát a színpadon, vagy elemző pszichológusok kezébe kerül! </strong></p>
<p><strong>FaReMiDo Operatársulat</strong></p>
<p>Fodor Beatrix, Keszei Bori, Mester Viktória, Szappanos Tibor, Káldi Kiss András,<br />
Hábetler András</p>
<p>Zongorán közreműködik: Köteles Géza</p>
<p>A koncertet az Óbudai Társaskör kertjében rendezik meg.</p>
<p>(Rossz idő esetén a koncert a nagyteremben lesz.)</p>

<p>Önismereti operakoncert a Figaro házassága, a Don Giovanni és a Cosi fan tutte c. műveken keresztül</p>

<!-- This site is optimized with the Yoast SEO plugin v17.5 - https://yoast.com/wordpress/plugins/seo/ -->
<title>Mozart az egész világ - Óbudai Nyár 2022 | obuda.hu</title>
<meta name="robots" content="index, follow, max-snippet:-1, max-image-preview:large, max-video-preview:-1" />
<link rel="canonical" href="https://www.obudainyar.hu/2022/esemeny/mozart-az-egesz-vilag/" />
<meta property="og:locale" content="hu_HU" />
<meta property="og:type" content="article" />
<meta property="og:title" content="Mozart az egész világ - Óbudai Nyár 2022 | obuda.hu" />
<meta property="og:description" content="Önismereti operakoncert a Figaro házassága, a Don Giovanni és a Cosi fan tutte c. műveken keresztül" />
<meta property="og:url" content="https://www.obudainyar.hu/2022/esemeny/mozart-az-egesz-vilag/" />
<meta property="og:site_name" content="Óbudai Nyár 2022 | obuda.hu" />
<meta property="article:modified_time" content="2022-07-21T14:44:21+00:00" />
<meta property="og:image" content="https://www.obudainyar.hu/2022/wp-content/uploads/2022/05/ONY_event_cover_1200x628-px_2-08.png" />
	<meta property="og:image:width" content="5001" />
	<meta property="og:image:height" content="2617" />
<meta name="twitter:card" content="summary_large_image" />
<meta name="twitter:label1" content="Becsült olvasási idő" />
	<meta name="twitter:data1" content="1 perc" />
<script type="application/ld+json" class="yoast-schema-graph">{"@context":"https://schema.org","@graph":[{"@type":"WebSite","@id":"https://www.obudainyar.hu/2022/#website","url":"https://www.obudainyar.hu/2022/","name":"\u00d3budai Ny\u00e1r 2022 | obuda.hu","description":"","potentialAction":[{"@type":"SearchAction","target":{"@type":"EntryPoint","urlTemplate":"https://www.obudainyar.hu/2022/?s={search_term_string}"},"query-input":"required name=search_term_string"}],"inLanguage":"hu"},{"@type":"ImageObject","@id":"https://www.obudainyar.hu/2022/esemeny/mozart-az-egesz-vilag/#primaryimage","inLanguage":"hu","url":"https://www.obudainyar.hu/2022/wp-content/uploads/2022/05/ONY_event_cover_1200x628-px_2-08.png","contentUrl":"https://www.obudainyar.hu/2022/wp-content/uploads/2022/05/ONY_event_cover_1200x628-px_2-08.png","width":5001,"height":2617},{"@type":"WebPage","@id":"https://www.obudainyar.hu/2022/esemeny/mozart-az-egesz-vilag/#webpage","url":"https://www.obudainyar.hu/2022/esemeny/mozart-az-egesz-vilag/","name":"Mozart az eg\u00e9sz vil\u00e1g - \u00d3budai Ny\u00e1r 2022 | obuda.hu","isPartOf":{"@id":"https://www.obudainyar.hu/2022/#website"},"primaryImageOfPage":{"@id":"https://www.obudainyar.hu/2022/esemeny/mozart-az-egesz-vilag/#primaryimage"},"datePublished":"2022-05-26T07:35:37+00:00","dateModified":"2022-07-21T14:44:21+00:00","breadcrumb":{"@id":"https://www.obudainyar.hu/2022/esemeny/mozart-az-egesz-vilag/#breadcrumb"},"inLanguage":"hu","potentialAction":[{"@type":"ReadAction","target":["https://www.obudainyar.hu/2022/esemeny/mozart-az-egesz-vilag/"]}]},{"@type":"BreadcrumbList","@id":"https://www.obudainyar.hu/2022/esemeny/mozart-az-egesz-vilag/#breadcrumb","itemListElement":[{"@type":"ListItem","position":1,"name":"Kezd\u0151lap","item":"https://www.obudainyar.hu/2022/"},{"@type":"ListItem","position":2,"name":"Esem\u00e9nyek","item":"https://www.obudainyar.hu/2022/esemenyek/"},{"@type":"ListItem","position":3,"name":"Mozart az eg\u00e9sz vil\u00e1g"}]}]}</script>
<!-- / Yoast SEO plugin. -->

Mozart az egész világ - Óbudai Nyár 2022 | obuda.hu

Önismereti operakoncert a Figaro házassága, a Don Giovanni és a Cosi fan tutte c. műveken keresztül

Óbudai Nyár 2022 | obuda.hu

Kezdőlap

Események
