{"id":2415,"date":"2022-06-15T13:55:38","date_gmt":"2022-06-15T11:55:38","guid":{"rendered":"https:\/\/www.obudainyar.hu\/2022\/?post_type=tribe_events&#038;p=2415"},"modified":"2022-07-19T17:41:13","modified_gmt":"2022-07-19T15:41:13","slug":"az-obudai-danubia-zenekar-koncertje","status":"publish","type":"tribe_events","link":"https:\/\/www.obudainyar.hu\/2022\/esemeny\/az-obudai-danubia-zenekar-koncertje\/","title":{"rendered":"Az \u00d3budai Danubia Zenekar koncertje"},"content":{"rendered":"<p><span style=\"font-weight: 400;\">\u00a0Mint \u00edrj\u00e1k: van az emberekben egy kis leszegett fejes sz\u00e9gyenkez\u00e9s, ha a magyar n\u00f3ta kifejez\u00e9st hallj\u00e1k. Mi\u00f3ta Bart\u00f3k tiszt\u00e1zta a k\u00fcl\u00f6nbs\u00e9get parasztzene \u00e9s v\u00e1rosi (cig\u00e1ny)zene k\u00f6z\u00f6tt, mintha le is tudn\u00e1nk annyival: n\u00e9pdal j\u00f3, n\u00f3ta rossz. Pedig micsoda kincs ez! \u00c9vsz\u00e1zadok \u00f6r\u00f6kl\u0151d\u0151 tud\u00e1sa, legend\u00e1s pr\u00edm\u00e1sgener\u00e1ci\u00f3k \u2013 van mire b\u00fcszk\u00e9nek lenn\u00fcnk.\u00a0<\/span><\/p>\n<p><span style=\"font-weight: 400;\">\u00c9s ez a m\u0171faj most \u00e9pp\u00fagy a kihal\u00e1s sz\u00e9l\u00e9n billeg, mint Bart\u00f3k\u00e9k idej\u00e9ben a parasztzene, a n\u00e9pdal. K\u00e1r lenne veszni hagyni. Ezen a koncerten egy\u00fctt vigadunk \u00e9s s\u00edrunk, f\u00f3kuszban k\u00f6z\u00f6s \u00f6r\u00f6ks\u00e9g\u00fcnk: a magyar n\u00f3ta.\u00a0<\/span><\/p>\n<p><b>Kod\u00e1ly Zolt\u00e1n:<\/b><span style=\"font-weight: 400;\"> Gal\u00e1ntai t\u00e1ncok<\/span><\/p>\n<p><b>Brahms: <\/b><span style=\"font-weight: 400;\">Magyar t\u00e1ncok, no. 4, 6, 1<\/span><\/p>\n<p><b>Ott Rezs\u0151:<\/b><span style=\"font-weight: 400;\"> Kivil\u00e1gos virradatig \u2013 szimfonikus magyarn\u00f3ta-csokori\u00a0<\/span><\/p>\n<p><span style=\"font-weight: 400;\">K\u00f6zrem\u0171k\u00f6dik: Id. S\u00e1rk\u00f6zy Lajos (heged\u0171) \u00e9s zenekara (S\u00e1rk\u00f6zy Rudolf \u2013 b\u0151g\u0151, Cs\u00edk Gyula \u2013 cimbalom), Peresztegi Attila \u2013 tenor<\/span><\/p>\n<p><span style=\"font-weight: 400;\">Vez\u00e9nyel: H\u00e1mori M\u00e1t\u00e9<\/span><\/p>\n","protected":false},"excerpt":{"rendered":"<p>Cig\u00e1nyzene? Magyar zene? \u2013 Tisztelg\u00e9s a magyar n\u00f3ta el\u0151tt c\u00edmmel tartja megnyit\u00f3koncertj\u00e9t a zenekar. <\/p>\n","protected":false},"author":7,"featured_media":3141,"comment_status":"open","ping_status":"closed","template":"","meta":[],"tags":[8,59,342,340,63],"tribe_events_cat":[338],"yoast_head":"<!-- This site is optimized with the Yoast SEO plugin v17.5 - https:\/\/yoast.com\/wordpress\/plugins\/seo\/ -->\n<title>Az \u00d3budai Danubia Zenekar koncertje - \u00d3budai Ny\u00e1r 2022 | obuda.hu<\/title>\n<meta name=\"robots\" content=\"index, follow, max-snippet:-1, max-image-preview:large, max-video-preview:-1\" \/>\n<link rel=\"canonical\" href=\"https:\/\/www.obudainyar.hu\/2022\/esemeny\/az-obudai-danubia-zenekar-koncertje\/\" \/>\n<meta property=\"og:locale\" content=\"hu_HU\" \/>\n<meta property=\"og:type\" content=\"article\" \/>\n<meta property=\"og:title\" content=\"Az \u00d3budai Danubia Zenekar koncertje - \u00d3budai Ny\u00e1r 2022 | obuda.hu\" \/>\n<meta property=\"og:description\" content=\"Cig\u00e1nyzene? Magyar zene? \u2013 Tisztelg\u00e9s a magyar n\u00f3ta el\u0151tt c\u00edmmel tartja megnyit\u00f3koncertj\u00e9t a zenekar.\" \/>\n<meta property=\"og:url\" content=\"https:\/\/www.obudainyar.hu\/2022\/esemeny\/az-obudai-danubia-zenekar-koncertje\/\" \/>\n<meta property=\"og:site_name\" content=\"\u00d3budai Ny\u00e1r 2022 | obuda.hu\" \/>\n<meta property=\"article:modified_time\" content=\"2022-07-19T15:41:13+00:00\" \/>\n<meta property=\"og:image\" content=\"https:\/\/www.obudainyar.hu\/2022\/wp-content\/uploads\/2022\/06\/ONY_event_cover_1200x628-px_3-08-1024x536.png\" \/>\n\t<meta property=\"og:image:width\" content=\"1024\" \/>\n\t<meta property=\"og:image:height\" content=\"536\" \/>\n<meta name=\"twitter:card\" content=\"summary_large_image\" \/>\n<meta name=\"twitter:label1\" content=\"Becs\u00fclt olvas\u00e1si id\u0151\" \/>\n\t<meta name=\"twitter:data1\" content=\"1 perc\" \/>\n<script type=\"application\/ld+json\" class=\"yoast-schema-graph\">{\"@context\":\"https:\/\/schema.org\",\"@graph\":[{\"@type\":\"WebSite\",\"@id\":\"https:\/\/www.obudainyar.hu\/2022\/#website\",\"url\":\"https:\/\/www.obudainyar.hu\/2022\/\",\"name\":\"\\u00d3budai Ny\\u00e1r 2022 | obuda.hu\",\"description\":\"\",\"potentialAction\":[{\"@type\":\"SearchAction\",\"target\":{\"@type\":\"EntryPoint\",\"urlTemplate\":\"https:\/\/www.obudainyar.hu\/2022\/?s={search_term_string}\"},\"query-input\":\"required name=search_term_string\"}],\"inLanguage\":\"hu\"},{\"@type\":\"ImageObject\",\"@id\":\"https:\/\/www.obudainyar.hu\/2022\/esemeny\/az-obudai-danubia-zenekar-koncertje\/#primaryimage\",\"inLanguage\":\"hu\",\"url\":\"https:\/\/www.obudainyar.hu\/2022\/wp-content\/uploads\/2022\/06\/ONY_event_cover_1200x628-px_3-08.png\",\"contentUrl\":\"https:\/\/www.obudainyar.hu\/2022\/wp-content\/uploads\/2022\/06\/ONY_event_cover_1200x628-px_3-08.png\",\"width\":5001,\"height\":2617},{\"@type\":\"WebPage\",\"@id\":\"https:\/\/www.obudainyar.hu\/2022\/esemeny\/az-obudai-danubia-zenekar-koncertje\/#webpage\",\"url\":\"https:\/\/www.obudainyar.hu\/2022\/esemeny\/az-obudai-danubia-zenekar-koncertje\/\",\"name\":\"Az \\u00d3budai Danubia Zenekar koncertje - \\u00d3budai Ny\\u00e1r 2022 | obuda.hu\",\"isPartOf\":{\"@id\":\"https:\/\/www.obudainyar.hu\/2022\/#website\"},\"primaryImageOfPage\":{\"@id\":\"https:\/\/www.obudainyar.hu\/2022\/esemeny\/az-obudai-danubia-zenekar-koncertje\/#primaryimage\"},\"datePublished\":\"2022-06-15T11:55:38+00:00\",\"dateModified\":\"2022-07-19T15:41:13+00:00\",\"breadcrumb\":{\"@id\":\"https:\/\/www.obudainyar.hu\/2022\/esemeny\/az-obudai-danubia-zenekar-koncertje\/#breadcrumb\"},\"inLanguage\":\"hu\",\"potentialAction\":[{\"@type\":\"ReadAction\",\"target\":[\"https:\/\/www.obudainyar.hu\/2022\/esemeny\/az-obudai-danubia-zenekar-koncertje\/\"]}]},{\"@type\":\"BreadcrumbList\",\"@id\":\"https:\/\/www.obudainyar.hu\/2022\/esemeny\/az-obudai-danubia-zenekar-koncertje\/#breadcrumb\",\"itemListElement\":[{\"@type\":\"ListItem\",\"position\":1,\"name\":\"Kezd\\u0151lap\",\"item\":\"https:\/\/www.obudainyar.hu\/2022\/\"},{\"@type\":\"ListItem\",\"position\":2,\"name\":\"Esem\\u00e9nyek\",\"item\":\"https:\/\/www.obudainyar.hu\/2022\/esemenyek\/\"},{\"@type\":\"ListItem\",\"position\":3,\"name\":\"Az \\u00d3budai Danubia Zenekar koncertje\"}]}]}<\/script>\n<!-- \/ Yoast SEO plugin. -->","yoast_head_json":{"title":"Az \u00d3budai Danubia Zenekar koncertje - \u00d3budai Ny\u00e1r 2022 | obuda.hu","robots":{"index":"index","follow":"follow","max-snippet":"max-snippet:-1","max-image-preview":"max-image-preview:large","max-video-preview":"max-video-preview:-1"},"canonical":"https:\/\/www.obudainyar.hu\/2022\/esemeny\/az-obudai-danubia-zenekar-koncertje\/","og_locale":"hu_HU","og_type":"article","og_title":"Az \u00d3budai Danubia Zenekar koncertje - \u00d3budai Ny\u00e1r 2022 | obuda.hu","og_description":"Cig\u00e1nyzene? Magyar zene? \u2013 Tisztelg\u00e9s a magyar n\u00f3ta el\u0151tt c\u00edmmel tartja megnyit\u00f3koncertj\u00e9t a zenekar.","og_url":"https:\/\/www.obudainyar.hu\/2022\/esemeny\/az-obudai-danubia-zenekar-koncertje\/","og_site_name":"\u00d3budai Ny\u00e1r 2022 | obuda.hu","article_modified_time":"2022-07-19T15:41:13+00:00","og_image":[{"width":1024,"height":536,"url":"https:\/\/www.obudainyar.hu\/2022\/wp-content\/uploads\/2022\/06\/ONY_event_cover_1200x628-px_3-08-1024x536.png","type":"image\/png"}],"twitter_card":"summary_large_image","twitter_misc":{"Becs\u00fclt olvas\u00e1si id\u0151":"1 perc"},"schema":{"@context":"https:\/\/schema.org","@graph":[{"@type":"WebSite","@id":"https:\/\/www.obudainyar.hu\/2022\/#website","url":"https:\/\/www.obudainyar.hu\/2022\/","name":"\u00d3budai Ny\u00e1r 2022 | obuda.hu","description":"","potentialAction":[{"@type":"SearchAction","target":{"@type":"EntryPoint","urlTemplate":"https:\/\/www.obudainyar.hu\/2022\/?s={search_term_string}"},"query-input":"required name=search_term_string"}],"inLanguage":"hu"},{"@type":"ImageObject","@id":"https:\/\/www.obudainyar.hu\/2022\/esemeny\/az-obudai-danubia-zenekar-koncertje\/#primaryimage","inLanguage":"hu","url":"https:\/\/www.obudainyar.hu\/2022\/wp-content\/uploads\/2022\/06\/ONY_event_cover_1200x628-px_3-08.png","contentUrl":"https:\/\/www.obudainyar.hu\/2022\/wp-content\/uploads\/2022\/06\/ONY_event_cover_1200x628-px_3-08.png","width":5001,"height":2617},{"@type":"WebPage","@id":"https:\/\/www.obudainyar.hu\/2022\/esemeny\/az-obudai-danubia-zenekar-koncertje\/#webpage","url":"https:\/\/www.obudainyar.hu\/2022\/esemeny\/az-obudai-danubia-zenekar-koncertje\/","name":"Az \u00d3budai Danubia Zenekar koncertje - \u00d3budai Ny\u00e1r 2022 | obuda.hu","isPartOf":{"@id":"https:\/\/www.obudainyar.hu\/2022\/#website"},"primaryImageOfPage":{"@id":"https:\/\/www.obudainyar.hu\/2022\/esemeny\/az-obudai-danubia-zenekar-koncertje\/#primaryimage"},"datePublished":"2022-06-15T11:55:38+00:00","dateModified":"2022-07-19T15:41:13+00:00","breadcrumb":{"@id":"https:\/\/www.obudainyar.hu\/2022\/esemeny\/az-obudai-danubia-zenekar-koncertje\/#breadcrumb"},"inLanguage":"hu","potentialAction":[{"@type":"ReadAction","target":["https:\/\/www.obudainyar.hu\/2022\/esemeny\/az-obudai-danubia-zenekar-koncertje\/"]}]},{"@type":"BreadcrumbList","@id":"https:\/\/www.obudainyar.hu\/2022\/esemeny\/az-obudai-danubia-zenekar-koncertje\/#breadcrumb","itemListElement":[{"@type":"ListItem","position":1,"name":"Kezd\u0151lap","item":"https:\/\/www.obudainyar.hu\/2022\/"},{"@type":"ListItem","position":2,"name":"Esem\u00e9nyek","item":"https:\/\/www.obudainyar.hu\/2022\/esemenyek\/"},{"@type":"ListItem","position":3,"name":"Az \u00d3budai Danubia Zenekar koncertje"}]}]}},"_links":{"self":[{"href":"https:\/\/www.obudainyar.hu\/2022\/wp-json\/wp\/v2\/tribe_events\/2415"}],"collection":[{"href":"https:\/\/www.obudainyar.hu\/2022\/wp-json\/wp\/v2\/tribe_events"}],"about":[{"href":"https:\/\/www.obudainyar.hu\/2022\/wp-json\/wp\/v2\/types\/tribe_events"}],"author":[{"embeddable":true,"href":"https:\/\/www.obudainyar.hu\/2022\/wp-json\/wp\/v2\/users\/7"}],"replies":[{"embeddable":true,"href":"https:\/\/www.obudainyar.hu\/2022\/wp-json\/wp\/v2\/comments?post=2415"}],"version-history":[{"count":1,"href":"https:\/\/www.obudainyar.hu\/2022\/wp-json\/wp\/v2\/tribe_events\/2415\/revisions"}],"predecessor-version":[{"id":2416,"href":"https:\/\/www.obudainyar.hu\/2022\/wp-json\/wp\/v2\/tribe_events\/2415\/revisions\/2416"}],"wp:featuredmedia":[{"embeddable":true,"href":"https:\/\/www.obudainyar.hu\/2022\/wp-json\/wp\/v2\/media\/3141"}],"wp:attachment":[{"href":"https:\/\/www.obudainyar.hu\/2022\/wp-json\/wp\/v2\/media?parent=2415"}],"wp:term":[{"taxonomy":"post_tag","embeddable":true,"href":"https:\/\/www.obudainyar.hu\/2022\/wp-json\/wp\/v2\/tags?post=2415"},{"taxonomy":"tribe_events_cat","embeddable":true,"href":"https:\/\/www.obudainyar.hu\/2022\/wp-json\/wp\/v2\/tribe_events_cat?post=2415"}],"curies":[{"name":"wp","href":"https:\/\/api.w.org\/{rel}","templated":true}]}}

Az Óbudai Danubia Zenekar koncertje

<p><span style="font-weight: 400;"> Mint írják: van az emberekben egy kis leszegett fejes szégyenkezés, ha a magyar nóta kifejezést hallják. Mióta Bartók tisztázta a különbséget parasztzene és városi (cigány)zene között, mintha le is tudnánk annyival: népdal jó, nóta rossz. Pedig micsoda kincs ez! Évszázadok öröklődő tudása, legendás prímásgenerációk – van mire büszkének lennünk. </span></p>
<p><span style="font-weight: 400;">És ez a műfaj most éppúgy a kihalás szélén billeg, mint Bartókék idejében a parasztzene, a népdal. Kár lenne veszni hagyni. Ezen a koncerten együtt vigadunk és sírunk, fókuszban közös örökségünk: a magyar nóta. </span></p>
<p><b>Kodály Zoltán:</b><span style="font-weight: 400;"> Galántai táncok</span></p>
<p><b>Brahms: </b><span style="font-weight: 400;">Magyar táncok, no. 4, 6, 1</span></p>
<p><b>Ott Rezső:</b><span style="font-weight: 400;"> Kivilágos virradatig – szimfonikus magyarnóta-csokori </span></p>
<p><span style="font-weight: 400;">Közreműködik: Id. Sárközy Lajos (hegedű) és zenekara (Sárközy Rudolf – bőgő, Csík Gyula – cimbalom), Peresztegi Attila – tenor</span></p>
<p><span style="font-weight: 400;">Vezényel: Hámori Máté</span></p>

<p>Cigányzene? Magyar zene? – Tisztelgés a magyar nóta előtt címmel tartja megnyitókoncertjét a zenekar. </p>

<!-- This site is optimized with the Yoast SEO plugin v17.5 - https://yoast.com/wordpress/plugins/seo/ -->
<title>Az Óbudai Danubia Zenekar koncertje - Óbudai Nyár 2022 | obuda.hu</title>
<meta name="robots" content="index, follow, max-snippet:-1, max-image-preview:large, max-video-preview:-1" />
<link rel="canonical" href="https://www.obudainyar.hu/2022/esemeny/az-obudai-danubia-zenekar-koncertje/" />
<meta property="og:locale" content="hu_HU" />
<meta property="og:type" content="article" />
<meta property="og:title" content="Az Óbudai Danubia Zenekar koncertje - Óbudai Nyár 2022 | obuda.hu" />
<meta property="og:description" content="Cigányzene? Magyar zene? – Tisztelgés a magyar nóta előtt címmel tartja megnyitókoncertjét a zenekar." />
<meta property="og:url" content="https://www.obudainyar.hu/2022/esemeny/az-obudai-danubia-zenekar-koncertje/" />
<meta property="og:site_name" content="Óbudai Nyár 2022 | obuda.hu" />
<meta property="article:modified_time" content="2022-07-19T15:41:13+00:00" />
<meta property="og:image" content="https://www.obudainyar.hu/2022/wp-content/uploads/2022/06/ONY_event_cover_1200x628-px_3-08-1024x536.png" />
	<meta property="og:image:width" content="1024" />
	<meta property="og:image:height" content="536" />
<meta name="twitter:card" content="summary_large_image" />
<meta name="twitter:label1" content="Becsült olvasási idő" />
	<meta name="twitter:data1" content="1 perc" />
<script type="application/ld+json" class="yoast-schema-graph">{"@context":"https://schema.org","@graph":[{"@type":"WebSite","@id":"https://www.obudainyar.hu/2022/#website","url":"https://www.obudainyar.hu/2022/","name":"\u00d3budai Ny\u00e1r 2022 | obuda.hu","description":"","potentialAction":[{"@type":"SearchAction","target":{"@type":"EntryPoint","urlTemplate":"https://www.obudainyar.hu/2022/?s={search_term_string}"},"query-input":"required name=search_term_string"}],"inLanguage":"hu"},{"@type":"ImageObject","@id":"https://www.obudainyar.hu/2022/esemeny/az-obudai-danubia-zenekar-koncertje/#primaryimage","inLanguage":"hu","url":"https://www.obudainyar.hu/2022/wp-content/uploads/2022/06/ONY_event_cover_1200x628-px_3-08.png","contentUrl":"https://www.obudainyar.hu/2022/wp-content/uploads/2022/06/ONY_event_cover_1200x628-px_3-08.png","width":5001,"height":2617},{"@type":"WebPage","@id":"https://www.obudainyar.hu/2022/esemeny/az-obudai-danubia-zenekar-koncertje/#webpage","url":"https://www.obudainyar.hu/2022/esemeny/az-obudai-danubia-zenekar-koncertje/","name":"Az \u00d3budai Danubia Zenekar koncertje - \u00d3budai Ny\u00e1r 2022 | obuda.hu","isPartOf":{"@id":"https://www.obudainyar.hu/2022/#website"},"primaryImageOfPage":{"@id":"https://www.obudainyar.hu/2022/esemeny/az-obudai-danubia-zenekar-koncertje/#primaryimage"},"datePublished":"2022-06-15T11:55:38+00:00","dateModified":"2022-07-19T15:41:13+00:00","breadcrumb":{"@id":"https://www.obudainyar.hu/2022/esemeny/az-obudai-danubia-zenekar-koncertje/#breadcrumb"},"inLanguage":"hu","potentialAction":[{"@type":"ReadAction","target":["https://www.obudainyar.hu/2022/esemeny/az-obudai-danubia-zenekar-koncertje/"]}]},{"@type":"BreadcrumbList","@id":"https://www.obudainyar.hu/2022/esemeny/az-obudai-danubia-zenekar-koncertje/#breadcrumb","itemListElement":[{"@type":"ListItem","position":1,"name":"Kezd\u0151lap","item":"https://www.obudainyar.hu/2022/"},{"@type":"ListItem","position":2,"name":"Esem\u00e9nyek","item":"https://www.obudainyar.hu/2022/esemenyek/"},{"@type":"ListItem","position":3,"name":"Az \u00d3budai Danubia Zenekar koncertje"}]}]}</script>
<!-- / Yoast SEO plugin. -->

Az Óbudai Danubia Zenekar koncertje - Óbudai Nyár 2022 | obuda.hu

Cigányzene? Magyar zene? – Tisztelgés a magyar nóta előtt címmel tartja megnyitókoncertjét a zenekar.

Óbudai Nyár 2022 | obuda.hu

Kezdőlap

Események
