{"id":2417,"date":"2022-06-15T14:06:30","date_gmt":"2022-06-15T12:06:30","guid":{"rendered":"https:\/\/www.obudainyar.hu\/2022\/?post_type=tribe_events&#038;p=2417"},"modified":"2022-07-19T18:38:28","modified_gmt":"2022-07-19T16:38:28","slug":"piknik-mozi-mamma-mia","status":"publish","type":"tribe_events","link":"https:\/\/www.obudainyar.hu\/2022\/esemeny\/piknik-mozi-mamma-mia\/","title":{"rendered":"Piknik Mozi &#8211; Mamma Mia!"},"content":{"rendered":"<p><span style=\"font-weight: 400;\">A leghangulatosabb ny\u00e1reste receptje? A szeretteink, a bar\u00e1taink t\u00e1rsas\u00e1ga, egy k\u00e9nyelmes pl\u00e9d, finom \u00e9telek \u00e9s italok a t\u00e1sk\u00e1nkb\u00f3l, remek filmek. \u00c9s persze a csillagos \u00e9g.<\/span><\/p>\n<p><span style=\"font-weight: 400;\">\u00c9rkez\u00e9s: 18:00 \u00f3r\u00e1t\u00f3l<\/span><\/p>\n<p><span style=\"font-weight: 400;\">Filmkezd\u00e9s: 20:30<\/span><\/p>\n<p><i><span style=\"font-weight: 400;\">Es\u0151nap: j\u00fanius 29.<\/span><\/i><\/p>\n","protected":false},"excerpt":{"rendered":"<p>Piknik Mozi eg\u00e9sz ny\u00e1ron \u2013 El\u0151sz\u00f6r \u00d3buda-B\u00e9k\u00e1smegyeren!<\/p>\n","protected":false},"author":7,"featured_media":3152,"comment_status":"open","ping_status":"closed","template":"","meta":[],"tags":[343,8,29,340,344],"tribe_events_cat":[338],"yoast_head":"<!-- This site is optimized with the Yoast SEO plugin v17.5 - https:\/\/yoast.com\/wordpress\/plugins\/seo\/ -->\n<title>Piknik Mozi - Mamma Mia! - \u00d3budai Ny\u00e1r 2022 | obuda.hu<\/title>\n<meta name=\"robots\" content=\"index, follow, max-snippet:-1, max-image-preview:large, max-video-preview:-1\" \/>\n<link rel=\"canonical\" href=\"https:\/\/www.obudainyar.hu\/2022\/esemeny\/piknik-mozi-mamma-mia\/\" \/>\n<meta property=\"og:locale\" content=\"hu_HU\" \/>\n<meta property=\"og:type\" content=\"article\" \/>\n<meta property=\"og:title\" content=\"Piknik Mozi - Mamma Mia! - \u00d3budai Ny\u00e1r 2022 | obuda.hu\" \/>\n<meta property=\"og:description\" content=\"Piknik Mozi eg\u00e9sz ny\u00e1ron \u2013 El\u0151sz\u00f6r \u00d3buda-B\u00e9k\u00e1smegyeren!\" \/>\n<meta property=\"og:url\" content=\"https:\/\/www.obudainyar.hu\/2022\/esemeny\/piknik-mozi-mamma-mia\/\" \/>\n<meta property=\"og:site_name\" content=\"\u00d3budai Ny\u00e1r 2022 | obuda.hu\" \/>\n<meta property=\"article:modified_time\" content=\"2022-07-19T16:38:28+00:00\" \/>\n<meta property=\"og:image\" content=\"https:\/\/www.obudainyar.hu\/2022\/wp-content\/uploads\/2022\/06\/ONY_event_cover_1200x628-px_4-06.png\" \/>\n\t<meta property=\"og:image:width\" content=\"5001\" \/>\n\t<meta property=\"og:image:height\" content=\"2617\" \/>\n<meta name=\"twitter:card\" content=\"summary_large_image\" \/>\n<meta name=\"twitter:label1\" content=\"Becs\u00fclt olvas\u00e1si id\u0151\" \/>\n\t<meta name=\"twitter:data1\" content=\"1 perc\" \/>\n<script type=\"application\/ld+json\" class=\"yoast-schema-graph\">{\"@context\":\"https:\/\/schema.org\",\"@graph\":[{\"@type\":\"WebSite\",\"@id\":\"https:\/\/www.obudainyar.hu\/2022\/#website\",\"url\":\"https:\/\/www.obudainyar.hu\/2022\/\",\"name\":\"\\u00d3budai Ny\\u00e1r 2022 | obuda.hu\",\"description\":\"\",\"potentialAction\":[{\"@type\":\"SearchAction\",\"target\":{\"@type\":\"EntryPoint\",\"urlTemplate\":\"https:\/\/www.obudainyar.hu\/2022\/?s={search_term_string}\"},\"query-input\":\"required name=search_term_string\"}],\"inLanguage\":\"hu\"},{\"@type\":\"ImageObject\",\"@id\":\"https:\/\/www.obudainyar.hu\/2022\/esemeny\/piknik-mozi-mamma-mia\/#primaryimage\",\"inLanguage\":\"hu\",\"url\":\"https:\/\/www.obudainyar.hu\/2022\/wp-content\/uploads\/2022\/06\/ONY_event_cover_1200x628-px_4-06.png\",\"contentUrl\":\"https:\/\/www.obudainyar.hu\/2022\/wp-content\/uploads\/2022\/06\/ONY_event_cover_1200x628-px_4-06.png\",\"width\":5001,\"height\":2617},{\"@type\":\"WebPage\",\"@id\":\"https:\/\/www.obudainyar.hu\/2022\/esemeny\/piknik-mozi-mamma-mia\/#webpage\",\"url\":\"https:\/\/www.obudainyar.hu\/2022\/esemeny\/piknik-mozi-mamma-mia\/\",\"name\":\"Piknik Mozi - Mamma Mia! - \\u00d3budai Ny\\u00e1r 2022 | obuda.hu\",\"isPartOf\":{\"@id\":\"https:\/\/www.obudainyar.hu\/2022\/#website\"},\"primaryImageOfPage\":{\"@id\":\"https:\/\/www.obudainyar.hu\/2022\/esemeny\/piknik-mozi-mamma-mia\/#primaryimage\"},\"datePublished\":\"2022-06-15T12:06:30+00:00\",\"dateModified\":\"2022-07-19T16:38:28+00:00\",\"breadcrumb\":{\"@id\":\"https:\/\/www.obudainyar.hu\/2022\/esemeny\/piknik-mozi-mamma-mia\/#breadcrumb\"},\"inLanguage\":\"hu\",\"potentialAction\":[{\"@type\":\"ReadAction\",\"target\":[\"https:\/\/www.obudainyar.hu\/2022\/esemeny\/piknik-mozi-mamma-mia\/\"]}]},{\"@type\":\"BreadcrumbList\",\"@id\":\"https:\/\/www.obudainyar.hu\/2022\/esemeny\/piknik-mozi-mamma-mia\/#breadcrumb\",\"itemListElement\":[{\"@type\":\"ListItem\",\"position\":1,\"name\":\"Kezd\\u0151lap\",\"item\":\"https:\/\/www.obudainyar.hu\/2022\/\"},{\"@type\":\"ListItem\",\"position\":2,\"name\":\"Esem\\u00e9nyek\",\"item\":\"https:\/\/www.obudainyar.hu\/2022\/esemenyek\/\"},{\"@type\":\"ListItem\",\"position\":3,\"name\":\"Piknik Mozi &#8211; Mamma Mia!\"}]}]}<\/script>\n<!-- \/ Yoast SEO plugin. -->","yoast_head_json":{"title":"Piknik Mozi - Mamma Mia! - \u00d3budai Ny\u00e1r 2022 | obuda.hu","robots":{"index":"index","follow":"follow","max-snippet":"max-snippet:-1","max-image-preview":"max-image-preview:large","max-video-preview":"max-video-preview:-1"},"canonical":"https:\/\/www.obudainyar.hu\/2022\/esemeny\/piknik-mozi-mamma-mia\/","og_locale":"hu_HU","og_type":"article","og_title":"Piknik Mozi - Mamma Mia! - \u00d3budai Ny\u00e1r 2022 | obuda.hu","og_description":"Piknik Mozi eg\u00e9sz ny\u00e1ron \u2013 El\u0151sz\u00f6r \u00d3buda-B\u00e9k\u00e1smegyeren!","og_url":"https:\/\/www.obudainyar.hu\/2022\/esemeny\/piknik-mozi-mamma-mia\/","og_site_name":"\u00d3budai Ny\u00e1r 2022 | obuda.hu","article_modified_time":"2022-07-19T16:38:28+00:00","og_image":[{"width":5001,"height":2617,"url":"https:\/\/www.obudainyar.hu\/2022\/wp-content\/uploads\/2022\/06\/ONY_event_cover_1200x628-px_4-06.png","type":"image\/png"}],"twitter_card":"summary_large_image","twitter_misc":{"Becs\u00fclt olvas\u00e1si id\u0151":"1 perc"},"schema":{"@context":"https:\/\/schema.org","@graph":[{"@type":"WebSite","@id":"https:\/\/www.obudainyar.hu\/2022\/#website","url":"https:\/\/www.obudainyar.hu\/2022\/","name":"\u00d3budai Ny\u00e1r 2022 | obuda.hu","description":"","potentialAction":[{"@type":"SearchAction","target":{"@type":"EntryPoint","urlTemplate":"https:\/\/www.obudainyar.hu\/2022\/?s={search_term_string}"},"query-input":"required name=search_term_string"}],"inLanguage":"hu"},{"@type":"ImageObject","@id":"https:\/\/www.obudainyar.hu\/2022\/esemeny\/piknik-mozi-mamma-mia\/#primaryimage","inLanguage":"hu","url":"https:\/\/www.obudainyar.hu\/2022\/wp-content\/uploads\/2022\/06\/ONY_event_cover_1200x628-px_4-06.png","contentUrl":"https:\/\/www.obudainyar.hu\/2022\/wp-content\/uploads\/2022\/06\/ONY_event_cover_1200x628-px_4-06.png","width":5001,"height":2617},{"@type":"WebPage","@id":"https:\/\/www.obudainyar.hu\/2022\/esemeny\/piknik-mozi-mamma-mia\/#webpage","url":"https:\/\/www.obudainyar.hu\/2022\/esemeny\/piknik-mozi-mamma-mia\/","name":"Piknik Mozi - Mamma Mia! - \u00d3budai Ny\u00e1r 2022 | obuda.hu","isPartOf":{"@id":"https:\/\/www.obudainyar.hu\/2022\/#website"},"primaryImageOfPage":{"@id":"https:\/\/www.obudainyar.hu\/2022\/esemeny\/piknik-mozi-mamma-mia\/#primaryimage"},"datePublished":"2022-06-15T12:06:30+00:00","dateModified":"2022-07-19T16:38:28+00:00","breadcrumb":{"@id":"https:\/\/www.obudainyar.hu\/2022\/esemeny\/piknik-mozi-mamma-mia\/#breadcrumb"},"inLanguage":"hu","potentialAction":[{"@type":"ReadAction","target":["https:\/\/www.obudainyar.hu\/2022\/esemeny\/piknik-mozi-mamma-mia\/"]}]},{"@type":"BreadcrumbList","@id":"https:\/\/www.obudainyar.hu\/2022\/esemeny\/piknik-mozi-mamma-mia\/#breadcrumb","itemListElement":[{"@type":"ListItem","position":1,"name":"Kezd\u0151lap","item":"https:\/\/www.obudainyar.hu\/2022\/"},{"@type":"ListItem","position":2,"name":"Esem\u00e9nyek","item":"https:\/\/www.obudainyar.hu\/2022\/esemenyek\/"},{"@type":"ListItem","position":3,"name":"Piknik Mozi &#8211; Mamma Mia!"}]}]}},"_links":{"self":[{"href":"https:\/\/www.obudainyar.hu\/2022\/wp-json\/wp\/v2\/tribe_events\/2417"}],"collection":[{"href":"https:\/\/www.obudainyar.hu\/2022\/wp-json\/wp\/v2\/tribe_events"}],"about":[{"href":"https:\/\/www.obudainyar.hu\/2022\/wp-json\/wp\/v2\/types\/tribe_events"}],"author":[{"embeddable":true,"href":"https:\/\/www.obudainyar.hu\/2022\/wp-json\/wp\/v2\/users\/7"}],"replies":[{"embeddable":true,"href":"https:\/\/www.obudainyar.hu\/2022\/wp-json\/wp\/v2\/comments?post=2417"}],"version-history":[{"count":1,"href":"https:\/\/www.obudainyar.hu\/2022\/wp-json\/wp\/v2\/tribe_events\/2417\/revisions"}],"predecessor-version":[{"id":2418,"href":"https:\/\/www.obudainyar.hu\/2022\/wp-json\/wp\/v2\/tribe_events\/2417\/revisions\/2418"}],"wp:featuredmedia":[{"embeddable":true,"href":"https:\/\/www.obudainyar.hu\/2022\/wp-json\/wp\/v2\/media\/3152"}],"wp:attachment":[{"href":"https:\/\/www.obudainyar.hu\/2022\/wp-json\/wp\/v2\/media?parent=2417"}],"wp:term":[{"taxonomy":"post_tag","embeddable":true,"href":"https:\/\/www.obudainyar.hu\/2022\/wp-json\/wp\/v2\/tags?post=2417"},{"taxonomy":"tribe_events_cat","embeddable":true,"href":"https:\/\/www.obudainyar.hu\/2022\/wp-json\/wp\/v2\/tribe_events_cat?post=2417"}],"curies":[{"name":"wp","href":"https:\/\/api.w.org\/{rel}","templated":true}]}}

<p><span style="font-weight: 400;">A leghangulatosabb nyáreste receptje? A szeretteink, a barátaink társasága, egy kényelmes pléd, finom ételek és italok a táskánkból, remek filmek. És persze a csillagos ég.</span></p>
<p><span style="font-weight: 400;">Érkezés: 18:00 órától</span></p>
<p><span style="font-weight: 400;">Filmkezdés: 20:30</span></p>
<p><i><span style="font-weight: 400;">Esőnap: június 29.</span></i></p>

<p>Piknik Mozi egész nyáron – Először Óbuda-Békásmegyeren!</p>

<!-- This site is optimized with the Yoast SEO plugin v17.5 - https://yoast.com/wordpress/plugins/seo/ -->
<title>Piknik Mozi - Mamma Mia! - Óbudai Nyár 2022 | obuda.hu</title>
<meta name="robots" content="index, follow, max-snippet:-1, max-image-preview:large, max-video-preview:-1" />
<link rel="canonical" href="https://www.obudainyar.hu/2022/esemeny/piknik-mozi-mamma-mia/" />
<meta property="og:locale" content="hu_HU" />
<meta property="og:type" content="article" />
<meta property="og:title" content="Piknik Mozi - Mamma Mia! - Óbudai Nyár 2022 | obuda.hu" />
<meta property="og:description" content="Piknik Mozi egész nyáron – Először Óbuda-Békásmegyeren!" />
<meta property="og:url" content="https://www.obudainyar.hu/2022/esemeny/piknik-mozi-mamma-mia/" />
<meta property="og:site_name" content="Óbudai Nyár 2022 | obuda.hu" />
<meta property="article:modified_time" content="2022-07-19T16:38:28+00:00" />
<meta property="og:image" content="https://www.obudainyar.hu/2022/wp-content/uploads/2022/06/ONY_event_cover_1200x628-px_4-06.png" />
	<meta property="og:image:width" content="5001" />
	<meta property="og:image:height" content="2617" />
<meta name="twitter:card" content="summary_large_image" />
<meta name="twitter:label1" content="Becsült olvasási idő" />
	<meta name="twitter:data1" content="1 perc" />
<script type="application/ld+json" class="yoast-schema-graph">{"@context":"https://schema.org","@graph":[{"@type":"WebSite","@id":"https://www.obudainyar.hu/2022/#website","url":"https://www.obudainyar.hu/2022/","name":"\u00d3budai Ny\u00e1r 2022 | obuda.hu","description":"","potentialAction":[{"@type":"SearchAction","target":{"@type":"EntryPoint","urlTemplate":"https://www.obudainyar.hu/2022/?s={search_term_string}"},"query-input":"required name=search_term_string"}],"inLanguage":"hu"},{"@type":"ImageObject","@id":"https://www.obudainyar.hu/2022/esemeny/piknik-mozi-mamma-mia/#primaryimage","inLanguage":"hu","url":"https://www.obudainyar.hu/2022/wp-content/uploads/2022/06/ONY_event_cover_1200x628-px_4-06.png","contentUrl":"https://www.obudainyar.hu/2022/wp-content/uploads/2022/06/ONY_event_cover_1200x628-px_4-06.png","width":5001,"height":2617},{"@type":"WebPage","@id":"https://www.obudainyar.hu/2022/esemeny/piknik-mozi-mamma-mia/#webpage","url":"https://www.obudainyar.hu/2022/esemeny/piknik-mozi-mamma-mia/","name":"Piknik Mozi - Mamma Mia! - \u00d3budai Ny\u00e1r 2022 | obuda.hu","isPartOf":{"@id":"https://www.obudainyar.hu/2022/#website"},"primaryImageOfPage":{"@id":"https://www.obudainyar.hu/2022/esemeny/piknik-mozi-mamma-mia/#primaryimage"},"datePublished":"2022-06-15T12:06:30+00:00","dateModified":"2022-07-19T16:38:28+00:00","breadcrumb":{"@id":"https://www.obudainyar.hu/2022/esemeny/piknik-mozi-mamma-mia/#breadcrumb"},"inLanguage":"hu","potentialAction":[{"@type":"ReadAction","target":["https://www.obudainyar.hu/2022/esemeny/piknik-mozi-mamma-mia/"]}]},{"@type":"BreadcrumbList","@id":"https://www.obudainyar.hu/2022/esemeny/piknik-mozi-mamma-mia/#breadcrumb","itemListElement":[{"@type":"ListItem","position":1,"name":"Kezd\u0151lap","item":"https://www.obudainyar.hu/2022/"},{"@type":"ListItem","position":2,"name":"Esem\u00e9nyek","item":"https://www.obudainyar.hu/2022/esemenyek/"},{"@type":"ListItem","position":3,"name":"Piknik Mozi &#8211; Mamma Mia!"}]}]}</script>
<!-- / Yoast SEO plugin. -->

Piknik Mozi - Mamma Mia! - Óbudai Nyár 2022 | obuda.hu

Piknik Mozi egész nyáron – Először Óbuda-Békásmegyeren!

Óbudai Nyár 2022 | obuda.hu

Kezdőlap

Események
