{"id":2445,"date":"2022-06-15T15:41:42","date_gmt":"2022-06-15T13:41:42","guid":{"rendered":"https:\/\/www.obudainyar.hu\/2022\/?post_type=tribe_events&#038;p=2445"},"modified":"2022-07-19T18:31:00","modified_gmt":"2022-07-19T16:31:00","slug":"horvath-tamas","status":"publish","type":"tribe_events","link":"https:\/\/www.obudainyar.hu\/2022\/esemeny\/horvath-tamas\/","title":{"rendered":"Horv\u00e1th Tam\u00e1s koncert"},"content":{"rendered":"<p><b><i>&#8222;Mikor hallgattam egy dalt, nem csak a dallamra \u00f6sszpontos\u00edtottam.<\/i><\/b><\/p>\n<p><b><i>R\u00e1j\u00f6ttem, hogy eg\u00e9szen m\u00e1s dolgokat is figyelek:<\/i><\/b><\/p>\n<p><b><i>Folyton azon gondolkoztam, hogyan k\u00e9sz\u00fclhetnek el ezek a dalok.<\/i><\/b><b><i><br \/>\n<\/i><\/b><b><i>Milyen hangszereket hallok \u00e9ppen, hogyan r\u00f6gz\u00edtett\u00e9k, stb\u2026 Tudtam, hogy nem csak \u00e9nekes szeretn\u00e9k lenni.<\/i><\/b><\/p>\n<p><b><i>Nem akartam, hogy olyan dallal \u00e1lljak ki a sz\u00ednpadra ami nem bel\u0151lem fakad.<\/i><\/b><\/p>\n<p><b><i>Mikor megsz\u00fcletett az els\u0151 saj\u00e1t dalom, eld\u00f6nt\u00f6ttem, hogy csak ezzel szeretn\u00e9k \u00e9letem h\u00e1tral\u00e9v\u0151 r\u00e9sz\u00e9ben foglalkozni.<\/i><\/b><\/p>\n<p><b><i>16 \u00e9vesen elindultam a TV2 Megaszt\u00e1r negyedik sz\u00e9ri\u00e1j\u00e1ban, ahol az \u00e9l\u0151 ad\u00e1sba m\u00e1r nem ker\u00fcltem be. 2009-ben az RTL Klub Csillag Sz\u00fcletik c\u00edm\u0171 tehets\u00e9gkutat\u00f3 m\u0171sorban a harmadik k\u00f6z\u00e9pd\u00f6nt\u0151ig<\/i><\/b><b><i><br \/>\n<\/i><\/b><b><i>jutottam, a m\u0171sor 7. helyezettje lettem.<\/i><\/b><\/p>\n<p><b><i>2013-t\u00f3l elkezdtem \u00e9p\u00edteni sz\u00f3l\u00f3 karrieremet. 2017-ben zenekart alap\u00edtottam \u00e9s elindult a\u201eHorv\u00e1th Tam\u00e1s live\u201d. Egyed\u00fcl megyek tov\u00e1bb c\u00edmmel 2017 j\u00fanius\u00e1ban jelent meg sz\u00f3l\u00f3lemezem. Ugyanebben<\/i><\/b><b><i><br \/>\n<\/i><\/b><b><i>az \u00e9vben megnyertem a TV2 Szt\u00e1rban Szt\u00e1r \u00f6t\u00f6dik \u00e9vad\u00e1t. Meggyfa c\u00edm\u0171 dalom beker\u00fclt az Eurov\u00edzi\u00f3s Dalfesztiv\u00e1l hazai d\u00f6nt\u0151j\u00e9be, a Dal 2018 c\u00edm\u0171 m\u0171sorba.<\/i><\/b><b><i><br \/>\n<\/i><\/b><b><i><br \/>\n<\/i><\/b><b><i>A Budapest Parkban 2019-ben dupla telth\u00e1zas koncertet adtunk a zenekarral, most k\u00e9sz\u00fcl\u00fcnk a hetedik parkos nagykoncertre .\u201d<\/i><\/b><\/p>\n","protected":false},"excerpt":{"rendered":"<p>,,8 \u00e9ves koromban tal\u00e1ltam meg a hangszeremet, a git\u00e1rt.<br \/>\nM\u00e1r akkor tudtam, hogy a zene a l\u00e9telemem.&#8221;<\/p>\n","protected":false},"author":7,"featured_media":3150,"comment_status":"open","ping_status":"closed","template":"","meta":[],"tags":[348,8,59,340,63],"tribe_events_cat":[338],"yoast_head":"<!-- This site is optimized with the Yoast SEO plugin v17.5 - https:\/\/yoast.com\/wordpress\/plugins\/seo\/ -->\n<title>Horv\u00e1th Tam\u00e1s koncert - \u00d3budai Ny\u00e1r 2022 | obuda.hu<\/title>\n<meta name=\"robots\" content=\"index, follow, max-snippet:-1, max-image-preview:large, max-video-preview:-1\" \/>\n<link rel=\"canonical\" href=\"https:\/\/www.obudainyar.hu\/2022\/esemeny\/horvath-tamas\/\" \/>\n<meta property=\"og:locale\" content=\"hu_HU\" \/>\n<meta property=\"og:type\" content=\"article\" \/>\n<meta property=\"og:title\" content=\"Horv\u00e1th Tam\u00e1s koncert - \u00d3budai Ny\u00e1r 2022 | obuda.hu\" \/>\n<meta property=\"og:description\" content=\",,8 \u00e9ves koromban tal\u00e1ltam meg a hangszeremet, a git\u00e1rt. M\u00e1r akkor tudtam, hogy a zene a l\u00e9telemem.&quot;\" \/>\n<meta property=\"og:url\" content=\"https:\/\/www.obudainyar.hu\/2022\/esemeny\/horvath-tamas\/\" \/>\n<meta property=\"og:site_name\" content=\"\u00d3budai Ny\u00e1r 2022 | obuda.hu\" \/>\n<meta property=\"article:modified_time\" content=\"2022-07-19T16:31:00+00:00\" \/>\n<meta property=\"og:image\" content=\"https:\/\/www.obudainyar.hu\/2022\/wp-content\/uploads\/2022\/06\/ONY_event_cover_1200x628-px_3_Rajztabla-1-1024x536.png\" \/>\n\t<meta property=\"og:image:width\" content=\"1024\" \/>\n\t<meta property=\"og:image:height\" content=\"536\" \/>\n<meta name=\"twitter:card\" content=\"summary_large_image\" \/>\n<script type=\"application\/ld+json\" class=\"yoast-schema-graph\">{\"@context\":\"https:\/\/schema.org\",\"@graph\":[{\"@type\":\"WebSite\",\"@id\":\"https:\/\/www.obudainyar.hu\/2022\/#website\",\"url\":\"https:\/\/www.obudainyar.hu\/2022\/\",\"name\":\"\\u00d3budai Ny\\u00e1r 2022 | obuda.hu\",\"description\":\"\",\"potentialAction\":[{\"@type\":\"SearchAction\",\"target\":{\"@type\":\"EntryPoint\",\"urlTemplate\":\"https:\/\/www.obudainyar.hu\/2022\/?s={search_term_string}\"},\"query-input\":\"required name=search_term_string\"}],\"inLanguage\":\"hu\"},{\"@type\":\"ImageObject\",\"@id\":\"https:\/\/www.obudainyar.hu\/2022\/esemeny\/horvath-tamas\/#primaryimage\",\"inLanguage\":\"hu\",\"url\":\"https:\/\/www.obudainyar.hu\/2022\/wp-content\/uploads\/2022\/06\/ONY_event_cover_1200x628-px_3_Rajztabla-1.png\",\"contentUrl\":\"https:\/\/www.obudainyar.hu\/2022\/wp-content\/uploads\/2022\/06\/ONY_event_cover_1200x628-px_3_Rajztabla-1.png\",\"width\":5000,\"height\":2617},{\"@type\":\"WebPage\",\"@id\":\"https:\/\/www.obudainyar.hu\/2022\/esemeny\/horvath-tamas\/#webpage\",\"url\":\"https:\/\/www.obudainyar.hu\/2022\/esemeny\/horvath-tamas\/\",\"name\":\"Horv\\u00e1th Tam\\u00e1s koncert - \\u00d3budai Ny\\u00e1r 2022 | obuda.hu\",\"isPartOf\":{\"@id\":\"https:\/\/www.obudainyar.hu\/2022\/#website\"},\"primaryImageOfPage\":{\"@id\":\"https:\/\/www.obudainyar.hu\/2022\/esemeny\/horvath-tamas\/#primaryimage\"},\"datePublished\":\"2022-06-15T13:41:42+00:00\",\"dateModified\":\"2022-07-19T16:31:00+00:00\",\"breadcrumb\":{\"@id\":\"https:\/\/www.obudainyar.hu\/2022\/esemeny\/horvath-tamas\/#breadcrumb\"},\"inLanguage\":\"hu\",\"potentialAction\":[{\"@type\":\"ReadAction\",\"target\":[\"https:\/\/www.obudainyar.hu\/2022\/esemeny\/horvath-tamas\/\"]}]},{\"@type\":\"BreadcrumbList\",\"@id\":\"https:\/\/www.obudainyar.hu\/2022\/esemeny\/horvath-tamas\/#breadcrumb\",\"itemListElement\":[{\"@type\":\"ListItem\",\"position\":1,\"name\":\"Kezd\\u0151lap\",\"item\":\"https:\/\/www.obudainyar.hu\/2022\/\"},{\"@type\":\"ListItem\",\"position\":2,\"name\":\"Esem\\u00e9nyek\",\"item\":\"https:\/\/www.obudainyar.hu\/2022\/esemenyek\/\"},{\"@type\":\"ListItem\",\"position\":3,\"name\":\"Horv\\u00e1th Tam\\u00e1s koncert\"}]}]}<\/script>\n<!-- \/ Yoast SEO plugin. -->","yoast_head_json":{"title":"Horv\u00e1th Tam\u00e1s koncert - \u00d3budai Ny\u00e1r 2022 | obuda.hu","robots":{"index":"index","follow":"follow","max-snippet":"max-snippet:-1","max-image-preview":"max-image-preview:large","max-video-preview":"max-video-preview:-1"},"canonical":"https:\/\/www.obudainyar.hu\/2022\/esemeny\/horvath-tamas\/","og_locale":"hu_HU","og_type":"article","og_title":"Horv\u00e1th Tam\u00e1s koncert - \u00d3budai Ny\u00e1r 2022 | obuda.hu","og_description":",,8 \u00e9ves koromban tal\u00e1ltam meg a hangszeremet, a git\u00e1rt. M\u00e1r akkor tudtam, hogy a zene a l\u00e9telemem.\"","og_url":"https:\/\/www.obudainyar.hu\/2022\/esemeny\/horvath-tamas\/","og_site_name":"\u00d3budai Ny\u00e1r 2022 | obuda.hu","article_modified_time":"2022-07-19T16:31:00+00:00","og_image":[{"width":1024,"height":536,"url":"https:\/\/www.obudainyar.hu\/2022\/wp-content\/uploads\/2022\/06\/ONY_event_cover_1200x628-px_3_Rajztabla-1-1024x536.png","type":"image\/png"}],"twitter_card":"summary_large_image","schema":{"@context":"https:\/\/schema.org","@graph":[{"@type":"WebSite","@id":"https:\/\/www.obudainyar.hu\/2022\/#website","url":"https:\/\/www.obudainyar.hu\/2022\/","name":"\u00d3budai Ny\u00e1r 2022 | obuda.hu","description":"","potentialAction":[{"@type":"SearchAction","target":{"@type":"EntryPoint","urlTemplate":"https:\/\/www.obudainyar.hu\/2022\/?s={search_term_string}"},"query-input":"required name=search_term_string"}],"inLanguage":"hu"},{"@type":"ImageObject","@id":"https:\/\/www.obudainyar.hu\/2022\/esemeny\/horvath-tamas\/#primaryimage","inLanguage":"hu","url":"https:\/\/www.obudainyar.hu\/2022\/wp-content\/uploads\/2022\/06\/ONY_event_cover_1200x628-px_3_Rajztabla-1.png","contentUrl":"https:\/\/www.obudainyar.hu\/2022\/wp-content\/uploads\/2022\/06\/ONY_event_cover_1200x628-px_3_Rajztabla-1.png","width":5000,"height":2617},{"@type":"WebPage","@id":"https:\/\/www.obudainyar.hu\/2022\/esemeny\/horvath-tamas\/#webpage","url":"https:\/\/www.obudainyar.hu\/2022\/esemeny\/horvath-tamas\/","name":"Horv\u00e1th Tam\u00e1s koncert - \u00d3budai Ny\u00e1r 2022 | obuda.hu","isPartOf":{"@id":"https:\/\/www.obudainyar.hu\/2022\/#website"},"primaryImageOfPage":{"@id":"https:\/\/www.obudainyar.hu\/2022\/esemeny\/horvath-tamas\/#primaryimage"},"datePublished":"2022-06-15T13:41:42+00:00","dateModified":"2022-07-19T16:31:00+00:00","breadcrumb":{"@id":"https:\/\/www.obudainyar.hu\/2022\/esemeny\/horvath-tamas\/#breadcrumb"},"inLanguage":"hu","potentialAction":[{"@type":"ReadAction","target":["https:\/\/www.obudainyar.hu\/2022\/esemeny\/horvath-tamas\/"]}]},{"@type":"BreadcrumbList","@id":"https:\/\/www.obudainyar.hu\/2022\/esemeny\/horvath-tamas\/#breadcrumb","itemListElement":[{"@type":"ListItem","position":1,"name":"Kezd\u0151lap","item":"https:\/\/www.obudainyar.hu\/2022\/"},{"@type":"ListItem","position":2,"name":"Esem\u00e9nyek","item":"https:\/\/www.obudainyar.hu\/2022\/esemenyek\/"},{"@type":"ListItem","position":3,"name":"Horv\u00e1th Tam\u00e1s koncert"}]}]}},"_links":{"self":[{"href":"https:\/\/www.obudainyar.hu\/2022\/wp-json\/wp\/v2\/tribe_events\/2445"}],"collection":[{"href":"https:\/\/www.obudainyar.hu\/2022\/wp-json\/wp\/v2\/tribe_events"}],"about":[{"href":"https:\/\/www.obudainyar.hu\/2022\/wp-json\/wp\/v2\/types\/tribe_events"}],"author":[{"embeddable":true,"href":"https:\/\/www.obudainyar.hu\/2022\/wp-json\/wp\/v2\/users\/7"}],"replies":[{"embeddable":true,"href":"https:\/\/www.obudainyar.hu\/2022\/wp-json\/wp\/v2\/comments?post=2445"}],"version-history":[{"count":5,"href":"https:\/\/www.obudainyar.hu\/2022\/wp-json\/wp\/v2\/tribe_events\/2445\/revisions"}],"predecessor-version":[{"id":2505,"href":"https:\/\/www.obudainyar.hu\/2022\/wp-json\/wp\/v2\/tribe_events\/2445\/revisions\/2505"}],"wp:featuredmedia":[{"embeddable":true,"href":"https:\/\/www.obudainyar.hu\/2022\/wp-json\/wp\/v2\/media\/3150"}],"wp:attachment":[{"href":"https:\/\/www.obudainyar.hu\/2022\/wp-json\/wp\/v2\/media?parent=2445"}],"wp:term":[{"taxonomy":"post_tag","embeddable":true,"href":"https:\/\/www.obudainyar.hu\/2022\/wp-json\/wp\/v2\/tags?post=2445"},{"taxonomy":"tribe_events_cat","embeddable":true,"href":"https:\/\/www.obudainyar.hu\/2022\/wp-json\/wp\/v2\/tribe_events_cat?post=2445"}],"curies":[{"name":"wp","href":"https:\/\/api.w.org\/{rel}","templated":true}]}}

Horváth Tamás koncert

<p><b><i>&#8222;Mikor hallgattam egy dalt, nem csak a dallamra összpontosítottam.</i></b></p>
<p><b><i>Rájöttem, hogy egészen más dolgokat is figyelek:</i></b></p>
<p><b><i>Folyton azon gondolkoztam, hogyan készülhetnek el ezek a dalok.</i></b><b><i><br />
</i></b><b><i>Milyen hangszereket hallok éppen, hogyan rögzítették, stb… Tudtam, hogy nem csak énekes szeretnék lenni.</i></b></p>
<p><b><i>Nem akartam, hogy olyan dallal álljak ki a színpadra ami nem belőlem fakad.</i></b></p>
<p><b><i>Mikor megszületett az első saját dalom, eldöntöttem, hogy csak ezzel szeretnék életem hátralévő részében foglalkozni.</i></b></p>
<p><b><i>16 évesen elindultam a TV2 Megasztár negyedik szériájában, ahol az élő adásba már nem kerültem be. 2009-ben az RTL Klub Csillag Születik című tehetségkutató műsorban a harmadik középdöntőig</i></b><b><i><br />
</i></b><b><i>jutottam, a műsor 7. helyezettje lettem.</i></b></p>
<p><b><i>2013-tól elkezdtem építeni szóló karrieremet. 2017-ben zenekart alapítottam és elindult a„Horváth Tamás live”. Egyedül megyek tovább címmel 2017 júniusában jelent meg szólólemezem. Ugyanebben</i></b><b><i><br />
</i></b><b><i>az évben megnyertem a TV2 Sztárban Sztár ötödik évadát. Meggyfa című dalom bekerült az Eurovíziós Dalfesztivál hazai döntőjébe, a Dal 2018 című műsorba.</i></b><b><i><br />
</i></b><b><i><br />
</i></b><b><i>A Budapest Parkban 2019-ben dupla teltházas koncertet adtunk a zenekarral, most készülünk a hetedik parkos nagykoncertre .”</i></b></p>

<p>,,8 éves koromban találtam meg a hangszeremet, a gitárt.<br />
Már akkor tudtam, hogy a zene a lételemem.&#8221;</p>

<!-- This site is optimized with the Yoast SEO plugin v17.5 - https://yoast.com/wordpress/plugins/seo/ -->
<title>Horváth Tamás koncert - Óbudai Nyár 2022 | obuda.hu</title>
<meta name="robots" content="index, follow, max-snippet:-1, max-image-preview:large, max-video-preview:-1" />
<link rel="canonical" href="https://www.obudainyar.hu/2022/esemeny/horvath-tamas/" />
<meta property="og:locale" content="hu_HU" />
<meta property="og:type" content="article" />
<meta property="og:title" content="Horváth Tamás koncert - Óbudai Nyár 2022 | obuda.hu" />
<meta property="og:description" content=",,8 éves koromban találtam meg a hangszeremet, a gitárt. Már akkor tudtam, hogy a zene a lételemem.&quot;" />
<meta property="og:url" content="https://www.obudainyar.hu/2022/esemeny/horvath-tamas/" />
<meta property="og:site_name" content="Óbudai Nyár 2022 | obuda.hu" />
<meta property="article:modified_time" content="2022-07-19T16:31:00+00:00" />
<meta property="og:image" content="https://www.obudainyar.hu/2022/wp-content/uploads/2022/06/ONY_event_cover_1200x628-px_3_Rajztabla-1-1024x536.png" />
	<meta property="og:image:width" content="1024" />
	<meta property="og:image:height" content="536" />
<meta name="twitter:card" content="summary_large_image" />
<script type="application/ld+json" class="yoast-schema-graph">{"@context":"https://schema.org","@graph":[{"@type":"WebSite","@id":"https://www.obudainyar.hu/2022/#website","url":"https://www.obudainyar.hu/2022/","name":"\u00d3budai Ny\u00e1r 2022 | obuda.hu","description":"","potentialAction":[{"@type":"SearchAction","target":{"@type":"EntryPoint","urlTemplate":"https://www.obudainyar.hu/2022/?s={search_term_string}"},"query-input":"required name=search_term_string"}],"inLanguage":"hu"},{"@type":"ImageObject","@id":"https://www.obudainyar.hu/2022/esemeny/horvath-tamas/#primaryimage","inLanguage":"hu","url":"https://www.obudainyar.hu/2022/wp-content/uploads/2022/06/ONY_event_cover_1200x628-px_3_Rajztabla-1.png","contentUrl":"https://www.obudainyar.hu/2022/wp-content/uploads/2022/06/ONY_event_cover_1200x628-px_3_Rajztabla-1.png","width":5000,"height":2617},{"@type":"WebPage","@id":"https://www.obudainyar.hu/2022/esemeny/horvath-tamas/#webpage","url":"https://www.obudainyar.hu/2022/esemeny/horvath-tamas/","name":"Horv\u00e1th Tam\u00e1s koncert - \u00d3budai Ny\u00e1r 2022 | obuda.hu","isPartOf":{"@id":"https://www.obudainyar.hu/2022/#website"},"primaryImageOfPage":{"@id":"https://www.obudainyar.hu/2022/esemeny/horvath-tamas/#primaryimage"},"datePublished":"2022-06-15T13:41:42+00:00","dateModified":"2022-07-19T16:31:00+00:00","breadcrumb":{"@id":"https://www.obudainyar.hu/2022/esemeny/horvath-tamas/#breadcrumb"},"inLanguage":"hu","potentialAction":[{"@type":"ReadAction","target":["https://www.obudainyar.hu/2022/esemeny/horvath-tamas/"]}]},{"@type":"BreadcrumbList","@id":"https://www.obudainyar.hu/2022/esemeny/horvath-tamas/#breadcrumb","itemListElement":[{"@type":"ListItem","position":1,"name":"Kezd\u0151lap","item":"https://www.obudainyar.hu/2022/"},{"@type":"ListItem","position":2,"name":"Esem\u00e9nyek","item":"https://www.obudainyar.hu/2022/esemenyek/"},{"@type":"ListItem","position":3,"name":"Horv\u00e1th Tam\u00e1s koncert"}]}]}</script>
<!-- / Yoast SEO plugin. -->

Horváth Tamás koncert - Óbudai Nyár 2022 | obuda.hu

,,8 éves koromban találtam meg a hangszeremet, a gitárt. Már akkor tudtam, hogy a zene a lételemem."

Óbudai Nyár 2022 | obuda.hu

Kezdőlap

Események
