{"id":2459,"date":"2022-06-15T17:18:53","date_gmt":"2022-06-15T15:18:53","guid":{"rendered":"https:\/\/www.obudainyar.hu\/2022\/?post_type=tribe_events&#038;p=2459"},"modified":"2022-07-29T10:43:54","modified_gmt":"2022-07-29T08:43:54","slug":"deabru-beltzak","status":"publish","type":"tribe_events","link":"https:\/\/www.obudainyar.hu\/2022\/esemeny\/deabru-beltzak\/","title":{"rendered":"Deabru Beltzak"},"content":{"rendered":"<p><b>Deabru Beltzak &#8211; Les Tambours de Feu\u00a0<\/b><\/p>\n<p><span style=\"font-weight: 400;\">Zenei utcasz\u00ednh\u00e1z a lak\u00f3telepen! A vil\u00e1gsz\u00ednvonal\u00fa produkci\u00f3 a Szigetr\u0151l kik\u00f6lt\u00f6zik egy napra B\u00e9k\u00e1sra, igaz\u00e1b\u00f3l a term\u00e9szetes k\u00f6zeg\u00e9be: az emberek k\u00f6z\u00e9.\u00a0\u00a0<\/span><\/p>\n<p><span style=\"font-weight: 400;\">A <\/span><b>baszk<\/b><span style=\"font-weight: 400;\"> \u00fct\u0151egy\u00fcttes 2018-ban m\u00e1r egy eml\u00e9kezetes el\u0151ad\u00e1ssal szerepelt a Szigeten, most pedig Akerrel, a boszork\u00e1nyok \u00f6rd\u00f6g\u00e9vel t\u00e9rnek vissza. A dobok ritmusa \u00e9s a t\u0171zij\u00e1t\u00e9k hangja m\u00e1r messzir\u0151l hallatszik, de k\u00f6zelr\u0151l a legjobb! Az \u00fct\u0151hangszerek a t\u0171z f\u00e9ny\u00e9re v\u00e1laszolnak, mint az \u0151si pog\u00e1ny ritu\u00e1l\u00e9kban. A dobok d\u00fcb\u00f6r\u00f6gnek, az utak f\u00e9nybe borulnak amerre csak j\u00e1rnak, ha meghallj\u00e1tok \u0151ket, tartsatok vel\u00fck ti is.<\/span><\/p>\n<p><b>A fell\u00e9p\u00e9s helye \u00e9s id\u0151pontja:<\/b><\/p>\n<p><span style=\"font-weight: 400;\">B\u00e9k\u00e1smegyer K\u00f6z\u00f6ss\u00e9gi T\u00e9rr\u0151l indul a f\u00e1kly\u00e1s vonul\u00e1s a Csob\u00e1nka t\u00e9rre, ahol<\/span><\/p>\n<p><span style=\"font-weight: 400;\">k\u00fcl\u00f6n kis m\u0171sort adnak el\u0151.<\/span><\/p>\n<p><b>Id\u0151pontja:<\/b><span style=\"font-weight: 400;\"> 2022. augusztus 12., p\u00e9ntek 20.30 \u00f3ra<\/span><\/p>\n<p><b>Az el\u0151ad\u00e1s hossza:<\/b><span style=\"font-weight: 400;\"> kb. 40 perc<\/span><\/p>\n<p><b>A T\u00e1rsulat neve:<\/b><span style=\"font-weight: 400;\"> Deabru Beltzak<\/span><\/p>\n<p><b>Az el\u0151ad\u00e1suk c\u00edme:<\/b><span style=\"font-weight: 400;\"> Les Tambours de Feu.<\/span><\/p>\n","protected":false},"excerpt":{"rendered":"<p>Dobok, f\u00e1kly\u00e1k, var\u00e1zslat! &#8211; Baszk \u00fct\u0151s\u00f6k B\u00e9k\u00e1son<\/p>\n","protected":false},"author":7,"featured_media":0,"comment_status":"open","ping_status":"closed","template":"","meta":[],"tags":[52,50,8,353,340],"tribe_events_cat":[338],"yoast_head":"<!-- This site is optimized with the Yoast SEO plugin v17.5 - https:\/\/yoast.com\/wordpress\/plugins\/seo\/ -->\n<title>Deabru Beltzak - \u00d3budai Ny\u00e1r 2022 | obuda.hu<\/title>\n<meta name=\"robots\" content=\"index, follow, max-snippet:-1, max-image-preview:large, max-video-preview:-1\" \/>\n<link rel=\"canonical\" href=\"https:\/\/www.obudainyar.hu\/2022\/esemeny\/deabru-beltzak\/\" \/>\n<meta property=\"og:locale\" content=\"hu_HU\" \/>\n<meta property=\"og:type\" content=\"article\" \/>\n<meta property=\"og:title\" content=\"Deabru Beltzak - \u00d3budai Ny\u00e1r 2022 | obuda.hu\" \/>\n<meta property=\"og:description\" content=\"Dobok, f\u00e1kly\u00e1k, var\u00e1zslat! - Baszk \u00fct\u0151s\u00f6k B\u00e9k\u00e1son\" \/>\n<meta property=\"og:url\" content=\"https:\/\/www.obudainyar.hu\/2022\/esemeny\/deabru-beltzak\/\" \/>\n<meta property=\"og:site_name\" content=\"\u00d3budai Ny\u00e1r 2022 | obuda.hu\" \/>\n<meta property=\"article:modified_time\" content=\"2022-07-29T08:43:54+00:00\" \/>\n<meta property=\"og:image\" content=\"https:\/\/www.obudainyar.hu\/2022\/wp-content\/uploads\/2021\/11\/ONY22_hero2-01.jpg\" \/>\n\t<meta property=\"og:image:width\" content=\"1600\" \/>\n\t<meta property=\"og:image:height\" content=\"900\" \/>\n<meta name=\"twitter:card\" content=\"summary_large_image\" \/>\n<meta name=\"twitter:label1\" content=\"Becs\u00fclt olvas\u00e1si id\u0151\" \/>\n\t<meta name=\"twitter:data1\" content=\"1 perc\" \/>\n<script type=\"application\/ld+json\" class=\"yoast-schema-graph\">{\"@context\":\"https:\/\/schema.org\",\"@graph\":[{\"@type\":\"WebSite\",\"@id\":\"https:\/\/www.obudainyar.hu\/2022\/#website\",\"url\":\"https:\/\/www.obudainyar.hu\/2022\/\",\"name\":\"\\u00d3budai Ny\\u00e1r 2022 | obuda.hu\",\"description\":\"\",\"potentialAction\":[{\"@type\":\"SearchAction\",\"target\":{\"@type\":\"EntryPoint\",\"urlTemplate\":\"https:\/\/www.obudainyar.hu\/2022\/?s={search_term_string}\"},\"query-input\":\"required name=search_term_string\"}],\"inLanguage\":\"hu\"},{\"@type\":\"WebPage\",\"@id\":\"https:\/\/www.obudainyar.hu\/2022\/esemeny\/deabru-beltzak\/#webpage\",\"url\":\"https:\/\/www.obudainyar.hu\/2022\/esemeny\/deabru-beltzak\/\",\"name\":\"Deabru Beltzak - \\u00d3budai Ny\\u00e1r 2022 | obuda.hu\",\"isPartOf\":{\"@id\":\"https:\/\/www.obudainyar.hu\/2022\/#website\"},\"datePublished\":\"2022-06-15T15:18:53+00:00\",\"dateModified\":\"2022-07-29T08:43:54+00:00\",\"breadcrumb\":{\"@id\":\"https:\/\/www.obudainyar.hu\/2022\/esemeny\/deabru-beltzak\/#breadcrumb\"},\"inLanguage\":\"hu\",\"potentialAction\":[{\"@type\":\"ReadAction\",\"target\":[\"https:\/\/www.obudainyar.hu\/2022\/esemeny\/deabru-beltzak\/\"]}]},{\"@type\":\"BreadcrumbList\",\"@id\":\"https:\/\/www.obudainyar.hu\/2022\/esemeny\/deabru-beltzak\/#breadcrumb\",\"itemListElement\":[{\"@type\":\"ListItem\",\"position\":1,\"name\":\"Kezd\\u0151lap\",\"item\":\"https:\/\/www.obudainyar.hu\/2022\/\"},{\"@type\":\"ListItem\",\"position\":2,\"name\":\"Esem\\u00e9nyek\",\"item\":\"https:\/\/www.obudainyar.hu\/2022\/esemenyek\/\"},{\"@type\":\"ListItem\",\"position\":3,\"name\":\"Deabru Beltzak\"}]}]}<\/script>\n<!-- \/ Yoast SEO plugin. -->","yoast_head_json":{"title":"Deabru Beltzak - \u00d3budai Ny\u00e1r 2022 | obuda.hu","robots":{"index":"index","follow":"follow","max-snippet":"max-snippet:-1","max-image-preview":"max-image-preview:large","max-video-preview":"max-video-preview:-1"},"canonical":"https:\/\/www.obudainyar.hu\/2022\/esemeny\/deabru-beltzak\/","og_locale":"hu_HU","og_type":"article","og_title":"Deabru Beltzak - \u00d3budai Ny\u00e1r 2022 | obuda.hu","og_description":"Dobok, f\u00e1kly\u00e1k, var\u00e1zslat! - Baszk \u00fct\u0151s\u00f6k B\u00e9k\u00e1son","og_url":"https:\/\/www.obudainyar.hu\/2022\/esemeny\/deabru-beltzak\/","og_site_name":"\u00d3budai Ny\u00e1r 2022 | obuda.hu","article_modified_time":"2022-07-29T08:43:54+00:00","og_image":[{"width":1600,"height":900,"url":"https:\/\/www.obudainyar.hu\/2022\/wp-content\/uploads\/2021\/11\/ONY22_hero2-01.jpg","type":"image\/jpeg"}],"twitter_card":"summary_large_image","twitter_misc":{"Becs\u00fclt olvas\u00e1si id\u0151":"1 perc"},"schema":{"@context":"https:\/\/schema.org","@graph":[{"@type":"WebSite","@id":"https:\/\/www.obudainyar.hu\/2022\/#website","url":"https:\/\/www.obudainyar.hu\/2022\/","name":"\u00d3budai Ny\u00e1r 2022 | obuda.hu","description":"","potentialAction":[{"@type":"SearchAction","target":{"@type":"EntryPoint","urlTemplate":"https:\/\/www.obudainyar.hu\/2022\/?s={search_term_string}"},"query-input":"required name=search_term_string"}],"inLanguage":"hu"},{"@type":"WebPage","@id":"https:\/\/www.obudainyar.hu\/2022\/esemeny\/deabru-beltzak\/#webpage","url":"https:\/\/www.obudainyar.hu\/2022\/esemeny\/deabru-beltzak\/","name":"Deabru Beltzak - \u00d3budai Ny\u00e1r 2022 | obuda.hu","isPartOf":{"@id":"https:\/\/www.obudainyar.hu\/2022\/#website"},"datePublished":"2022-06-15T15:18:53+00:00","dateModified":"2022-07-29T08:43:54+00:00","breadcrumb":{"@id":"https:\/\/www.obudainyar.hu\/2022\/esemeny\/deabru-beltzak\/#breadcrumb"},"inLanguage":"hu","potentialAction":[{"@type":"ReadAction","target":["https:\/\/www.obudainyar.hu\/2022\/esemeny\/deabru-beltzak\/"]}]},{"@type":"BreadcrumbList","@id":"https:\/\/www.obudainyar.hu\/2022\/esemeny\/deabru-beltzak\/#breadcrumb","itemListElement":[{"@type":"ListItem","position":1,"name":"Kezd\u0151lap","item":"https:\/\/www.obudainyar.hu\/2022\/"},{"@type":"ListItem","position":2,"name":"Esem\u00e9nyek","item":"https:\/\/www.obudainyar.hu\/2022\/esemenyek\/"},{"@type":"ListItem","position":3,"name":"Deabru Beltzak"}]}]}},"_links":{"self":[{"href":"https:\/\/www.obudainyar.hu\/2022\/wp-json\/wp\/v2\/tribe_events\/2459"}],"collection":[{"href":"https:\/\/www.obudainyar.hu\/2022\/wp-json\/wp\/v2\/tribe_events"}],"about":[{"href":"https:\/\/www.obudainyar.hu\/2022\/wp-json\/wp\/v2\/types\/tribe_events"}],"author":[{"embeddable":true,"href":"https:\/\/www.obudainyar.hu\/2022\/wp-json\/wp\/v2\/users\/7"}],"replies":[{"embeddable":true,"href":"https:\/\/www.obudainyar.hu\/2022\/wp-json\/wp\/v2\/comments?post=2459"}],"version-history":[{"count":3,"href":"https:\/\/www.obudainyar.hu\/2022\/wp-json\/wp\/v2\/tribe_events\/2459\/revisions"}],"predecessor-version":[{"id":3185,"href":"https:\/\/www.obudainyar.hu\/2022\/wp-json\/wp\/v2\/tribe_events\/2459\/revisions\/3185"}],"wp:attachment":[{"href":"https:\/\/www.obudainyar.hu\/2022\/wp-json\/wp\/v2\/media?parent=2459"}],"wp:term":[{"taxonomy":"post_tag","embeddable":true,"href":"https:\/\/www.obudainyar.hu\/2022\/wp-json\/wp\/v2\/tags?post=2459"},{"taxonomy":"tribe_events_cat","embeddable":true,"href":"https:\/\/www.obudainyar.hu\/2022\/wp-json\/wp\/v2\/tribe_events_cat?post=2459"}],"curies":[{"name":"wp","href":"https:\/\/api.w.org\/{rel}","templated":true}]}}

<p><b>Deabru Beltzak &#8211; Les Tambours de Feu </b></p>
<p><span style="font-weight: 400;">Zenei utcaszínház a lakótelepen! A világszínvonalú produkció a Szigetről kiköltözik egy napra Békásra, igazából a természetes közegébe: az emberek közé.  </span></p>
<p><span style="font-weight: 400;">A </span><b>baszk</b><span style="font-weight: 400;"> ütőegyüttes 2018-ban már egy emlékezetes előadással szerepelt a Szigeten, most pedig Akerrel, a boszorkányok ördögével térnek vissza. A dobok ritmusa és a tűzijáték hangja már messziről hallatszik, de közelről a legjobb! Az ütőhangszerek a tűz fényére válaszolnak, mint az ősi pogány rituálékban. A dobok dübörögnek, az utak fénybe borulnak amerre csak járnak, ha meghalljátok őket, tartsatok velük ti is.</span></p>
<p><b>A fellépés helye és időpontja:</b></p>
<p><span style="font-weight: 400;">Békásmegyer Közösségi Térről indul a fáklyás vonulás a Csobánka térre, ahol</span></p>
<p><span style="font-weight: 400;">külön kis műsort adnak elő.</span></p>
<p><b>Időpontja:</b><span style="font-weight: 400;"> 2022. augusztus 12., péntek 20.30 óra</span></p>
<p><b>Az előadás hossza:</b><span style="font-weight: 400;"> kb. 40 perc</span></p>
<p><b>A Társulat neve:</b><span style="font-weight: 400;"> Deabru Beltzak</span></p>
<p><b>Az előadásuk címe:</b><span style="font-weight: 400;"> Les Tambours de Feu.</span></p>

<p>Dobok, fáklyák, varázslat! &#8211; Baszk ütősök Békáson</p>

<!-- This site is optimized with the Yoast SEO plugin v17.5 - https://yoast.com/wordpress/plugins/seo/ -->
<title>Deabru Beltzak - Óbudai Nyár 2022 | obuda.hu</title>
<meta name="robots" content="index, follow, max-snippet:-1, max-image-preview:large, max-video-preview:-1" />
<link rel="canonical" href="https://www.obudainyar.hu/2022/esemeny/deabru-beltzak/" />
<meta property="og:locale" content="hu_HU" />
<meta property="og:type" content="article" />
<meta property="og:title" content="Deabru Beltzak - Óbudai Nyár 2022 | obuda.hu" />
<meta property="og:description" content="Dobok, fáklyák, varázslat! - Baszk ütősök Békáson" />
<meta property="og:url" content="https://www.obudainyar.hu/2022/esemeny/deabru-beltzak/" />
<meta property="og:site_name" content="Óbudai Nyár 2022 | obuda.hu" />
<meta property="article:modified_time" content="2022-07-29T08:43:54+00:00" />
<meta property="og:image" content="https://www.obudainyar.hu/2022/wp-content/uploads/2021/11/ONY22_hero2-01.jpg" />
	<meta property="og:image:width" content="1600" />
	<meta property="og:image:height" content="900" />
<meta name="twitter:card" content="summary_large_image" />
<meta name="twitter:label1" content="Becsült olvasási idő" />
	<meta name="twitter:data1" content="1 perc" />
<script type="application/ld+json" class="yoast-schema-graph">{"@context":"https://schema.org","@graph":[{"@type":"WebSite","@id":"https://www.obudainyar.hu/2022/#website","url":"https://www.obudainyar.hu/2022/","name":"\u00d3budai Ny\u00e1r 2022 | obuda.hu","description":"","potentialAction":[{"@type":"SearchAction","target":{"@type":"EntryPoint","urlTemplate":"https://www.obudainyar.hu/2022/?s={search_term_string}"},"query-input":"required name=search_term_string"}],"inLanguage":"hu"},{"@type":"WebPage","@id":"https://www.obudainyar.hu/2022/esemeny/deabru-beltzak/#webpage","url":"https://www.obudainyar.hu/2022/esemeny/deabru-beltzak/","name":"Deabru Beltzak - \u00d3budai Ny\u00e1r 2022 | obuda.hu","isPartOf":{"@id":"https://www.obudainyar.hu/2022/#website"},"datePublished":"2022-06-15T15:18:53+00:00","dateModified":"2022-07-29T08:43:54+00:00","breadcrumb":{"@id":"https://www.obudainyar.hu/2022/esemeny/deabru-beltzak/#breadcrumb"},"inLanguage":"hu","potentialAction":[{"@type":"ReadAction","target":["https://www.obudainyar.hu/2022/esemeny/deabru-beltzak/"]}]},{"@type":"BreadcrumbList","@id":"https://www.obudainyar.hu/2022/esemeny/deabru-beltzak/#breadcrumb","itemListElement":[{"@type":"ListItem","position":1,"name":"Kezd\u0151lap","item":"https://www.obudainyar.hu/2022/"},{"@type":"ListItem","position":2,"name":"Esem\u00e9nyek","item":"https://www.obudainyar.hu/2022/esemenyek/"},{"@type":"ListItem","position":3,"name":"Deabru Beltzak"}]}]}</script>
<!-- / Yoast SEO plugin. -->

Deabru Beltzak - Óbudai Nyár 2022 | obuda.hu

Dobok, fáklyák, varázslat! - Baszk ütősök Békáson

Óbudai Nyár 2022 | obuda.hu

Kezdőlap

Események
