{"id":2482,"date":"2022-06-16T14:56:42","date_gmt":"2022-06-16T12:56:42","guid":{"rendered":"https:\/\/www.obudainyar.hu\/2022\/?post_type=tribe_events&#038;p=2482"},"modified":"2022-07-21T16:52:37","modified_gmt":"2022-07-21T14:52:37","slug":"az-ordogi-festek","status":"publish","type":"tribe_events","link":"https:\/\/www.obudainyar.hu\/2022\/esemeny\/az-ordogi-festek\/","title":{"rendered":"Az \u201e\u00f6rd\u00f6gi fest\u00e9k\u201d"},"content":{"rendered":"<p><span style=\"font-weight: 400;\">Textilt\u00e1ska-k\u00e9sz\u00edt\u00e9s, nyomd\u00e1z\u00e1s \u00e9s izgalmas csal\u00e1di t\u00f6rt\u00e9netek. \u00c9rdekl\u0151dni \u00e9s jelentkezni: <\/span><a href=\"mailto:kalocsai.linda@obudaimuzeum.hu\" target=\"_blank\" rel=\"noopener\"><span style=\"font-weight: 400;\">kalocsai.linda@obudaimuzeum.hu<\/span><\/a><\/p>\n","protected":false},"excerpt":{"rendered":"<p>A k\u00e9kfest\u00e9s titkai \u00d3bud\u00e1n<\/p>\n","protected":false},"author":7,"featured_media":3166,"comment_status":"open","ping_status":"closed","template":"","meta":[],"tags":[49,13,340],"tribe_events_cat":[338],"yoast_head":"<!-- This site is optimized with the Yoast SEO plugin v17.5 - https:\/\/yoast.com\/wordpress\/plugins\/seo\/ -->\n<title>Az \u201e\u00f6rd\u00f6gi fest\u00e9k\u201d - \u00d3budai Ny\u00e1r 2022 | obuda.hu<\/title>\n<meta name=\"robots\" content=\"index, follow, max-snippet:-1, max-image-preview:large, max-video-preview:-1\" \/>\n<link rel=\"canonical\" href=\"https:\/\/www.obudainyar.hu\/2022\/esemeny\/az-ordogi-festek\/\" \/>\n<meta property=\"og:locale\" content=\"hu_HU\" \/>\n<meta property=\"og:type\" content=\"article\" \/>\n<meta property=\"og:title\" content=\"Az \u201e\u00f6rd\u00f6gi fest\u00e9k\u201d - \u00d3budai Ny\u00e1r 2022 | obuda.hu\" \/>\n<meta property=\"og:description\" content=\"A k\u00e9kfest\u00e9s titkai \u00d3bud\u00e1n\" \/>\n<meta property=\"og:url\" content=\"https:\/\/www.obudainyar.hu\/2022\/esemeny\/az-ordogi-festek\/\" \/>\n<meta property=\"og:site_name\" content=\"\u00d3budai Ny\u00e1r 2022 | obuda.hu\" \/>\n<meta property=\"article:modified_time\" content=\"2022-07-21T14:52:37+00:00\" \/>\n<meta property=\"og:image\" content=\"https:\/\/www.obudainyar.hu\/2022\/wp-content\/uploads\/2022\/06\/ONY_event_cover_1200x628-px_4_Rajztabla-1-1024x536.png\" \/>\n\t<meta property=\"og:image:width\" content=\"1024\" \/>\n\t<meta property=\"og:image:height\" content=\"536\" \/>\n<meta name=\"twitter:card\" content=\"summary_large_image\" \/>\n<meta name=\"twitter:label1\" content=\"Becs\u00fclt olvas\u00e1si id\u0151\" \/>\n\t<meta name=\"twitter:data1\" content=\"1 perc\" \/>\n<script type=\"application\/ld+json\" class=\"yoast-schema-graph\">{\"@context\":\"https:\/\/schema.org\",\"@graph\":[{\"@type\":\"WebSite\",\"@id\":\"https:\/\/www.obudainyar.hu\/2022\/#website\",\"url\":\"https:\/\/www.obudainyar.hu\/2022\/\",\"name\":\"\\u00d3budai Ny\\u00e1r 2022 | obuda.hu\",\"description\":\"\",\"potentialAction\":[{\"@type\":\"SearchAction\",\"target\":{\"@type\":\"EntryPoint\",\"urlTemplate\":\"https:\/\/www.obudainyar.hu\/2022\/?s={search_term_string}\"},\"query-input\":\"required name=search_term_string\"}],\"inLanguage\":\"hu\"},{\"@type\":\"ImageObject\",\"@id\":\"https:\/\/www.obudainyar.hu\/2022\/esemeny\/az-ordogi-festek\/#primaryimage\",\"inLanguage\":\"hu\",\"url\":\"https:\/\/www.obudainyar.hu\/2022\/wp-content\/uploads\/2022\/06\/ONY_event_cover_1200x628-px_4_Rajztabla-1.png\",\"contentUrl\":\"https:\/\/www.obudainyar.hu\/2022\/wp-content\/uploads\/2022\/06\/ONY_event_cover_1200x628-px_4_Rajztabla-1.png\",\"width\":5000,\"height\":2617},{\"@type\":\"WebPage\",\"@id\":\"https:\/\/www.obudainyar.hu\/2022\/esemeny\/az-ordogi-festek\/#webpage\",\"url\":\"https:\/\/www.obudainyar.hu\/2022\/esemeny\/az-ordogi-festek\/\",\"name\":\"Az \\u201e\\u00f6rd\\u00f6gi fest\\u00e9k\\u201d - \\u00d3budai Ny\\u00e1r 2022 | obuda.hu\",\"isPartOf\":{\"@id\":\"https:\/\/www.obudainyar.hu\/2022\/#website\"},\"primaryImageOfPage\":{\"@id\":\"https:\/\/www.obudainyar.hu\/2022\/esemeny\/az-ordogi-festek\/#primaryimage\"},\"datePublished\":\"2022-06-16T12:56:42+00:00\",\"dateModified\":\"2022-07-21T14:52:37+00:00\",\"breadcrumb\":{\"@id\":\"https:\/\/www.obudainyar.hu\/2022\/esemeny\/az-ordogi-festek\/#breadcrumb\"},\"inLanguage\":\"hu\",\"potentialAction\":[{\"@type\":\"ReadAction\",\"target\":[\"https:\/\/www.obudainyar.hu\/2022\/esemeny\/az-ordogi-festek\/\"]}]},{\"@type\":\"BreadcrumbList\",\"@id\":\"https:\/\/www.obudainyar.hu\/2022\/esemeny\/az-ordogi-festek\/#breadcrumb\",\"itemListElement\":[{\"@type\":\"ListItem\",\"position\":1,\"name\":\"Kezd\\u0151lap\",\"item\":\"https:\/\/www.obudainyar.hu\/2022\/\"},{\"@type\":\"ListItem\",\"position\":2,\"name\":\"Esem\\u00e9nyek\",\"item\":\"https:\/\/www.obudainyar.hu\/2022\/esemenyek\/\"},{\"@type\":\"ListItem\",\"position\":3,\"name\":\"Az \\u201e\\u00f6rd\\u00f6gi fest\\u00e9k\\u201d\"}]}]}<\/script>\n<!-- \/ Yoast SEO plugin. -->","yoast_head_json":{"title":"Az \u201e\u00f6rd\u00f6gi fest\u00e9k\u201d - \u00d3budai Ny\u00e1r 2022 | obuda.hu","robots":{"index":"index","follow":"follow","max-snippet":"max-snippet:-1","max-image-preview":"max-image-preview:large","max-video-preview":"max-video-preview:-1"},"canonical":"https:\/\/www.obudainyar.hu\/2022\/esemeny\/az-ordogi-festek\/","og_locale":"hu_HU","og_type":"article","og_title":"Az \u201e\u00f6rd\u00f6gi fest\u00e9k\u201d - \u00d3budai Ny\u00e1r 2022 | obuda.hu","og_description":"A k\u00e9kfest\u00e9s titkai \u00d3bud\u00e1n","og_url":"https:\/\/www.obudainyar.hu\/2022\/esemeny\/az-ordogi-festek\/","og_site_name":"\u00d3budai Ny\u00e1r 2022 | obuda.hu","article_modified_time":"2022-07-21T14:52:37+00:00","og_image":[{"width":1024,"height":536,"url":"https:\/\/www.obudainyar.hu\/2022\/wp-content\/uploads\/2022\/06\/ONY_event_cover_1200x628-px_4_Rajztabla-1-1024x536.png","type":"image\/png"}],"twitter_card":"summary_large_image","twitter_misc":{"Becs\u00fclt olvas\u00e1si id\u0151":"1 perc"},"schema":{"@context":"https:\/\/schema.org","@graph":[{"@type":"WebSite","@id":"https:\/\/www.obudainyar.hu\/2022\/#website","url":"https:\/\/www.obudainyar.hu\/2022\/","name":"\u00d3budai Ny\u00e1r 2022 | obuda.hu","description":"","potentialAction":[{"@type":"SearchAction","target":{"@type":"EntryPoint","urlTemplate":"https:\/\/www.obudainyar.hu\/2022\/?s={search_term_string}"},"query-input":"required name=search_term_string"}],"inLanguage":"hu"},{"@type":"ImageObject","@id":"https:\/\/www.obudainyar.hu\/2022\/esemeny\/az-ordogi-festek\/#primaryimage","inLanguage":"hu","url":"https:\/\/www.obudainyar.hu\/2022\/wp-content\/uploads\/2022\/06\/ONY_event_cover_1200x628-px_4_Rajztabla-1.png","contentUrl":"https:\/\/www.obudainyar.hu\/2022\/wp-content\/uploads\/2022\/06\/ONY_event_cover_1200x628-px_4_Rajztabla-1.png","width":5000,"height":2617},{"@type":"WebPage","@id":"https:\/\/www.obudainyar.hu\/2022\/esemeny\/az-ordogi-festek\/#webpage","url":"https:\/\/www.obudainyar.hu\/2022\/esemeny\/az-ordogi-festek\/","name":"Az \u201e\u00f6rd\u00f6gi fest\u00e9k\u201d - \u00d3budai Ny\u00e1r 2022 | obuda.hu","isPartOf":{"@id":"https:\/\/www.obudainyar.hu\/2022\/#website"},"primaryImageOfPage":{"@id":"https:\/\/www.obudainyar.hu\/2022\/esemeny\/az-ordogi-festek\/#primaryimage"},"datePublished":"2022-06-16T12:56:42+00:00","dateModified":"2022-07-21T14:52:37+00:00","breadcrumb":{"@id":"https:\/\/www.obudainyar.hu\/2022\/esemeny\/az-ordogi-festek\/#breadcrumb"},"inLanguage":"hu","potentialAction":[{"@type":"ReadAction","target":["https:\/\/www.obudainyar.hu\/2022\/esemeny\/az-ordogi-festek\/"]}]},{"@type":"BreadcrumbList","@id":"https:\/\/www.obudainyar.hu\/2022\/esemeny\/az-ordogi-festek\/#breadcrumb","itemListElement":[{"@type":"ListItem","position":1,"name":"Kezd\u0151lap","item":"https:\/\/www.obudainyar.hu\/2022\/"},{"@type":"ListItem","position":2,"name":"Esem\u00e9nyek","item":"https:\/\/www.obudainyar.hu\/2022\/esemenyek\/"},{"@type":"ListItem","position":3,"name":"Az \u201e\u00f6rd\u00f6gi fest\u00e9k\u201d"}]}]}},"_links":{"self":[{"href":"https:\/\/www.obudainyar.hu\/2022\/wp-json\/wp\/v2\/tribe_events\/2482"}],"collection":[{"href":"https:\/\/www.obudainyar.hu\/2022\/wp-json\/wp\/v2\/tribe_events"}],"about":[{"href":"https:\/\/www.obudainyar.hu\/2022\/wp-json\/wp\/v2\/types\/tribe_events"}],"author":[{"embeddable":true,"href":"https:\/\/www.obudainyar.hu\/2022\/wp-json\/wp\/v2\/users\/7"}],"replies":[{"embeddable":true,"href":"https:\/\/www.obudainyar.hu\/2022\/wp-json\/wp\/v2\/comments?post=2482"}],"version-history":[{"count":1,"href":"https:\/\/www.obudainyar.hu\/2022\/wp-json\/wp\/v2\/tribe_events\/2482\/revisions"}],"predecessor-version":[{"id":2483,"href":"https:\/\/www.obudainyar.hu\/2022\/wp-json\/wp\/v2\/tribe_events\/2482\/revisions\/2483"}],"wp:featuredmedia":[{"embeddable":true,"href":"https:\/\/www.obudainyar.hu\/2022\/wp-json\/wp\/v2\/media\/3166"}],"wp:attachment":[{"href":"https:\/\/www.obudainyar.hu\/2022\/wp-json\/wp\/v2\/media?parent=2482"}],"wp:term":[{"taxonomy":"post_tag","embeddable":true,"href":"https:\/\/www.obudainyar.hu\/2022\/wp-json\/wp\/v2\/tags?post=2482"},{"taxonomy":"tribe_events_cat","embeddable":true,"href":"https:\/\/www.obudainyar.hu\/2022\/wp-json\/wp\/v2\/tribe_events_cat?post=2482"}],"curies":[{"name":"wp","href":"https:\/\/api.w.org\/{rel}","templated":true}]}}

Az „ördögi festék”

<p><span style="font-weight: 400;">Textiltáska-készítés, nyomdázás és izgalmas családi történetek. Érdeklődni és jelentkezni: </span><a href="mailto:kalocsai.linda@obudaimuzeum.hu" target="_blank" rel="noopener"><span style="font-weight: 400;">kalocsai.linda@obudaimuzeum.hu</span></a></p>

<p>A kékfestés titkai Óbudán</p>

<!-- This site is optimized with the Yoast SEO plugin v17.5 - https://yoast.com/wordpress/plugins/seo/ -->
<title>Az „ördögi festék” - Óbudai Nyár 2022 | obuda.hu</title>
<meta name="robots" content="index, follow, max-snippet:-1, max-image-preview:large, max-video-preview:-1" />
<link rel="canonical" href="https://www.obudainyar.hu/2022/esemeny/az-ordogi-festek/" />
<meta property="og:locale" content="hu_HU" />
<meta property="og:type" content="article" />
<meta property="og:title" content="Az „ördögi festék” - Óbudai Nyár 2022 | obuda.hu" />
<meta property="og:description" content="A kékfestés titkai Óbudán" />
<meta property="og:url" content="https://www.obudainyar.hu/2022/esemeny/az-ordogi-festek/" />
<meta property="og:site_name" content="Óbudai Nyár 2022 | obuda.hu" />
<meta property="article:modified_time" content="2022-07-21T14:52:37+00:00" />
<meta property="og:image" content="https://www.obudainyar.hu/2022/wp-content/uploads/2022/06/ONY_event_cover_1200x628-px_4_Rajztabla-1-1024x536.png" />
	<meta property="og:image:width" content="1024" />
	<meta property="og:image:height" content="536" />
<meta name="twitter:card" content="summary_large_image" />
<meta name="twitter:label1" content="Becsült olvasási idő" />
	<meta name="twitter:data1" content="1 perc" />
<script type="application/ld+json" class="yoast-schema-graph">{"@context":"https://schema.org","@graph":[{"@type":"WebSite","@id":"https://www.obudainyar.hu/2022/#website","url":"https://www.obudainyar.hu/2022/","name":"\u00d3budai Ny\u00e1r 2022 | obuda.hu","description":"","potentialAction":[{"@type":"SearchAction","target":{"@type":"EntryPoint","urlTemplate":"https://www.obudainyar.hu/2022/?s={search_term_string}"},"query-input":"required name=search_term_string"}],"inLanguage":"hu"},{"@type":"ImageObject","@id":"https://www.obudainyar.hu/2022/esemeny/az-ordogi-festek/#primaryimage","inLanguage":"hu","url":"https://www.obudainyar.hu/2022/wp-content/uploads/2022/06/ONY_event_cover_1200x628-px_4_Rajztabla-1.png","contentUrl":"https://www.obudainyar.hu/2022/wp-content/uploads/2022/06/ONY_event_cover_1200x628-px_4_Rajztabla-1.png","width":5000,"height":2617},{"@type":"WebPage","@id":"https://www.obudainyar.hu/2022/esemeny/az-ordogi-festek/#webpage","url":"https://www.obudainyar.hu/2022/esemeny/az-ordogi-festek/","name":"Az \u201e\u00f6rd\u00f6gi fest\u00e9k\u201d - \u00d3budai Ny\u00e1r 2022 | obuda.hu","isPartOf":{"@id":"https://www.obudainyar.hu/2022/#website"},"primaryImageOfPage":{"@id":"https://www.obudainyar.hu/2022/esemeny/az-ordogi-festek/#primaryimage"},"datePublished":"2022-06-16T12:56:42+00:00","dateModified":"2022-07-21T14:52:37+00:00","breadcrumb":{"@id":"https://www.obudainyar.hu/2022/esemeny/az-ordogi-festek/#breadcrumb"},"inLanguage":"hu","potentialAction":[{"@type":"ReadAction","target":["https://www.obudainyar.hu/2022/esemeny/az-ordogi-festek/"]}]},{"@type":"BreadcrumbList","@id":"https://www.obudainyar.hu/2022/esemeny/az-ordogi-festek/#breadcrumb","itemListElement":[{"@type":"ListItem","position":1,"name":"Kezd\u0151lap","item":"https://www.obudainyar.hu/2022/"},{"@type":"ListItem","position":2,"name":"Esem\u00e9nyek","item":"https://www.obudainyar.hu/2022/esemenyek/"},{"@type":"ListItem","position":3,"name":"Az \u201e\u00f6rd\u00f6gi fest\u00e9k\u201d"}]}]}</script>
<!-- / Yoast SEO plugin. -->

Az „ördögi festék” - Óbudai Nyár 2022 | obuda.hu

A kékfestés titkai Óbudán

Óbudai Nyár 2022 | obuda.hu

Kezdőlap

Események
