{"id":2581,"date":"2022-06-16T18:25:29","date_gmt":"2022-06-16T16:25:29","guid":{"rendered":"https:\/\/www.obudainyar.hu\/2022\/?post_type=tribe_events&#038;p=2581"},"modified":"2022-06-16T18:25:29","modified_gmt":"2022-06-16T16:25:29","slug":"legyel-te-is-az-okor-mernoke","status":"publish","type":"tribe_events","link":"https:\/\/www.obudainyar.hu\/2022\/esemeny\/legyel-te-is-az-okor-mernoke\/","title":{"rendered":"Legy\u00e9l te is az \u00f3kor m\u00e9rn\u00f6ke!"},"content":{"rendered":"<p>A program c\u00e9lja az \u00f3kori tal\u00e1lm\u00e1nyok j\u00e1t\u00e9kos megismer\u00e9se: hogy a di\u00e1kok r\u00e1j\u00f6jjenek arra, hogy a tantermi oktat\u00e1s sor\u00e1n megismert, le\u00edrva gyakran nehezen \u00e9rthet\u0151 \u00e9s bonyolultnak hangz\u00f3 k\u00eds\u00e9rletek \u00e9s tal\u00e1lm\u00e1nyok val\u00f3j\u00e1ban mennyire logikusak \u00e9s egyszer\u0171ek voltak. A program sor\u00e1n elv\u00e9gzett k\u00eds\u00e9rletek lehet\u0151v\u00e9 teszik a tal\u00e1lm\u00e1nyok meg\u00e9rt\u00e9s\u00e9t, a kontextusnak (a ki\u00e1ll\u00edt\u00e1s, a rekonstrukci\u00f3s kisfilmek, stb.) k\u00f6sz\u00f6nhet\u0151en pedig k\u00f6nnyen \u00e9rtelmezhet\u0151v\u00e9 v\u00e1lik a tal\u00e1lm\u00e1nyok gyakorlati haszn\u00e1lata \u00e9s jelent\u0151s\u00e9ge<\/p>\n","protected":false},"excerpt":{"rendered":"<p>A program c\u00e9lja az \u00f3kori tal\u00e1lm\u00e1nyok j\u00e1t\u00e9kos megismer\u00e9se<\/p>\n","protected":false},"author":7,"featured_media":0,"comment_status":"open","ping_status":"closed","template":"","meta":[],"tags":[52,49,376,340],"tribe_events_cat":[338],"yoast_head":"<!-- This site is optimized with the Yoast SEO plugin v17.5 - https:\/\/yoast.com\/wordpress\/plugins\/seo\/ -->\n<title>Legy\u00e9l te is az \u00f3kor m\u00e9rn\u00f6ke! - \u00d3budai Ny\u00e1r 2022 | obuda.hu<\/title>\n<meta name=\"robots\" content=\"index, follow, max-snippet:-1, max-image-preview:large, max-video-preview:-1\" \/>\n<link rel=\"canonical\" href=\"https:\/\/www.obudainyar.hu\/2022\/esemeny\/legyel-te-is-az-okor-mernoke\/\" \/>\n<meta property=\"og:locale\" content=\"hu_HU\" \/>\n<meta property=\"og:type\" content=\"article\" \/>\n<meta property=\"og:title\" content=\"Legy\u00e9l te is az \u00f3kor m\u00e9rn\u00f6ke! - \u00d3budai Ny\u00e1r 2022 | obuda.hu\" \/>\n<meta property=\"og:description\" content=\"A program c\u00e9lja az \u00f3kori tal\u00e1lm\u00e1nyok j\u00e1t\u00e9kos megismer\u00e9se\" \/>\n<meta property=\"og:url\" content=\"https:\/\/www.obudainyar.hu\/2022\/esemeny\/legyel-te-is-az-okor-mernoke\/\" \/>\n<meta property=\"og:site_name\" content=\"\u00d3budai Ny\u00e1r 2022 | obuda.hu\" \/>\n<meta property=\"og:image\" content=\"https:\/\/www.obudainyar.hu\/2022\/wp-content\/uploads\/2021\/11\/ONY22_hero2-01.jpg\" \/>\n\t<meta property=\"og:image:width\" content=\"1600\" \/>\n\t<meta property=\"og:image:height\" content=\"900\" \/>\n<meta name=\"twitter:card\" content=\"summary_large_image\" \/>\n<meta name=\"twitter:label1\" content=\"Becs\u00fclt olvas\u00e1si id\u0151\" \/>\n\t<meta name=\"twitter:data1\" content=\"1 perc\" \/>\n<script type=\"application\/ld+json\" class=\"yoast-schema-graph\">{\"@context\":\"https:\/\/schema.org\",\"@graph\":[{\"@type\":\"WebSite\",\"@id\":\"https:\/\/www.obudainyar.hu\/2022\/#website\",\"url\":\"https:\/\/www.obudainyar.hu\/2022\/\",\"name\":\"\\u00d3budai Ny\\u00e1r 2022 | obuda.hu\",\"description\":\"\",\"potentialAction\":[{\"@type\":\"SearchAction\",\"target\":{\"@type\":\"EntryPoint\",\"urlTemplate\":\"https:\/\/www.obudainyar.hu\/2022\/?s={search_term_string}\"},\"query-input\":\"required name=search_term_string\"}],\"inLanguage\":\"hu\"},{\"@type\":\"WebPage\",\"@id\":\"https:\/\/www.obudainyar.hu\/2022\/esemeny\/legyel-te-is-az-okor-mernoke\/#webpage\",\"url\":\"https:\/\/www.obudainyar.hu\/2022\/esemeny\/legyel-te-is-az-okor-mernoke\/\",\"name\":\"Legy\\u00e9l te is az \\u00f3kor m\\u00e9rn\\u00f6ke! - \\u00d3budai Ny\\u00e1r 2022 | obuda.hu\",\"isPartOf\":{\"@id\":\"https:\/\/www.obudainyar.hu\/2022\/#website\"},\"datePublished\":\"2022-06-16T16:25:29+00:00\",\"dateModified\":\"2022-06-16T16:25:29+00:00\",\"breadcrumb\":{\"@id\":\"https:\/\/www.obudainyar.hu\/2022\/esemeny\/legyel-te-is-az-okor-mernoke\/#breadcrumb\"},\"inLanguage\":\"hu\",\"potentialAction\":[{\"@type\":\"ReadAction\",\"target\":[\"https:\/\/www.obudainyar.hu\/2022\/esemeny\/legyel-te-is-az-okor-mernoke\/\"]}]},{\"@type\":\"BreadcrumbList\",\"@id\":\"https:\/\/www.obudainyar.hu\/2022\/esemeny\/legyel-te-is-az-okor-mernoke\/#breadcrumb\",\"itemListElement\":[{\"@type\":\"ListItem\",\"position\":1,\"name\":\"Kezd\\u0151lap\",\"item\":\"https:\/\/www.obudainyar.hu\/2022\/\"},{\"@type\":\"ListItem\",\"position\":2,\"name\":\"Esem\\u00e9nyek\",\"item\":\"https:\/\/www.obudainyar.hu\/2022\/esemenyek\/\"},{\"@type\":\"ListItem\",\"position\":3,\"name\":\"Legy\\u00e9l te is az \\u00f3kor m\\u00e9rn\\u00f6ke!\"}]}]}<\/script>\n<!-- \/ Yoast SEO plugin. -->","yoast_head_json":{"title":"Legy\u00e9l te is az \u00f3kor m\u00e9rn\u00f6ke! - \u00d3budai Ny\u00e1r 2022 | obuda.hu","robots":{"index":"index","follow":"follow","max-snippet":"max-snippet:-1","max-image-preview":"max-image-preview:large","max-video-preview":"max-video-preview:-1"},"canonical":"https:\/\/www.obudainyar.hu\/2022\/esemeny\/legyel-te-is-az-okor-mernoke\/","og_locale":"hu_HU","og_type":"article","og_title":"Legy\u00e9l te is az \u00f3kor m\u00e9rn\u00f6ke! - \u00d3budai Ny\u00e1r 2022 | obuda.hu","og_description":"A program c\u00e9lja az \u00f3kori tal\u00e1lm\u00e1nyok j\u00e1t\u00e9kos megismer\u00e9se","og_url":"https:\/\/www.obudainyar.hu\/2022\/esemeny\/legyel-te-is-az-okor-mernoke\/","og_site_name":"\u00d3budai Ny\u00e1r 2022 | obuda.hu","og_image":[{"width":1600,"height":900,"url":"https:\/\/www.obudainyar.hu\/2022\/wp-content\/uploads\/2021\/11\/ONY22_hero2-01.jpg","type":"image\/jpeg"}],"twitter_card":"summary_large_image","twitter_misc":{"Becs\u00fclt olvas\u00e1si id\u0151":"1 perc"},"schema":{"@context":"https:\/\/schema.org","@graph":[{"@type":"WebSite","@id":"https:\/\/www.obudainyar.hu\/2022\/#website","url":"https:\/\/www.obudainyar.hu\/2022\/","name":"\u00d3budai Ny\u00e1r 2022 | obuda.hu","description":"","potentialAction":[{"@type":"SearchAction","target":{"@type":"EntryPoint","urlTemplate":"https:\/\/www.obudainyar.hu\/2022\/?s={search_term_string}"},"query-input":"required name=search_term_string"}],"inLanguage":"hu"},{"@type":"WebPage","@id":"https:\/\/www.obudainyar.hu\/2022\/esemeny\/legyel-te-is-az-okor-mernoke\/#webpage","url":"https:\/\/www.obudainyar.hu\/2022\/esemeny\/legyel-te-is-az-okor-mernoke\/","name":"Legy\u00e9l te is az \u00f3kor m\u00e9rn\u00f6ke! - \u00d3budai Ny\u00e1r 2022 | obuda.hu","isPartOf":{"@id":"https:\/\/www.obudainyar.hu\/2022\/#website"},"datePublished":"2022-06-16T16:25:29+00:00","dateModified":"2022-06-16T16:25:29+00:00","breadcrumb":{"@id":"https:\/\/www.obudainyar.hu\/2022\/esemeny\/legyel-te-is-az-okor-mernoke\/#breadcrumb"},"inLanguage":"hu","potentialAction":[{"@type":"ReadAction","target":["https:\/\/www.obudainyar.hu\/2022\/esemeny\/legyel-te-is-az-okor-mernoke\/"]}]},{"@type":"BreadcrumbList","@id":"https:\/\/www.obudainyar.hu\/2022\/esemeny\/legyel-te-is-az-okor-mernoke\/#breadcrumb","itemListElement":[{"@type":"ListItem","position":1,"name":"Kezd\u0151lap","item":"https:\/\/www.obudainyar.hu\/2022\/"},{"@type":"ListItem","position":2,"name":"Esem\u00e9nyek","item":"https:\/\/www.obudainyar.hu\/2022\/esemenyek\/"},{"@type":"ListItem","position":3,"name":"Legy\u00e9l te is az \u00f3kor m\u00e9rn\u00f6ke!"}]}]}},"_links":{"self":[{"href":"https:\/\/www.obudainyar.hu\/2022\/wp-json\/wp\/v2\/tribe_events\/2581"}],"collection":[{"href":"https:\/\/www.obudainyar.hu\/2022\/wp-json\/wp\/v2\/tribe_events"}],"about":[{"href":"https:\/\/www.obudainyar.hu\/2022\/wp-json\/wp\/v2\/types\/tribe_events"}],"author":[{"embeddable":true,"href":"https:\/\/www.obudainyar.hu\/2022\/wp-json\/wp\/v2\/users\/7"}],"replies":[{"embeddable":true,"href":"https:\/\/www.obudainyar.hu\/2022\/wp-json\/wp\/v2\/comments?post=2581"}],"version-history":[{"count":1,"href":"https:\/\/www.obudainyar.hu\/2022\/wp-json\/wp\/v2\/tribe_events\/2581\/revisions"}],"predecessor-version":[{"id":2582,"href":"https:\/\/www.obudainyar.hu\/2022\/wp-json\/wp\/v2\/tribe_events\/2581\/revisions\/2582"}],"wp:attachment":[{"href":"https:\/\/www.obudainyar.hu\/2022\/wp-json\/wp\/v2\/media?parent=2581"}],"wp:term":[{"taxonomy":"post_tag","embeddable":true,"href":"https:\/\/www.obudainyar.hu\/2022\/wp-json\/wp\/v2\/tags?post=2581"},{"taxonomy":"tribe_events_cat","embeddable":true,"href":"https:\/\/www.obudainyar.hu\/2022\/wp-json\/wp\/v2\/tribe_events_cat?post=2581"}],"curies":[{"name":"wp","href":"https:\/\/api.w.org\/{rel}","templated":true}]}}

Legyél te is az ókor mérnöke!

<p>A program célja az ókori találmányok játékos megismerése: hogy a diákok rájöjjenek arra, hogy a tantermi oktatás során megismert, leírva gyakran nehezen érthető és bonyolultnak hangzó kísérletek és találmányok valójában mennyire logikusak és egyszerűek voltak. A program során elvégzett kísérletek lehetővé teszik a találmányok megértését, a kontextusnak (a kiállítás, a rekonstrukciós kisfilmek, stb.) köszönhetően pedig könnyen értelmezhetővé válik a találmányok gyakorlati használata és jelentősége</p>

<p>A program célja az ókori találmányok játékos megismerése</p>

<!-- This site is optimized with the Yoast SEO plugin v17.5 - https://yoast.com/wordpress/plugins/seo/ -->
<title>Legyél te is az ókor mérnöke! - Óbudai Nyár 2022 | obuda.hu</title>
<meta name="robots" content="index, follow, max-snippet:-1, max-image-preview:large, max-video-preview:-1" />
<link rel="canonical" href="https://www.obudainyar.hu/2022/esemeny/legyel-te-is-az-okor-mernoke/" />
<meta property="og:locale" content="hu_HU" />
<meta property="og:type" content="article" />
<meta property="og:title" content="Legyél te is az ókor mérnöke! - Óbudai Nyár 2022 | obuda.hu" />
<meta property="og:description" content="A program célja az ókori találmányok játékos megismerése" />
<meta property="og:url" content="https://www.obudainyar.hu/2022/esemeny/legyel-te-is-az-okor-mernoke/" />
<meta property="og:site_name" content="Óbudai Nyár 2022 | obuda.hu" />
<meta property="og:image" content="https://www.obudainyar.hu/2022/wp-content/uploads/2021/11/ONY22_hero2-01.jpg" />
	<meta property="og:image:width" content="1600" />
	<meta property="og:image:height" content="900" />
<meta name="twitter:card" content="summary_large_image" />
<meta name="twitter:label1" content="Becsült olvasási idő" />
	<meta name="twitter:data1" content="1 perc" />
<script type="application/ld+json" class="yoast-schema-graph">{"@context":"https://schema.org","@graph":[{"@type":"WebSite","@id":"https://www.obudainyar.hu/2022/#website","url":"https://www.obudainyar.hu/2022/","name":"\u00d3budai Ny\u00e1r 2022 | obuda.hu","description":"","potentialAction":[{"@type":"SearchAction","target":{"@type":"EntryPoint","urlTemplate":"https://www.obudainyar.hu/2022/?s={search_term_string}"},"query-input":"required name=search_term_string"}],"inLanguage":"hu"},{"@type":"WebPage","@id":"https://www.obudainyar.hu/2022/esemeny/legyel-te-is-az-okor-mernoke/#webpage","url":"https://www.obudainyar.hu/2022/esemeny/legyel-te-is-az-okor-mernoke/","name":"Legy\u00e9l te is az \u00f3kor m\u00e9rn\u00f6ke! - \u00d3budai Ny\u00e1r 2022 | obuda.hu","isPartOf":{"@id":"https://www.obudainyar.hu/2022/#website"},"datePublished":"2022-06-16T16:25:29+00:00","dateModified":"2022-06-16T16:25:29+00:00","breadcrumb":{"@id":"https://www.obudainyar.hu/2022/esemeny/legyel-te-is-az-okor-mernoke/#breadcrumb"},"inLanguage":"hu","potentialAction":[{"@type":"ReadAction","target":["https://www.obudainyar.hu/2022/esemeny/legyel-te-is-az-okor-mernoke/"]}]},{"@type":"BreadcrumbList","@id":"https://www.obudainyar.hu/2022/esemeny/legyel-te-is-az-okor-mernoke/#breadcrumb","itemListElement":[{"@type":"ListItem","position":1,"name":"Kezd\u0151lap","item":"https://www.obudainyar.hu/2022/"},{"@type":"ListItem","position":2,"name":"Esem\u00e9nyek","item":"https://www.obudainyar.hu/2022/esemenyek/"},{"@type":"ListItem","position":3,"name":"Legy\u00e9l te is az \u00f3kor m\u00e9rn\u00f6ke!"}]}]}</script>
<!-- / Yoast SEO plugin. -->

Legyél te is az ókor mérnöke! - Óbudai Nyár 2022 | obuda.hu

A program célja az ókori találmányok játékos megismerése

Óbudai Nyár 2022 | obuda.hu

Kezdőlap

Események
