{"id":2628,"date":"2022-06-17T10:09:31","date_gmt":"2022-06-17T08:09:31","guid":{"rendered":"https:\/\/www.obudainyar.hu\/2022\/?post_type=tribe_events&#038;p=2628"},"modified":"2022-06-17T10:09:31","modified_gmt":"2022-06-17T08:09:31","slug":"szubjektiv-tarlatvezetes","status":"publish","type":"tribe_events","link":"https:\/\/www.obudainyar.hu\/2022\/esemeny\/szubjektiv-tarlatvezetes\/","title":{"rendered":"Szubjekt\u00edv t\u00e1rlatvezet\u00e9s"},"content":{"rendered":"<p style=\"margin-top: 0cm; line-height: 115%; background: white;\">A sz\u00ednh\u00e1zi l\u00e1tv\u00e1nyra gyakran gondolunk \u00fagy, mint a sz\u00f6veges-dramatikus cselekm\u00e9nyt kieg\u00e9sz\u00edt\u0151 k\u00f6rnyezeti vil\u00e1gra: a d\u00edszlet- \u00e9s jelmeztervez\u0151 a sz\u00ednh\u00e1zi rendez\u0151vel szorosan egy\u00fcttm\u0171k\u00f6dve olyan l\u00e1tv\u00e1nyvil\u00e1got alkot, mely a cselekm\u00e9ny kontextus\u00e1t legink\u00e1bb t\u00e1mogatja. L\u00e9tezik azonban a sz\u00ednh\u00e1zi l\u00e1tv\u00e1nytervez\u00e9snek egy olyan megk\u00f6zel\u00edt\u00e9se, amikor az el\u0151ad\u00e1sban a vizu\u00e1lis elemek \u00f6n\u00e1ll\u00f3 \u00e9letre kelnek, \u00e9s nem kiszolg\u00e1lj\u00e1k, hanem megteremtik, inspir\u00e1lj\u00e1k a sz\u00ednpadi esem\u00e9nyek sor\u00e1t. Az ilyen el\u0151ad\u00e1sok a l\u00e1tv\u00e1nysz\u00ednh\u00e1z vagy vizu\u00e1lis sz\u00ednh\u00e1z m\u0171faj\u00e1ba tartoznak.<\/p>\n<p style=\"margin-top: 0cm; line-height: 115%; background: white;\">A vizu\u00e1lis sz\u00ednh\u00e1zban a koszt\u00fcm\u00f6k, tulajdonk\u00e9ppen test-maszkok kil\u00e9pnek az alkalmazott k\u00e9pz\u0151m\u0171v\u00e9szet kereteib\u0151l \u00e9s mintegy kifejez\u0151eszk\u00f6zk\u00e9nt k\u00f6zvet\u00edtenek tartalmakat, jel\u00f6lnek \u00e9rzelmi \u00e1llapotokat vagy ak\u00e1r t\u00e1rsadalmi jelens\u00e9geket.<\/p>\n<p style=\"margin-top: 0cm; line-height: 115%; background: white;\">Ezen a ki\u00e1ll\u00edt\u00e1son h\u00e1rom olyan n\u0151i alkot\u00f3 munk\u00e1i szerepelnek, akik ennek a sz\u00ednh\u00e1zi formanyelvnek k\u00e9pvisel\u0151i, \u00e9s akik sz\u00e1m\u00e1ra a jelmez vizu\u00e1lis nyelven \u201ebesz\u00e9l\u0151\u201d anim\u00e1lhat\u00f3 burok, mozgathat\u00f3-v\u00e1ltoztathat\u00f3 l\u00e1gy szobor.<\/p>\n","protected":false},"excerpt":{"rendered":"<p>Pet\u0151 Kata sz\u00edn\u00e9sz a TESTMASZKOK ki\u00e1ll\u00edt\u00e1sban<\/p>\n","protected":false},"author":7,"featured_media":0,"comment_status":"open","ping_status":"closed","template":"","meta":[],"tags":[28,353,340,23,18],"tribe_events_cat":[338],"yoast_head":"<!-- This site is optimized with the Yoast SEO plugin v17.5 - https:\/\/yoast.com\/wordpress\/plugins\/seo\/ -->\n<title>Szubjekt\u00edv t\u00e1rlatvezet\u00e9s - \u00d3budai Ny\u00e1r 2022 | obuda.hu<\/title>\n<meta name=\"robots\" content=\"index, follow, max-snippet:-1, max-image-preview:large, max-video-preview:-1\" \/>\n<link rel=\"canonical\" href=\"https:\/\/www.obudainyar.hu\/2022\/esemeny\/szubjektiv-tarlatvezetes\/\" \/>\n<meta property=\"og:locale\" content=\"hu_HU\" \/>\n<meta property=\"og:type\" content=\"article\" \/>\n<meta property=\"og:title\" content=\"Szubjekt\u00edv t\u00e1rlatvezet\u00e9s - \u00d3budai Ny\u00e1r 2022 | obuda.hu\" \/>\n<meta property=\"og:description\" content=\"Pet\u0151 Kata sz\u00edn\u00e9sz a TESTMASZKOK ki\u00e1ll\u00edt\u00e1sban\" \/>\n<meta property=\"og:url\" content=\"https:\/\/www.obudainyar.hu\/2022\/esemeny\/szubjektiv-tarlatvezetes\/\" \/>\n<meta property=\"og:site_name\" content=\"\u00d3budai Ny\u00e1r 2022 | obuda.hu\" \/>\n<meta property=\"og:image\" content=\"https:\/\/www.obudainyar.hu\/2022\/wp-content\/uploads\/2021\/11\/ONY22_hero2-01.jpg\" \/>\n\t<meta property=\"og:image:width\" content=\"1600\" \/>\n\t<meta property=\"og:image:height\" content=\"900\" \/>\n<meta name=\"twitter:card\" content=\"summary_large_image\" \/>\n<meta name=\"twitter:label1\" content=\"Becs\u00fclt olvas\u00e1si id\u0151\" \/>\n\t<meta name=\"twitter:data1\" content=\"1 perc\" \/>\n<script type=\"application\/ld+json\" class=\"yoast-schema-graph\">{\"@context\":\"https:\/\/schema.org\",\"@graph\":[{\"@type\":\"WebSite\",\"@id\":\"https:\/\/www.obudainyar.hu\/2022\/#website\",\"url\":\"https:\/\/www.obudainyar.hu\/2022\/\",\"name\":\"\\u00d3budai Ny\\u00e1r 2022 | obuda.hu\",\"description\":\"\",\"potentialAction\":[{\"@type\":\"SearchAction\",\"target\":{\"@type\":\"EntryPoint\",\"urlTemplate\":\"https:\/\/www.obudainyar.hu\/2022\/?s={search_term_string}\"},\"query-input\":\"required name=search_term_string\"}],\"inLanguage\":\"hu\"},{\"@type\":\"WebPage\",\"@id\":\"https:\/\/www.obudainyar.hu\/2022\/esemeny\/szubjektiv-tarlatvezetes\/#webpage\",\"url\":\"https:\/\/www.obudainyar.hu\/2022\/esemeny\/szubjektiv-tarlatvezetes\/\",\"name\":\"Szubjekt\\u00edv t\\u00e1rlatvezet\\u00e9s - \\u00d3budai Ny\\u00e1r 2022 | obuda.hu\",\"isPartOf\":{\"@id\":\"https:\/\/www.obudainyar.hu\/2022\/#website\"},\"datePublished\":\"2022-06-17T08:09:31+00:00\",\"dateModified\":\"2022-06-17T08:09:31+00:00\",\"breadcrumb\":{\"@id\":\"https:\/\/www.obudainyar.hu\/2022\/esemeny\/szubjektiv-tarlatvezetes\/#breadcrumb\"},\"inLanguage\":\"hu\",\"potentialAction\":[{\"@type\":\"ReadAction\",\"target\":[\"https:\/\/www.obudainyar.hu\/2022\/esemeny\/szubjektiv-tarlatvezetes\/\"]}]},{\"@type\":\"BreadcrumbList\",\"@id\":\"https:\/\/www.obudainyar.hu\/2022\/esemeny\/szubjektiv-tarlatvezetes\/#breadcrumb\",\"itemListElement\":[{\"@type\":\"ListItem\",\"position\":1,\"name\":\"Kezd\\u0151lap\",\"item\":\"https:\/\/www.obudainyar.hu\/2022\/\"},{\"@type\":\"ListItem\",\"position\":2,\"name\":\"Esem\\u00e9nyek\",\"item\":\"https:\/\/www.obudainyar.hu\/2022\/esemenyek\/\"},{\"@type\":\"ListItem\",\"position\":3,\"name\":\"Szubjekt\\u00edv t\\u00e1rlatvezet\\u00e9s\"}]}]}<\/script>\n<!-- \/ Yoast SEO plugin. -->","yoast_head_json":{"title":"Szubjekt\u00edv t\u00e1rlatvezet\u00e9s - \u00d3budai Ny\u00e1r 2022 | obuda.hu","robots":{"index":"index","follow":"follow","max-snippet":"max-snippet:-1","max-image-preview":"max-image-preview:large","max-video-preview":"max-video-preview:-1"},"canonical":"https:\/\/www.obudainyar.hu\/2022\/esemeny\/szubjektiv-tarlatvezetes\/","og_locale":"hu_HU","og_type":"article","og_title":"Szubjekt\u00edv t\u00e1rlatvezet\u00e9s - \u00d3budai Ny\u00e1r 2022 | obuda.hu","og_description":"Pet\u0151 Kata sz\u00edn\u00e9sz a TESTMASZKOK ki\u00e1ll\u00edt\u00e1sban","og_url":"https:\/\/www.obudainyar.hu\/2022\/esemeny\/szubjektiv-tarlatvezetes\/","og_site_name":"\u00d3budai Ny\u00e1r 2022 | obuda.hu","og_image":[{"width":1600,"height":900,"url":"https:\/\/www.obudainyar.hu\/2022\/wp-content\/uploads\/2021\/11\/ONY22_hero2-01.jpg","type":"image\/jpeg"}],"twitter_card":"summary_large_image","twitter_misc":{"Becs\u00fclt olvas\u00e1si id\u0151":"1 perc"},"schema":{"@context":"https:\/\/schema.org","@graph":[{"@type":"WebSite","@id":"https:\/\/www.obudainyar.hu\/2022\/#website","url":"https:\/\/www.obudainyar.hu\/2022\/","name":"\u00d3budai Ny\u00e1r 2022 | obuda.hu","description":"","potentialAction":[{"@type":"SearchAction","target":{"@type":"EntryPoint","urlTemplate":"https:\/\/www.obudainyar.hu\/2022\/?s={search_term_string}"},"query-input":"required name=search_term_string"}],"inLanguage":"hu"},{"@type":"WebPage","@id":"https:\/\/www.obudainyar.hu\/2022\/esemeny\/szubjektiv-tarlatvezetes\/#webpage","url":"https:\/\/www.obudainyar.hu\/2022\/esemeny\/szubjektiv-tarlatvezetes\/","name":"Szubjekt\u00edv t\u00e1rlatvezet\u00e9s - \u00d3budai Ny\u00e1r 2022 | obuda.hu","isPartOf":{"@id":"https:\/\/www.obudainyar.hu\/2022\/#website"},"datePublished":"2022-06-17T08:09:31+00:00","dateModified":"2022-06-17T08:09:31+00:00","breadcrumb":{"@id":"https:\/\/www.obudainyar.hu\/2022\/esemeny\/szubjektiv-tarlatvezetes\/#breadcrumb"},"inLanguage":"hu","potentialAction":[{"@type":"ReadAction","target":["https:\/\/www.obudainyar.hu\/2022\/esemeny\/szubjektiv-tarlatvezetes\/"]}]},{"@type":"BreadcrumbList","@id":"https:\/\/www.obudainyar.hu\/2022\/esemeny\/szubjektiv-tarlatvezetes\/#breadcrumb","itemListElement":[{"@type":"ListItem","position":1,"name":"Kezd\u0151lap","item":"https:\/\/www.obudainyar.hu\/2022\/"},{"@type":"ListItem","position":2,"name":"Esem\u00e9nyek","item":"https:\/\/www.obudainyar.hu\/2022\/esemenyek\/"},{"@type":"ListItem","position":3,"name":"Szubjekt\u00edv t\u00e1rlatvezet\u00e9s"}]}]}},"_links":{"self":[{"href":"https:\/\/www.obudainyar.hu\/2022\/wp-json\/wp\/v2\/tribe_events\/2628"}],"collection":[{"href":"https:\/\/www.obudainyar.hu\/2022\/wp-json\/wp\/v2\/tribe_events"}],"about":[{"href":"https:\/\/www.obudainyar.hu\/2022\/wp-json\/wp\/v2\/types\/tribe_events"}],"author":[{"embeddable":true,"href":"https:\/\/www.obudainyar.hu\/2022\/wp-json\/wp\/v2\/users\/7"}],"replies":[{"embeddable":true,"href":"https:\/\/www.obudainyar.hu\/2022\/wp-json\/wp\/v2\/comments?post=2628"}],"version-history":[{"count":1,"href":"https:\/\/www.obudainyar.hu\/2022\/wp-json\/wp\/v2\/tribe_events\/2628\/revisions"}],"predecessor-version":[{"id":2629,"href":"https:\/\/www.obudainyar.hu\/2022\/wp-json\/wp\/v2\/tribe_events\/2628\/revisions\/2629"}],"wp:attachment":[{"href":"https:\/\/www.obudainyar.hu\/2022\/wp-json\/wp\/v2\/media?parent=2628"}],"wp:term":[{"taxonomy":"post_tag","embeddable":true,"href":"https:\/\/www.obudainyar.hu\/2022\/wp-json\/wp\/v2\/tags?post=2628"},{"taxonomy":"tribe_events_cat","embeddable":true,"href":"https:\/\/www.obudainyar.hu\/2022\/wp-json\/wp\/v2\/tribe_events_cat?post=2628"}],"curies":[{"name":"wp","href":"https:\/\/api.w.org\/{rel}","templated":true}]}}

Szubjektív tárlatvezetés

<p style="margin-top: 0cm; line-height: 115%; background: white;">A színházi látványra gyakran gondolunk úgy, mint a szöveges-dramatikus cselekményt kiegészítő környezeti világra: a díszlet- és jelmeztervező a színházi rendezővel szorosan együttműködve olyan látványvilágot alkot, mely a cselekmény kontextusát leginkább támogatja. Létezik azonban a színházi látványtervezésnek egy olyan megközelítése, amikor az előadásban a vizuális elemek önálló életre kelnek, és nem kiszolgálják, hanem megteremtik, inspirálják a színpadi események sorát. Az ilyen előadások a látványszínház vagy vizuális színház műfajába tartoznak.</p>
<p style="margin-top: 0cm; line-height: 115%; background: white;">A vizuális színházban a kosztümök, tulajdonképpen test-maszkok kilépnek az alkalmazott képzőművészet kereteiből és mintegy kifejezőeszközként közvetítenek tartalmakat, jelölnek érzelmi állapotokat vagy akár társadalmi jelenségeket.</p>
<p style="margin-top: 0cm; line-height: 115%; background: white;">Ezen a kiállításon három olyan női alkotó munkái szerepelnek, akik ennek a színházi formanyelvnek képviselői, és akik számára a jelmez vizuális nyelven „beszélő” animálható burok, mozgatható-változtatható lágy szobor.</p>

<p>Pető Kata színész a TESTMASZKOK kiállításban</p>

<!-- This site is optimized with the Yoast SEO plugin v17.5 - https://yoast.com/wordpress/plugins/seo/ -->
<title>Szubjektív tárlatvezetés - Óbudai Nyár 2022 | obuda.hu</title>
<meta name="robots" content="index, follow, max-snippet:-1, max-image-preview:large, max-video-preview:-1" />
<link rel="canonical" href="https://www.obudainyar.hu/2022/esemeny/szubjektiv-tarlatvezetes/" />
<meta property="og:locale" content="hu_HU" />
<meta property="og:type" content="article" />
<meta property="og:title" content="Szubjektív tárlatvezetés - Óbudai Nyár 2022 | obuda.hu" />
<meta property="og:description" content="Pető Kata színész a TESTMASZKOK kiállításban" />
<meta property="og:url" content="https://www.obudainyar.hu/2022/esemeny/szubjektiv-tarlatvezetes/" />
<meta property="og:site_name" content="Óbudai Nyár 2022 | obuda.hu" />
<meta property="og:image" content="https://www.obudainyar.hu/2022/wp-content/uploads/2021/11/ONY22_hero2-01.jpg" />
	<meta property="og:image:width" content="1600" />
	<meta property="og:image:height" content="900" />
<meta name="twitter:card" content="summary_large_image" />
<meta name="twitter:label1" content="Becsült olvasási idő" />
	<meta name="twitter:data1" content="1 perc" />
<script type="application/ld+json" class="yoast-schema-graph">{"@context":"https://schema.org","@graph":[{"@type":"WebSite","@id":"https://www.obudainyar.hu/2022/#website","url":"https://www.obudainyar.hu/2022/","name":"\u00d3budai Ny\u00e1r 2022 | obuda.hu","description":"","potentialAction":[{"@type":"SearchAction","target":{"@type":"EntryPoint","urlTemplate":"https://www.obudainyar.hu/2022/?s={search_term_string}"},"query-input":"required name=search_term_string"}],"inLanguage":"hu"},{"@type":"WebPage","@id":"https://www.obudainyar.hu/2022/esemeny/szubjektiv-tarlatvezetes/#webpage","url":"https://www.obudainyar.hu/2022/esemeny/szubjektiv-tarlatvezetes/","name":"Szubjekt\u00edv t\u00e1rlatvezet\u00e9s - \u00d3budai Ny\u00e1r 2022 | obuda.hu","isPartOf":{"@id":"https://www.obudainyar.hu/2022/#website"},"datePublished":"2022-06-17T08:09:31+00:00","dateModified":"2022-06-17T08:09:31+00:00","breadcrumb":{"@id":"https://www.obudainyar.hu/2022/esemeny/szubjektiv-tarlatvezetes/#breadcrumb"},"inLanguage":"hu","potentialAction":[{"@type":"ReadAction","target":["https://www.obudainyar.hu/2022/esemeny/szubjektiv-tarlatvezetes/"]}]},{"@type":"BreadcrumbList","@id":"https://www.obudainyar.hu/2022/esemeny/szubjektiv-tarlatvezetes/#breadcrumb","itemListElement":[{"@type":"ListItem","position":1,"name":"Kezd\u0151lap","item":"https://www.obudainyar.hu/2022/"},{"@type":"ListItem","position":2,"name":"Esem\u00e9nyek","item":"https://www.obudainyar.hu/2022/esemenyek/"},{"@type":"ListItem","position":3,"name":"Szubjekt\u00edv t\u00e1rlatvezet\u00e9s"}]}]}</script>
<!-- / Yoast SEO plugin. -->

Szubjektív tárlatvezetés - Óbudai Nyár 2022 | obuda.hu

Pető Kata színész a TESTMASZKOK kiállításban

Óbudai Nyár 2022 | obuda.hu

Kezdőlap

Események
