{"id":2643,"date":"2022-06-17T10:26:09","date_gmt":"2022-06-17T08:26:09","guid":{"rendered":"https:\/\/www.obudainyar.hu\/2022\/?post_type=tribe_events&#038;p=2643"},"modified":"2022-06-17T10:26:09","modified_gmt":"2022-06-17T08:26:09","slug":"tarlatvezetes-kis-prumik-zoltan-sohasevolt-idok-cimu-kiallitasan","status":"publish","type":"tribe_events","link":"https:\/\/www.obudainyar.hu\/2022\/esemeny\/tarlatvezetes-kis-prumik-zoltan-sohasevolt-idok-cimu-kiallitasan\/","title":{"rendered":"T\u00e1rlatvezet\u00e9s Kis-Prumik Zolt\u00e1n &#8211; Sohasevolt id\u0151k c\u00edm\u0171 ki\u00e1ll\u00edt\u00e1s\u00e1n"},"content":{"rendered":"<p style=\"margin-top: 0cm; line-height: 115%; background: white;\">\u00c9rdekl\u0151d\u00e9s\u00e9nek k\u00f6z\u00e9ppontj\u00e1ban h\u00e9tk\u00f6znapi t\u00e1rgyaink l\u00edrai \u00fajra\u00e9rtelmez\u00e9se \u00e1ll, azok elvont, szokatlan, olykor kiford\u00edtott szeml\u00e9lete. A \u201esohasevolt id\u0151k\u201d kifejez\u00e9s egy rejtett dimenzi\u00f3t takar, ahol a tudatosan \u00e9rz\u00e9kelhet\u0151 dolgok a tudatalatti k\u00e9pzett\u00e1rs\u00edt\u00e1sokkal, a t\u00e1rgyak l\u00e9t\u00e9nek tov\u00e1bbgondol\u00e1s\u00e1val tal\u00e1lkozik. A t\u00e1rgyak \u00e9s k\u00f6rnyezet\u00fck fikt\u00edv tal\u00e1lkoz\u00e1saiban festm\u00e9nyein a lehetetlen \u00e9s a sejthet\u0151 k\u00f6zti sz\u0171k egy\u00fctt\u00e1ll\u00e1sban mondja ki a t\u00e1rgyakba rejtett t\u00f6rt\u00e9neteket.<\/p>\n<p style=\"margin-top: 0cm; line-height: 115%; background: white;\">K\u00e9pein a szoban\u00f6v\u00e9ny bev\u00e1ndorolhat\u00f3 vadonn\u00e1 v\u00e1lik, macska \u00e9s sz\u00e9k koh\u00e9zi\u00f3ra l\u00e9p, a t\u00f6r\u00f6tt b\u00f6gre monument\u00e1lis eml\u00e9km\u0171v\u00e9 min\u0151s\u00fcl, mialatt a metron\u00f3mok eln\u00e9mulnak. T\u00e1rgyi k\u00f6rnyezet\u00fcnk kiszolg\u00e1ltatotts\u00e1ga \u00e9s esend\u0151 esetlegess\u00e9ge nem csak t\u00e9m\u00e1iban, de anyaghaszn\u00e1lat\u00e1ban is visszak\u00f6sz\u00f6n. Otthonunk \u00e9s \u00e9p\u00fcleteink vakolatr\u00e9tege v\u00e1sznain is megtelepszik, saj\u00e1tos materialit\u00e1st k\u00f6lcs\u00f6n\u00f6zve m\u0171veinek.<\/p>\n<p style=\"margin-top: 0cm; line-height: 115%; background: white;\">Festm\u00e9nyei gazdag vil\u00e1g\u00e1t a Sohasevolt id\u0151k ki\u00e1ll\u00edt\u00e1son t\u00e9rbeli install\u00e1ci\u00f3kon kereszt\u00fcl helyezi \u00fajabb s\u00edkra.<\/p>\n","protected":false},"excerpt":{"rendered":"<p>A Sohasevolt id\u0151k Kis-Prumik Zolt\u00e1n fest\u0151m\u0171v\u00e9sz els\u0151 nagyszab\u00e1s\u00fa ki\u00e1ll\u00edt\u00e1sa a f\u0151v\u00e1rosban. <\/p>\n","protected":false},"author":7,"featured_media":0,"comment_status":"open","ping_status":"closed","template":"","meta":[],"tags":[28,25,353,340],"tribe_events_cat":[338],"yoast_head":"<!-- This site is optimized with the Yoast SEO plugin v17.5 - https:\/\/yoast.com\/wordpress\/plugins\/seo\/ -->\n<title>T\u00e1rlatvezet\u00e9s Kis-Prumik Zolt\u00e1n - Sohasevolt id\u0151k c\u00edm\u0171 ki\u00e1ll\u00edt\u00e1s\u00e1n - \u00d3budai Ny\u00e1r 2022 | obuda.hu<\/title>\n<meta name=\"robots\" content=\"index, follow, max-snippet:-1, max-image-preview:large, max-video-preview:-1\" \/>\n<link rel=\"canonical\" href=\"https:\/\/www.obudainyar.hu\/2022\/esemeny\/tarlatvezetes-kis-prumik-zoltan-sohasevolt-idok-cimu-kiallitasan\/\" \/>\n<meta property=\"og:locale\" content=\"hu_HU\" \/>\n<meta property=\"og:type\" content=\"article\" \/>\n<meta property=\"og:title\" content=\"T\u00e1rlatvezet\u00e9s Kis-Prumik Zolt\u00e1n - Sohasevolt id\u0151k c\u00edm\u0171 ki\u00e1ll\u00edt\u00e1s\u00e1n - \u00d3budai Ny\u00e1r 2022 | obuda.hu\" \/>\n<meta property=\"og:description\" content=\"A Sohasevolt id\u0151k Kis-Prumik Zolt\u00e1n fest\u0151m\u0171v\u00e9sz els\u0151 nagyszab\u00e1s\u00fa ki\u00e1ll\u00edt\u00e1sa a f\u0151v\u00e1rosban.\" \/>\n<meta property=\"og:url\" content=\"https:\/\/www.obudainyar.hu\/2022\/esemeny\/tarlatvezetes-kis-prumik-zoltan-sohasevolt-idok-cimu-kiallitasan\/\" \/>\n<meta property=\"og:site_name\" content=\"\u00d3budai Ny\u00e1r 2022 | obuda.hu\" \/>\n<meta property=\"og:image\" content=\"https:\/\/www.obudainyar.hu\/2022\/wp-content\/uploads\/2021\/11\/ONY22_hero2-01.jpg\" \/>\n\t<meta property=\"og:image:width\" content=\"1600\" \/>\n\t<meta property=\"og:image:height\" content=\"900\" \/>\n<meta name=\"twitter:card\" content=\"summary_large_image\" \/>\n<meta name=\"twitter:label1\" content=\"Becs\u00fclt olvas\u00e1si id\u0151\" \/>\n\t<meta name=\"twitter:data1\" content=\"1 perc\" \/>\n<script type=\"application\/ld+json\" class=\"yoast-schema-graph\">{\"@context\":\"https:\/\/schema.org\",\"@graph\":[{\"@type\":\"WebSite\",\"@id\":\"https:\/\/www.obudainyar.hu\/2022\/#website\",\"url\":\"https:\/\/www.obudainyar.hu\/2022\/\",\"name\":\"\\u00d3budai Ny\\u00e1r 2022 | obuda.hu\",\"description\":\"\",\"potentialAction\":[{\"@type\":\"SearchAction\",\"target\":{\"@type\":\"EntryPoint\",\"urlTemplate\":\"https:\/\/www.obudainyar.hu\/2022\/?s={search_term_string}\"},\"query-input\":\"required name=search_term_string\"}],\"inLanguage\":\"hu\"},{\"@type\":\"WebPage\",\"@id\":\"https:\/\/www.obudainyar.hu\/2022\/esemeny\/tarlatvezetes-kis-prumik-zoltan-sohasevolt-idok-cimu-kiallitasan\/#webpage\",\"url\":\"https:\/\/www.obudainyar.hu\/2022\/esemeny\/tarlatvezetes-kis-prumik-zoltan-sohasevolt-idok-cimu-kiallitasan\/\",\"name\":\"T\\u00e1rlatvezet\\u00e9s Kis-Prumik Zolt\\u00e1n - Sohasevolt id\\u0151k c\\u00edm\\u0171 ki\\u00e1ll\\u00edt\\u00e1s\\u00e1n - \\u00d3budai Ny\\u00e1r 2022 | obuda.hu\",\"isPartOf\":{\"@id\":\"https:\/\/www.obudainyar.hu\/2022\/#website\"},\"datePublished\":\"2022-06-17T08:26:09+00:00\",\"dateModified\":\"2022-06-17T08:26:09+00:00\",\"breadcrumb\":{\"@id\":\"https:\/\/www.obudainyar.hu\/2022\/esemeny\/tarlatvezetes-kis-prumik-zoltan-sohasevolt-idok-cimu-kiallitasan\/#breadcrumb\"},\"inLanguage\":\"hu\",\"potentialAction\":[{\"@type\":\"ReadAction\",\"target\":[\"https:\/\/www.obudainyar.hu\/2022\/esemeny\/tarlatvezetes-kis-prumik-zoltan-sohasevolt-idok-cimu-kiallitasan\/\"]}]},{\"@type\":\"BreadcrumbList\",\"@id\":\"https:\/\/www.obudainyar.hu\/2022\/esemeny\/tarlatvezetes-kis-prumik-zoltan-sohasevolt-idok-cimu-kiallitasan\/#breadcrumb\",\"itemListElement\":[{\"@type\":\"ListItem\",\"position\":1,\"name\":\"Kezd\\u0151lap\",\"item\":\"https:\/\/www.obudainyar.hu\/2022\/\"},{\"@type\":\"ListItem\",\"position\":2,\"name\":\"Esem\\u00e9nyek\",\"item\":\"https:\/\/www.obudainyar.hu\/2022\/esemenyek\/\"},{\"@type\":\"ListItem\",\"position\":3,\"name\":\"T\\u00e1rlatvezet\\u00e9s Kis-Prumik Zolt\\u00e1n &#8211; Sohasevolt id\\u0151k c\\u00edm\\u0171 ki\\u00e1ll\\u00edt\\u00e1s\\u00e1n\"}]}]}<\/script>\n<!-- \/ Yoast SEO plugin. -->","yoast_head_json":{"title":"T\u00e1rlatvezet\u00e9s Kis-Prumik Zolt\u00e1n - Sohasevolt id\u0151k c\u00edm\u0171 ki\u00e1ll\u00edt\u00e1s\u00e1n - \u00d3budai Ny\u00e1r 2022 | obuda.hu","robots":{"index":"index","follow":"follow","max-snippet":"max-snippet:-1","max-image-preview":"max-image-preview:large","max-video-preview":"max-video-preview:-1"},"canonical":"https:\/\/www.obudainyar.hu\/2022\/esemeny\/tarlatvezetes-kis-prumik-zoltan-sohasevolt-idok-cimu-kiallitasan\/","og_locale":"hu_HU","og_type":"article","og_title":"T\u00e1rlatvezet\u00e9s Kis-Prumik Zolt\u00e1n - Sohasevolt id\u0151k c\u00edm\u0171 ki\u00e1ll\u00edt\u00e1s\u00e1n - \u00d3budai Ny\u00e1r 2022 | obuda.hu","og_description":"A Sohasevolt id\u0151k Kis-Prumik Zolt\u00e1n fest\u0151m\u0171v\u00e9sz els\u0151 nagyszab\u00e1s\u00fa ki\u00e1ll\u00edt\u00e1sa a f\u0151v\u00e1rosban.","og_url":"https:\/\/www.obudainyar.hu\/2022\/esemeny\/tarlatvezetes-kis-prumik-zoltan-sohasevolt-idok-cimu-kiallitasan\/","og_site_name":"\u00d3budai Ny\u00e1r 2022 | obuda.hu","og_image":[{"width":1600,"height":900,"url":"https:\/\/www.obudainyar.hu\/2022\/wp-content\/uploads\/2021\/11\/ONY22_hero2-01.jpg","type":"image\/jpeg"}],"twitter_card":"summary_large_image","twitter_misc":{"Becs\u00fclt olvas\u00e1si id\u0151":"1 perc"},"schema":{"@context":"https:\/\/schema.org","@graph":[{"@type":"WebSite","@id":"https:\/\/www.obudainyar.hu\/2022\/#website","url":"https:\/\/www.obudainyar.hu\/2022\/","name":"\u00d3budai Ny\u00e1r 2022 | obuda.hu","description":"","potentialAction":[{"@type":"SearchAction","target":{"@type":"EntryPoint","urlTemplate":"https:\/\/www.obudainyar.hu\/2022\/?s={search_term_string}"},"query-input":"required name=search_term_string"}],"inLanguage":"hu"},{"@type":"WebPage","@id":"https:\/\/www.obudainyar.hu\/2022\/esemeny\/tarlatvezetes-kis-prumik-zoltan-sohasevolt-idok-cimu-kiallitasan\/#webpage","url":"https:\/\/www.obudainyar.hu\/2022\/esemeny\/tarlatvezetes-kis-prumik-zoltan-sohasevolt-idok-cimu-kiallitasan\/","name":"T\u00e1rlatvezet\u00e9s Kis-Prumik Zolt\u00e1n - Sohasevolt id\u0151k c\u00edm\u0171 ki\u00e1ll\u00edt\u00e1s\u00e1n - \u00d3budai Ny\u00e1r 2022 | obuda.hu","isPartOf":{"@id":"https:\/\/www.obudainyar.hu\/2022\/#website"},"datePublished":"2022-06-17T08:26:09+00:00","dateModified":"2022-06-17T08:26:09+00:00","breadcrumb":{"@id":"https:\/\/www.obudainyar.hu\/2022\/esemeny\/tarlatvezetes-kis-prumik-zoltan-sohasevolt-idok-cimu-kiallitasan\/#breadcrumb"},"inLanguage":"hu","potentialAction":[{"@type":"ReadAction","target":["https:\/\/www.obudainyar.hu\/2022\/esemeny\/tarlatvezetes-kis-prumik-zoltan-sohasevolt-idok-cimu-kiallitasan\/"]}]},{"@type":"BreadcrumbList","@id":"https:\/\/www.obudainyar.hu\/2022\/esemeny\/tarlatvezetes-kis-prumik-zoltan-sohasevolt-idok-cimu-kiallitasan\/#breadcrumb","itemListElement":[{"@type":"ListItem","position":1,"name":"Kezd\u0151lap","item":"https:\/\/www.obudainyar.hu\/2022\/"},{"@type":"ListItem","position":2,"name":"Esem\u00e9nyek","item":"https:\/\/www.obudainyar.hu\/2022\/esemenyek\/"},{"@type":"ListItem","position":3,"name":"T\u00e1rlatvezet\u00e9s Kis-Prumik Zolt\u00e1n &#8211; Sohasevolt id\u0151k c\u00edm\u0171 ki\u00e1ll\u00edt\u00e1s\u00e1n"}]}]}},"_links":{"self":[{"href":"https:\/\/www.obudainyar.hu\/2022\/wp-json\/wp\/v2\/tribe_events\/2643"}],"collection":[{"href":"https:\/\/www.obudainyar.hu\/2022\/wp-json\/wp\/v2\/tribe_events"}],"about":[{"href":"https:\/\/www.obudainyar.hu\/2022\/wp-json\/wp\/v2\/types\/tribe_events"}],"author":[{"embeddable":true,"href":"https:\/\/www.obudainyar.hu\/2022\/wp-json\/wp\/v2\/users\/7"}],"replies":[{"embeddable":true,"href":"https:\/\/www.obudainyar.hu\/2022\/wp-json\/wp\/v2\/comments?post=2643"}],"version-history":[{"count":1,"href":"https:\/\/www.obudainyar.hu\/2022\/wp-json\/wp\/v2\/tribe_events\/2643\/revisions"}],"predecessor-version":[{"id":2644,"href":"https:\/\/www.obudainyar.hu\/2022\/wp-json\/wp\/v2\/tribe_events\/2643\/revisions\/2644"}],"wp:attachment":[{"href":"https:\/\/www.obudainyar.hu\/2022\/wp-json\/wp\/v2\/media?parent=2643"}],"wp:term":[{"taxonomy":"post_tag","embeddable":true,"href":"https:\/\/www.obudainyar.hu\/2022\/wp-json\/wp\/v2\/tags?post=2643"},{"taxonomy":"tribe_events_cat","embeddable":true,"href":"https:\/\/www.obudainyar.hu\/2022\/wp-json\/wp\/v2\/tribe_events_cat?post=2643"}],"curies":[{"name":"wp","href":"https:\/\/api.w.org\/{rel}","templated":true}]}}

Tárlatvezetés Kis-Prumik Zoltán &#8211; Sohasevolt idők című kiállításán

<p style="margin-top: 0cm; line-height: 115%; background: white;">Érdeklődésének középpontjában hétköznapi tárgyaink lírai újraértelmezése áll, azok elvont, szokatlan, olykor kifordított szemlélete. A „sohasevolt idők” kifejezés egy rejtett dimenziót takar, ahol a tudatosan érzékelhető dolgok a tudatalatti képzettársításokkal, a tárgyak létének továbbgondolásával találkozik. A tárgyak és környezetük fiktív találkozásaiban festményein a lehetetlen és a sejthető közti szűk együttállásban mondja ki a tárgyakba rejtett történeteket.</p>
<p style="margin-top: 0cm; line-height: 115%; background: white;">Képein a szobanövény bevándorolható vadonná válik, macska és szék kohézióra lép, a törött bögre monumentális emlékművé minősül, mialatt a metronómok elnémulnak. Tárgyi környezetünk kiszolgáltatottsága és esendő esetlegessége nem csak témáiban, de anyaghasználatában is visszaköszön. Otthonunk és épületeink vakolatrétege vásznain is megtelepszik, sajátos materialitást kölcsönözve műveinek.</p>
<p style="margin-top: 0cm; line-height: 115%; background: white;">Festményei gazdag világát a Sohasevolt idők kiállításon térbeli installációkon keresztül helyezi újabb síkra.</p>

<p>A Sohasevolt idők Kis-Prumik Zoltán festőművész első nagyszabású kiállítása a fővárosban. </p>

<!-- This site is optimized with the Yoast SEO plugin v17.5 - https://yoast.com/wordpress/plugins/seo/ -->
<title>Tárlatvezetés Kis-Prumik Zoltán - Sohasevolt idők című kiállításán - Óbudai Nyár 2022 | obuda.hu</title>
<meta name="robots" content="index, follow, max-snippet:-1, max-image-preview:large, max-video-preview:-1" />
<link rel="canonical" href="https://www.obudainyar.hu/2022/esemeny/tarlatvezetes-kis-prumik-zoltan-sohasevolt-idok-cimu-kiallitasan/" />
<meta property="og:locale" content="hu_HU" />
<meta property="og:type" content="article" />
<meta property="og:title" content="Tárlatvezetés Kis-Prumik Zoltán - Sohasevolt idők című kiállításán - Óbudai Nyár 2022 | obuda.hu" />
<meta property="og:description" content="A Sohasevolt idők Kis-Prumik Zoltán festőművész első nagyszabású kiállítása a fővárosban." />
<meta property="og:url" content="https://www.obudainyar.hu/2022/esemeny/tarlatvezetes-kis-prumik-zoltan-sohasevolt-idok-cimu-kiallitasan/" />
<meta property="og:site_name" content="Óbudai Nyár 2022 | obuda.hu" />
<meta property="og:image" content="https://www.obudainyar.hu/2022/wp-content/uploads/2021/11/ONY22_hero2-01.jpg" />
	<meta property="og:image:width" content="1600" />
	<meta property="og:image:height" content="900" />
<meta name="twitter:card" content="summary_large_image" />
<meta name="twitter:label1" content="Becsült olvasási idő" />
	<meta name="twitter:data1" content="1 perc" />
<script type="application/ld+json" class="yoast-schema-graph">{"@context":"https://schema.org","@graph":[{"@type":"WebSite","@id":"https://www.obudainyar.hu/2022/#website","url":"https://www.obudainyar.hu/2022/","name":"\u00d3budai Ny\u00e1r 2022 | obuda.hu","description":"","potentialAction":[{"@type":"SearchAction","target":{"@type":"EntryPoint","urlTemplate":"https://www.obudainyar.hu/2022/?s={search_term_string}"},"query-input":"required name=search_term_string"}],"inLanguage":"hu"},{"@type":"WebPage","@id":"https://www.obudainyar.hu/2022/esemeny/tarlatvezetes-kis-prumik-zoltan-sohasevolt-idok-cimu-kiallitasan/#webpage","url":"https://www.obudainyar.hu/2022/esemeny/tarlatvezetes-kis-prumik-zoltan-sohasevolt-idok-cimu-kiallitasan/","name":"T\u00e1rlatvezet\u00e9s Kis-Prumik Zolt\u00e1n - Sohasevolt id\u0151k c\u00edm\u0171 ki\u00e1ll\u00edt\u00e1s\u00e1n - \u00d3budai Ny\u00e1r 2022 | obuda.hu","isPartOf":{"@id":"https://www.obudainyar.hu/2022/#website"},"datePublished":"2022-06-17T08:26:09+00:00","dateModified":"2022-06-17T08:26:09+00:00","breadcrumb":{"@id":"https://www.obudainyar.hu/2022/esemeny/tarlatvezetes-kis-prumik-zoltan-sohasevolt-idok-cimu-kiallitasan/#breadcrumb"},"inLanguage":"hu","potentialAction":[{"@type":"ReadAction","target":["https://www.obudainyar.hu/2022/esemeny/tarlatvezetes-kis-prumik-zoltan-sohasevolt-idok-cimu-kiallitasan/"]}]},{"@type":"BreadcrumbList","@id":"https://www.obudainyar.hu/2022/esemeny/tarlatvezetes-kis-prumik-zoltan-sohasevolt-idok-cimu-kiallitasan/#breadcrumb","itemListElement":[{"@type":"ListItem","position":1,"name":"Kezd\u0151lap","item":"https://www.obudainyar.hu/2022/"},{"@type":"ListItem","position":2,"name":"Esem\u00e9nyek","item":"https://www.obudainyar.hu/2022/esemenyek/"},{"@type":"ListItem","position":3,"name":"T\u00e1rlatvezet\u00e9s Kis-Prumik Zolt\u00e1n &#8211; Sohasevolt id\u0151k c\u00edm\u0171 ki\u00e1ll\u00edt\u00e1s\u00e1n"}]}]}</script>
<!-- / Yoast SEO plugin. -->

Tárlatvezetés Kis-Prumik Zoltán - Sohasevolt idők című kiállításán - Óbudai Nyár 2022 | obuda.hu

A Sohasevolt idők Kis-Prumik Zoltán festőművész első nagyszabású kiállítása a fővárosban.

Óbudai Nyár 2022 | obuda.hu

Kezdőlap

Események
