{"id":2647,"date":"2022-06-17T10:30:15","date_gmt":"2022-06-17T08:30:15","guid":{"rendered":"https:\/\/www.obudainyar.hu\/2022\/?post_type=tribe_events&#038;p=2647"},"modified":"2022-06-28T13:01:13","modified_gmt":"2022-06-28T11:01:13","slug":"zsido-iparosok-obudan","status":"publish","type":"tribe_events","link":"https:\/\/www.obudainyar.hu\/2022\/esemeny\/zsido-iparosok-obudan\/","title":{"rendered":"Zsid\u00f3 iparosok \u00d3bud\u00e1n"},"content":{"rendered":"<p style=\"margin-top: 0cm; line-height: 115%; background: white;\">\u00d3buda egykor nagyh\u00edr\u0171 \u00e9s nagysz\u00e1m\u00fa zsid\u00f3 lakoss\u00e1ga els\u0151sorban kereskedelemmel \u00e9s iparral foglalkozott. Boltjaik \u00e9s gy\u00e1raik az \u00f3budai zsinag\u00f3ga k\u00f6rny\u00e9k\u00e9n m\u0171k\u00f6dtek, legink\u00e1bb a Lajos utca ment\u00e9n. Egy kellemes s\u00e9ta keret\u00e9ben most megismerkedhet\u00fcnk az \u00f3budai ipar- \u00e9s gazdas\u00e1gt\u00f6rt\u00e9net egyik legizgalmasabb szelet\u00e9vel.<\/p>\n<p style=\"margin-top: 0cm; line-height: 115%; background: white;\">A s\u00e9ta a Goldberger recepci\u00f3j\u00e1r\u00f3l indul.<\/p>\n","protected":false},"excerpt":{"rendered":"<p>V\u00e1rosi s\u00e9ta<\/p>\n","protected":false},"author":7,"featured_media":2361,"comment_status":"open","ping_status":"closed","template":"","meta":[],"tags":[52,28,340,23,20],"tribe_events_cat":[338],"yoast_head":"<!-- This site is optimized with the Yoast SEO plugin v17.5 - https:\/\/yoast.com\/wordpress\/plugins\/seo\/ -->\n<title>Zsid\u00f3 iparosok \u00d3bud\u00e1n - \u00d3budai Ny\u00e1r 2022 | obuda.hu<\/title>\n<meta name=\"robots\" content=\"index, follow, max-snippet:-1, max-image-preview:large, max-video-preview:-1\" \/>\n<link rel=\"canonical\" href=\"https:\/\/www.obudainyar.hu\/2022\/esemeny\/zsido-iparosok-obudan\/\" \/>\n<meta property=\"og:locale\" content=\"hu_HU\" \/>\n<meta property=\"og:type\" content=\"article\" \/>\n<meta property=\"og:title\" content=\"Zsid\u00f3 iparosok \u00d3bud\u00e1n - \u00d3budai Ny\u00e1r 2022 | obuda.hu\" \/>\n<meta property=\"og:description\" content=\"V\u00e1rosi s\u00e9ta\" \/>\n<meta property=\"og:url\" content=\"https:\/\/www.obudainyar.hu\/2022\/esemeny\/zsido-iparosok-obudan\/\" \/>\n<meta property=\"og:site_name\" content=\"\u00d3budai Ny\u00e1r 2022 | obuda.hu\" \/>\n<meta property=\"article:modified_time\" content=\"2022-06-28T11:01:13+00:00\" \/>\n<meta property=\"og:image\" content=\"https:\/\/www.obudainyar.hu\/2022\/wp-content\/uploads\/2022\/05\/obudai_nyar_2022.png\" \/>\n\t<meta property=\"og:image:width\" content=\"1072\" \/>\n\t<meta property=\"og:image:height\" content=\"1071\" \/>\n<meta name=\"twitter:card\" content=\"summary_large_image\" \/>\n<meta name=\"twitter:label1\" content=\"Becs\u00fclt olvas\u00e1si id\u0151\" \/>\n\t<meta name=\"twitter:data1\" content=\"1 perc\" \/>\n<script type=\"application\/ld+json\" class=\"yoast-schema-graph\">{\"@context\":\"https:\/\/schema.org\",\"@graph\":[{\"@type\":\"WebSite\",\"@id\":\"https:\/\/www.obudainyar.hu\/2022\/#website\",\"url\":\"https:\/\/www.obudainyar.hu\/2022\/\",\"name\":\"\\u00d3budai Ny\\u00e1r 2022 | obuda.hu\",\"description\":\"\",\"potentialAction\":[{\"@type\":\"SearchAction\",\"target\":{\"@type\":\"EntryPoint\",\"urlTemplate\":\"https:\/\/www.obudainyar.hu\/2022\/?s={search_term_string}\"},\"query-input\":\"required name=search_term_string\"}],\"inLanguage\":\"hu\"},{\"@type\":\"ImageObject\",\"@id\":\"https:\/\/www.obudainyar.hu\/2022\/esemeny\/zsido-iparosok-obudan\/#primaryimage\",\"inLanguage\":\"hu\",\"url\":\"https:\/\/www.obudainyar.hu\/2022\/wp-content\/uploads\/2022\/05\/obudai_nyar_2022.png\",\"contentUrl\":\"https:\/\/www.obudainyar.hu\/2022\/wp-content\/uploads\/2022\/05\/obudai_nyar_2022.png\",\"width\":1072,\"height\":1071},{\"@type\":\"WebPage\",\"@id\":\"https:\/\/www.obudainyar.hu\/2022\/esemeny\/zsido-iparosok-obudan\/#webpage\",\"url\":\"https:\/\/www.obudainyar.hu\/2022\/esemeny\/zsido-iparosok-obudan\/\",\"name\":\"Zsid\\u00f3 iparosok \\u00d3bud\\u00e1n - \\u00d3budai Ny\\u00e1r 2022 | obuda.hu\",\"isPartOf\":{\"@id\":\"https:\/\/www.obudainyar.hu\/2022\/#website\"},\"primaryImageOfPage\":{\"@id\":\"https:\/\/www.obudainyar.hu\/2022\/esemeny\/zsido-iparosok-obudan\/#primaryimage\"},\"datePublished\":\"2022-06-17T08:30:15+00:00\",\"dateModified\":\"2022-06-28T11:01:13+00:00\",\"breadcrumb\":{\"@id\":\"https:\/\/www.obudainyar.hu\/2022\/esemeny\/zsido-iparosok-obudan\/#breadcrumb\"},\"inLanguage\":\"hu\",\"potentialAction\":[{\"@type\":\"ReadAction\",\"target\":[\"https:\/\/www.obudainyar.hu\/2022\/esemeny\/zsido-iparosok-obudan\/\"]}]},{\"@type\":\"BreadcrumbList\",\"@id\":\"https:\/\/www.obudainyar.hu\/2022\/esemeny\/zsido-iparosok-obudan\/#breadcrumb\",\"itemListElement\":[{\"@type\":\"ListItem\",\"position\":1,\"name\":\"Kezd\\u0151lap\",\"item\":\"https:\/\/www.obudainyar.hu\/2022\/\"},{\"@type\":\"ListItem\",\"position\":2,\"name\":\"Esem\\u00e9nyek\",\"item\":\"https:\/\/www.obudainyar.hu\/2022\/esemenyek\/\"},{\"@type\":\"ListItem\",\"position\":3,\"name\":\"Zsid\\u00f3 iparosok \\u00d3bud\\u00e1n\"}]}]}<\/script>\n<!-- \/ Yoast SEO plugin. -->","yoast_head_json":{"title":"Zsid\u00f3 iparosok \u00d3bud\u00e1n - \u00d3budai Ny\u00e1r 2022 | obuda.hu","robots":{"index":"index","follow":"follow","max-snippet":"max-snippet:-1","max-image-preview":"max-image-preview:large","max-video-preview":"max-video-preview:-1"},"canonical":"https:\/\/www.obudainyar.hu\/2022\/esemeny\/zsido-iparosok-obudan\/","og_locale":"hu_HU","og_type":"article","og_title":"Zsid\u00f3 iparosok \u00d3bud\u00e1n - \u00d3budai Ny\u00e1r 2022 | obuda.hu","og_description":"V\u00e1rosi s\u00e9ta","og_url":"https:\/\/www.obudainyar.hu\/2022\/esemeny\/zsido-iparosok-obudan\/","og_site_name":"\u00d3budai Ny\u00e1r 2022 | obuda.hu","article_modified_time":"2022-06-28T11:01:13+00:00","og_image":[{"width":1072,"height":1071,"url":"https:\/\/www.obudainyar.hu\/2022\/wp-content\/uploads\/2022\/05\/obudai_nyar_2022.png","type":"image\/png"}],"twitter_card":"summary_large_image","twitter_misc":{"Becs\u00fclt olvas\u00e1si id\u0151":"1 perc"},"schema":{"@context":"https:\/\/schema.org","@graph":[{"@type":"WebSite","@id":"https:\/\/www.obudainyar.hu\/2022\/#website","url":"https:\/\/www.obudainyar.hu\/2022\/","name":"\u00d3budai Ny\u00e1r 2022 | obuda.hu","description":"","potentialAction":[{"@type":"SearchAction","target":{"@type":"EntryPoint","urlTemplate":"https:\/\/www.obudainyar.hu\/2022\/?s={search_term_string}"},"query-input":"required name=search_term_string"}],"inLanguage":"hu"},{"@type":"ImageObject","@id":"https:\/\/www.obudainyar.hu\/2022\/esemeny\/zsido-iparosok-obudan\/#primaryimage","inLanguage":"hu","url":"https:\/\/www.obudainyar.hu\/2022\/wp-content\/uploads\/2022\/05\/obudai_nyar_2022.png","contentUrl":"https:\/\/www.obudainyar.hu\/2022\/wp-content\/uploads\/2022\/05\/obudai_nyar_2022.png","width":1072,"height":1071},{"@type":"WebPage","@id":"https:\/\/www.obudainyar.hu\/2022\/esemeny\/zsido-iparosok-obudan\/#webpage","url":"https:\/\/www.obudainyar.hu\/2022\/esemeny\/zsido-iparosok-obudan\/","name":"Zsid\u00f3 iparosok \u00d3bud\u00e1n - \u00d3budai Ny\u00e1r 2022 | obuda.hu","isPartOf":{"@id":"https:\/\/www.obudainyar.hu\/2022\/#website"},"primaryImageOfPage":{"@id":"https:\/\/www.obudainyar.hu\/2022\/esemeny\/zsido-iparosok-obudan\/#primaryimage"},"datePublished":"2022-06-17T08:30:15+00:00","dateModified":"2022-06-28T11:01:13+00:00","breadcrumb":{"@id":"https:\/\/www.obudainyar.hu\/2022\/esemeny\/zsido-iparosok-obudan\/#breadcrumb"},"inLanguage":"hu","potentialAction":[{"@type":"ReadAction","target":["https:\/\/www.obudainyar.hu\/2022\/esemeny\/zsido-iparosok-obudan\/"]}]},{"@type":"BreadcrumbList","@id":"https:\/\/www.obudainyar.hu\/2022\/esemeny\/zsido-iparosok-obudan\/#breadcrumb","itemListElement":[{"@type":"ListItem","position":1,"name":"Kezd\u0151lap","item":"https:\/\/www.obudainyar.hu\/2022\/"},{"@type":"ListItem","position":2,"name":"Esem\u00e9nyek","item":"https:\/\/www.obudainyar.hu\/2022\/esemenyek\/"},{"@type":"ListItem","position":3,"name":"Zsid\u00f3 iparosok \u00d3bud\u00e1n"}]}]}},"_links":{"self":[{"href":"https:\/\/www.obudainyar.hu\/2022\/wp-json\/wp\/v2\/tribe_events\/2647"}],"collection":[{"href":"https:\/\/www.obudainyar.hu\/2022\/wp-json\/wp\/v2\/tribe_events"}],"about":[{"href":"https:\/\/www.obudainyar.hu\/2022\/wp-json\/wp\/v2\/types\/tribe_events"}],"author":[{"embeddable":true,"href":"https:\/\/www.obudainyar.hu\/2022\/wp-json\/wp\/v2\/users\/7"}],"replies":[{"embeddable":true,"href":"https:\/\/www.obudainyar.hu\/2022\/wp-json\/wp\/v2\/comments?post=2647"}],"version-history":[{"count":2,"href":"https:\/\/www.obudainyar.hu\/2022\/wp-json\/wp\/v2\/tribe_events\/2647\/revisions"}],"predecessor-version":[{"id":3061,"href":"https:\/\/www.obudainyar.hu\/2022\/wp-json\/wp\/v2\/tribe_events\/2647\/revisions\/3061"}],"wp:featuredmedia":[{"embeddable":true,"href":"https:\/\/www.obudainyar.hu\/2022\/wp-json\/wp\/v2\/media\/2361"}],"wp:attachment":[{"href":"https:\/\/www.obudainyar.hu\/2022\/wp-json\/wp\/v2\/media?parent=2647"}],"wp:term":[{"taxonomy":"post_tag","embeddable":true,"href":"https:\/\/www.obudainyar.hu\/2022\/wp-json\/wp\/v2\/tags?post=2647"},{"taxonomy":"tribe_events_cat","embeddable":true,"href":"https:\/\/www.obudainyar.hu\/2022\/wp-json\/wp\/v2\/tribe_events_cat?post=2647"}],"curies":[{"name":"wp","href":"https:\/\/api.w.org\/{rel}","templated":true}]}}

Zsidó iparosok Óbudán

<p style="margin-top: 0cm; line-height: 115%; background: white;">Óbuda egykor nagyhírű és nagyszámú zsidó lakossága elsősorban kereskedelemmel és iparral foglalkozott. Boltjaik és gyáraik az óbudai zsinagóga környékén működtek, leginkább a Lajos utca mentén. Egy kellemes séta keretében most megismerkedhetünk az óbudai ipar- és gazdaságtörténet egyik legizgalmasabb szeletével.</p>
<p style="margin-top: 0cm; line-height: 115%; background: white;">A séta a Goldberger recepciójáról indul.</p>

<p>Városi séta</p>

<!-- This site is optimized with the Yoast SEO plugin v17.5 - https://yoast.com/wordpress/plugins/seo/ -->
<title>Zsidó iparosok Óbudán - Óbudai Nyár 2022 | obuda.hu</title>
<meta name="robots" content="index, follow, max-snippet:-1, max-image-preview:large, max-video-preview:-1" />
<link rel="canonical" href="https://www.obudainyar.hu/2022/esemeny/zsido-iparosok-obudan/" />
<meta property="og:locale" content="hu_HU" />
<meta property="og:type" content="article" />
<meta property="og:title" content="Zsidó iparosok Óbudán - Óbudai Nyár 2022 | obuda.hu" />
<meta property="og:description" content="Városi séta" />
<meta property="og:url" content="https://www.obudainyar.hu/2022/esemeny/zsido-iparosok-obudan/" />
<meta property="og:site_name" content="Óbudai Nyár 2022 | obuda.hu" />
<meta property="article:modified_time" content="2022-06-28T11:01:13+00:00" />
<meta property="og:image" content="https://www.obudainyar.hu/2022/wp-content/uploads/2022/05/obudai_nyar_2022.png" />
	<meta property="og:image:width" content="1072" />
	<meta property="og:image:height" content="1071" />
<meta name="twitter:card" content="summary_large_image" />
<meta name="twitter:label1" content="Becsült olvasási idő" />
	<meta name="twitter:data1" content="1 perc" />
<script type="application/ld+json" class="yoast-schema-graph">{"@context":"https://schema.org","@graph":[{"@type":"WebSite","@id":"https://www.obudainyar.hu/2022/#website","url":"https://www.obudainyar.hu/2022/","name":"\u00d3budai Ny\u00e1r 2022 | obuda.hu","description":"","potentialAction":[{"@type":"SearchAction","target":{"@type":"EntryPoint","urlTemplate":"https://www.obudainyar.hu/2022/?s={search_term_string}"},"query-input":"required name=search_term_string"}],"inLanguage":"hu"},{"@type":"ImageObject","@id":"https://www.obudainyar.hu/2022/esemeny/zsido-iparosok-obudan/#primaryimage","inLanguage":"hu","url":"https://www.obudainyar.hu/2022/wp-content/uploads/2022/05/obudai_nyar_2022.png","contentUrl":"https://www.obudainyar.hu/2022/wp-content/uploads/2022/05/obudai_nyar_2022.png","width":1072,"height":1071},{"@type":"WebPage","@id":"https://www.obudainyar.hu/2022/esemeny/zsido-iparosok-obudan/#webpage","url":"https://www.obudainyar.hu/2022/esemeny/zsido-iparosok-obudan/","name":"Zsid\u00f3 iparosok \u00d3bud\u00e1n - \u00d3budai Ny\u00e1r 2022 | obuda.hu","isPartOf":{"@id":"https://www.obudainyar.hu/2022/#website"},"primaryImageOfPage":{"@id":"https://www.obudainyar.hu/2022/esemeny/zsido-iparosok-obudan/#primaryimage"},"datePublished":"2022-06-17T08:30:15+00:00","dateModified":"2022-06-28T11:01:13+00:00","breadcrumb":{"@id":"https://www.obudainyar.hu/2022/esemeny/zsido-iparosok-obudan/#breadcrumb"},"inLanguage":"hu","potentialAction":[{"@type":"ReadAction","target":["https://www.obudainyar.hu/2022/esemeny/zsido-iparosok-obudan/"]}]},{"@type":"BreadcrumbList","@id":"https://www.obudainyar.hu/2022/esemeny/zsido-iparosok-obudan/#breadcrumb","itemListElement":[{"@type":"ListItem","position":1,"name":"Kezd\u0151lap","item":"https://www.obudainyar.hu/2022/"},{"@type":"ListItem","position":2,"name":"Esem\u00e9nyek","item":"https://www.obudainyar.hu/2022/esemenyek/"},{"@type":"ListItem","position":3,"name":"Zsid\u00f3 iparosok \u00d3bud\u00e1n"}]}]}</script>
<!-- / Yoast SEO plugin. -->

Zsidó iparosok Óbudán - Óbudai Nyár 2022 | obuda.hu

Városi séta

Óbudai Nyár 2022 | obuda.hu

Kezdőlap

Események
