{"id":2651,"date":"2022-06-17T10:33:07","date_gmt":"2022-06-17T08:33:07","guid":{"rendered":"https:\/\/www.obudainyar.hu\/2022\/?post_type=tribe_events&#038;p=2651"},"modified":"2022-07-21T16:54:10","modified_gmt":"2022-07-21T14:54:10","slug":"goldberger-leo-a-textilgyaros-zseni","status":"publish","type":"tribe_events","link":"https:\/\/www.obudainyar.hu\/2022\/esemeny\/goldberger-leo-a-textilgyaros-zseni\/","title":{"rendered":"Goldberger Le\u00f3, a textilgy\u00e1ros zseni"},"content":{"rendered":"<p style=\"margin-top: 0cm; line-height: 115%; background: white;\">Guba Ildik\u00f3 szerz\u0151n\u00e9l tal\u00e1n senki sem ismeri jobban Goldberger Le\u00f3t, a \u201etextilgy\u00e1ros zsenit\u201d, akinek \u00e9lett\u00f6rt\u00e9net\u00e9t t\u00f6bb\u00e9ves kutat\u00f3munk\u00e1val \u00f6sszegezte \u201eA hal\u00e1l nem program\u201d c\u00edm\u0171 k\u00f6nyv\u00e9ben. K\u00f6nyve egyszerre ig\u00e9nyes szakmunka, valamint \u00e9rdekfesz\u00edt\u0151 \u00e9s megrend\u00edt\u0151 olvasm\u00e1ny.<\/p>\n<p style=\"margin-top: 0cm; line-height: 115%; background: white;\">Ezen az \u00e9jszak\u00e1n a k\u00e9t vil\u00e1gh\u00e1bor\u00fa k\u00f6zti id\u0151szak gazdas\u00e1gi- \u00e9s k\u00f6z\u00e9let\u00e9nek e kiemelked\u0151, a \u201eGoli\u201d vil\u00e1gh\u00edrnev\u00e9t megalkot\u00f3 szem\u00e9ly\u00e9t mutatja be az \u00e9rdekl\u0151d\u0151knek, akik \u00edgy nem csup\u00e1n a zseni\u00e1lis, de n\u00e9ha rideg p\u00e9nzembert, hanem a gondokkal k\u00fczd\u0151 csal\u00e1dap\u00e1t \u00e9s f\u00e9rjet is megismerhetik. Emellett az is v\u00e9gigk\u00eds\u00e9rhet\u0151, hogy a vertik\u00e1lis v\u00e1llalatt\u00e1 fejl\u0151d\u00f6tt \u00fczemben k\u00e9sz\u00edtett text\u00edli\u00e1k mik\u00e9nt h\u00f3d\u00edtott\u00e1k meg a vil\u00e1got, a folyamatos \u00faj\u00edt\u00e1sokkal el\u0151\u00e1ll\u00edtott egyedi term\u00e9kek mekkora nemzetk\u00f6zi elismer\u00e9st v\u00edvtak ki a Golinak.<\/p>\n<p style=\"margin-top: 0cm; line-height: 115%; background: white;\">Helysz\u00edn: \u201eA Goldberger\u201d ki\u00e1ll\u00edt\u00e1s 4. terme<\/p>\n","protected":false},"excerpt":{"rendered":"<p>Szubjekt\u00edv t\u00e1rlatvezet\u00e9s Guba Ildik\u00f3val<\/p>\n","protected":false},"author":7,"featured_media":3167,"comment_status":"open","ping_status":"closed","template":"","meta":[],"tags":[28,340,18,20],"tribe_events_cat":[338],"yoast_head":"<!-- This site is optimized with the Yoast SEO plugin v17.5 - https:\/\/yoast.com\/wordpress\/plugins\/seo\/ -->\n<title>Goldberger Le\u00f3, a textilgy\u00e1ros zseni - \u00d3budai Ny\u00e1r 2022 | obuda.hu<\/title>\n<meta name=\"robots\" content=\"index, follow, max-snippet:-1, max-image-preview:large, max-video-preview:-1\" \/>\n<link rel=\"canonical\" href=\"https:\/\/www.obudainyar.hu\/2022\/esemeny\/goldberger-leo-a-textilgyaros-zseni\/\" \/>\n<meta property=\"og:locale\" content=\"hu_HU\" \/>\n<meta property=\"og:type\" content=\"article\" \/>\n<meta property=\"og:title\" content=\"Goldberger Le\u00f3, a textilgy\u00e1ros zseni - \u00d3budai Ny\u00e1r 2022 | obuda.hu\" \/>\n<meta property=\"og:description\" content=\"Szubjekt\u00edv t\u00e1rlatvezet\u00e9s Guba Ildik\u00f3val\" \/>\n<meta property=\"og:url\" content=\"https:\/\/www.obudainyar.hu\/2022\/esemeny\/goldberger-leo-a-textilgyaros-zseni\/\" \/>\n<meta property=\"og:site_name\" content=\"\u00d3budai Ny\u00e1r 2022 | obuda.hu\" \/>\n<meta property=\"article:modified_time\" content=\"2022-07-21T14:54:10+00:00\" \/>\n<meta property=\"og:image\" content=\"https:\/\/www.obudainyar.hu\/2022\/wp-content\/uploads\/2022\/06\/ONY_event_cover_1200x628-px_2-04.png\" \/>\n\t<meta property=\"og:image:width\" content=\"5001\" \/>\n\t<meta property=\"og:image:height\" content=\"2617\" \/>\n<meta name=\"twitter:card\" content=\"summary_large_image\" \/>\n<meta name=\"twitter:label1\" content=\"Becs\u00fclt olvas\u00e1si id\u0151\" \/>\n\t<meta name=\"twitter:data1\" content=\"1 perc\" \/>\n<script type=\"application\/ld+json\" class=\"yoast-schema-graph\">{\"@context\":\"https:\/\/schema.org\",\"@graph\":[{\"@type\":\"WebSite\",\"@id\":\"https:\/\/www.obudainyar.hu\/2022\/#website\",\"url\":\"https:\/\/www.obudainyar.hu\/2022\/\",\"name\":\"\\u00d3budai Ny\\u00e1r 2022 | obuda.hu\",\"description\":\"\",\"potentialAction\":[{\"@type\":\"SearchAction\",\"target\":{\"@type\":\"EntryPoint\",\"urlTemplate\":\"https:\/\/www.obudainyar.hu\/2022\/?s={search_term_string}\"},\"query-input\":\"required name=search_term_string\"}],\"inLanguage\":\"hu\"},{\"@type\":\"ImageObject\",\"@id\":\"https:\/\/www.obudainyar.hu\/2022\/esemeny\/goldberger-leo-a-textilgyaros-zseni\/#primaryimage\",\"inLanguage\":\"hu\",\"url\":\"https:\/\/www.obudainyar.hu\/2022\/wp-content\/uploads\/2022\/06\/ONY_event_cover_1200x628-px_2-04.png\",\"contentUrl\":\"https:\/\/www.obudainyar.hu\/2022\/wp-content\/uploads\/2022\/06\/ONY_event_cover_1200x628-px_2-04.png\",\"width\":5001,\"height\":2617},{\"@type\":\"WebPage\",\"@id\":\"https:\/\/www.obudainyar.hu\/2022\/esemeny\/goldberger-leo-a-textilgyaros-zseni\/#webpage\",\"url\":\"https:\/\/www.obudainyar.hu\/2022\/esemeny\/goldberger-leo-a-textilgyaros-zseni\/\",\"name\":\"Goldberger Le\\u00f3, a textilgy\\u00e1ros zseni - \\u00d3budai Ny\\u00e1r 2022 | obuda.hu\",\"isPartOf\":{\"@id\":\"https:\/\/www.obudainyar.hu\/2022\/#website\"},\"primaryImageOfPage\":{\"@id\":\"https:\/\/www.obudainyar.hu\/2022\/esemeny\/goldberger-leo-a-textilgyaros-zseni\/#primaryimage\"},\"datePublished\":\"2022-06-17T08:33:07+00:00\",\"dateModified\":\"2022-07-21T14:54:10+00:00\",\"breadcrumb\":{\"@id\":\"https:\/\/www.obudainyar.hu\/2022\/esemeny\/goldberger-leo-a-textilgyaros-zseni\/#breadcrumb\"},\"inLanguage\":\"hu\",\"potentialAction\":[{\"@type\":\"ReadAction\",\"target\":[\"https:\/\/www.obudainyar.hu\/2022\/esemeny\/goldberger-leo-a-textilgyaros-zseni\/\"]}]},{\"@type\":\"BreadcrumbList\",\"@id\":\"https:\/\/www.obudainyar.hu\/2022\/esemeny\/goldberger-leo-a-textilgyaros-zseni\/#breadcrumb\",\"itemListElement\":[{\"@type\":\"ListItem\",\"position\":1,\"name\":\"Kezd\\u0151lap\",\"item\":\"https:\/\/www.obudainyar.hu\/2022\/\"},{\"@type\":\"ListItem\",\"position\":2,\"name\":\"Esem\\u00e9nyek\",\"item\":\"https:\/\/www.obudainyar.hu\/2022\/esemenyek\/\"},{\"@type\":\"ListItem\",\"position\":3,\"name\":\"Goldberger Le\\u00f3, a textilgy\\u00e1ros zseni\"}]}]}<\/script>\n<!-- \/ Yoast SEO plugin. -->","yoast_head_json":{"title":"Goldberger Le\u00f3, a textilgy\u00e1ros zseni - \u00d3budai Ny\u00e1r 2022 | obuda.hu","robots":{"index":"index","follow":"follow","max-snippet":"max-snippet:-1","max-image-preview":"max-image-preview:large","max-video-preview":"max-video-preview:-1"},"canonical":"https:\/\/www.obudainyar.hu\/2022\/esemeny\/goldberger-leo-a-textilgyaros-zseni\/","og_locale":"hu_HU","og_type":"article","og_title":"Goldberger Le\u00f3, a textilgy\u00e1ros zseni - \u00d3budai Ny\u00e1r 2022 | obuda.hu","og_description":"Szubjekt\u00edv t\u00e1rlatvezet\u00e9s Guba Ildik\u00f3val","og_url":"https:\/\/www.obudainyar.hu\/2022\/esemeny\/goldberger-leo-a-textilgyaros-zseni\/","og_site_name":"\u00d3budai Ny\u00e1r 2022 | obuda.hu","article_modified_time":"2022-07-21T14:54:10+00:00","og_image":[{"width":5001,"height":2617,"url":"https:\/\/www.obudainyar.hu\/2022\/wp-content\/uploads\/2022\/06\/ONY_event_cover_1200x628-px_2-04.png","type":"image\/png"}],"twitter_card":"summary_large_image","twitter_misc":{"Becs\u00fclt olvas\u00e1si id\u0151":"1 perc"},"schema":{"@context":"https:\/\/schema.org","@graph":[{"@type":"WebSite","@id":"https:\/\/www.obudainyar.hu\/2022\/#website","url":"https:\/\/www.obudainyar.hu\/2022\/","name":"\u00d3budai Ny\u00e1r 2022 | obuda.hu","description":"","potentialAction":[{"@type":"SearchAction","target":{"@type":"EntryPoint","urlTemplate":"https:\/\/www.obudainyar.hu\/2022\/?s={search_term_string}"},"query-input":"required name=search_term_string"}],"inLanguage":"hu"},{"@type":"ImageObject","@id":"https:\/\/www.obudainyar.hu\/2022\/esemeny\/goldberger-leo-a-textilgyaros-zseni\/#primaryimage","inLanguage":"hu","url":"https:\/\/www.obudainyar.hu\/2022\/wp-content\/uploads\/2022\/06\/ONY_event_cover_1200x628-px_2-04.png","contentUrl":"https:\/\/www.obudainyar.hu\/2022\/wp-content\/uploads\/2022\/06\/ONY_event_cover_1200x628-px_2-04.png","width":5001,"height":2617},{"@type":"WebPage","@id":"https:\/\/www.obudainyar.hu\/2022\/esemeny\/goldberger-leo-a-textilgyaros-zseni\/#webpage","url":"https:\/\/www.obudainyar.hu\/2022\/esemeny\/goldberger-leo-a-textilgyaros-zseni\/","name":"Goldberger Le\u00f3, a textilgy\u00e1ros zseni - \u00d3budai Ny\u00e1r 2022 | obuda.hu","isPartOf":{"@id":"https:\/\/www.obudainyar.hu\/2022\/#website"},"primaryImageOfPage":{"@id":"https:\/\/www.obudainyar.hu\/2022\/esemeny\/goldberger-leo-a-textilgyaros-zseni\/#primaryimage"},"datePublished":"2022-06-17T08:33:07+00:00","dateModified":"2022-07-21T14:54:10+00:00","breadcrumb":{"@id":"https:\/\/www.obudainyar.hu\/2022\/esemeny\/goldberger-leo-a-textilgyaros-zseni\/#breadcrumb"},"inLanguage":"hu","potentialAction":[{"@type":"ReadAction","target":["https:\/\/www.obudainyar.hu\/2022\/esemeny\/goldberger-leo-a-textilgyaros-zseni\/"]}]},{"@type":"BreadcrumbList","@id":"https:\/\/www.obudainyar.hu\/2022\/esemeny\/goldberger-leo-a-textilgyaros-zseni\/#breadcrumb","itemListElement":[{"@type":"ListItem","position":1,"name":"Kezd\u0151lap","item":"https:\/\/www.obudainyar.hu\/2022\/"},{"@type":"ListItem","position":2,"name":"Esem\u00e9nyek","item":"https:\/\/www.obudainyar.hu\/2022\/esemenyek\/"},{"@type":"ListItem","position":3,"name":"Goldberger Le\u00f3, a textilgy\u00e1ros zseni"}]}]}},"_links":{"self":[{"href":"https:\/\/www.obudainyar.hu\/2022\/wp-json\/wp\/v2\/tribe_events\/2651"}],"collection":[{"href":"https:\/\/www.obudainyar.hu\/2022\/wp-json\/wp\/v2\/tribe_events"}],"about":[{"href":"https:\/\/www.obudainyar.hu\/2022\/wp-json\/wp\/v2\/types\/tribe_events"}],"author":[{"embeddable":true,"href":"https:\/\/www.obudainyar.hu\/2022\/wp-json\/wp\/v2\/users\/7"}],"replies":[{"embeddable":true,"href":"https:\/\/www.obudainyar.hu\/2022\/wp-json\/wp\/v2\/comments?post=2651"}],"version-history":[{"count":2,"href":"https:\/\/www.obudainyar.hu\/2022\/wp-json\/wp\/v2\/tribe_events\/2651\/revisions"}],"predecessor-version":[{"id":3063,"href":"https:\/\/www.obudainyar.hu\/2022\/wp-json\/wp\/v2\/tribe_events\/2651\/revisions\/3063"}],"wp:featuredmedia":[{"embeddable":true,"href":"https:\/\/www.obudainyar.hu\/2022\/wp-json\/wp\/v2\/media\/3167"}],"wp:attachment":[{"href":"https:\/\/www.obudainyar.hu\/2022\/wp-json\/wp\/v2\/media?parent=2651"}],"wp:term":[{"taxonomy":"post_tag","embeddable":true,"href":"https:\/\/www.obudainyar.hu\/2022\/wp-json\/wp\/v2\/tags?post=2651"},{"taxonomy":"tribe_events_cat","embeddable":true,"href":"https:\/\/www.obudainyar.hu\/2022\/wp-json\/wp\/v2\/tribe_events_cat?post=2651"}],"curies":[{"name":"wp","href":"https:\/\/api.w.org\/{rel}","templated":true}]}}

Goldberger Leó, a textilgyáros zseni

<p style="margin-top: 0cm; line-height: 115%; background: white;">Guba Ildikó szerzőnél talán senki sem ismeri jobban Goldberger Leót, a „textilgyáros zsenit”, akinek élettörténetét többéves kutatómunkával összegezte „A halál nem program” című könyvében. Könyve egyszerre igényes szakmunka, valamint érdekfeszítő és megrendítő olvasmány.</p>
<p style="margin-top: 0cm; line-height: 115%; background: white;">Ezen az éjszakán a két világháború közti időszak gazdasági- és közéletének e kiemelkedő, a „Goli” világhírnevét megalkotó személyét mutatja be az érdeklődőknek, akik így nem csupán a zseniális, de néha rideg pénzembert, hanem a gondokkal küzdő családapát és férjet is megismerhetik. Emellett az is végigkísérhető, hogy a vertikális vállalattá fejlődött üzemben készített textíliák miként hódították meg a világot, a folyamatos újításokkal előállított egyedi termékek mekkora nemzetközi elismerést vívtak ki a Golinak.</p>
<p style="margin-top: 0cm; line-height: 115%; background: white;">Helyszín: „A Goldberger” kiállítás 4. terme</p>

<p>Szubjektív tárlatvezetés Guba Ildikóval</p>

<!-- This site is optimized with the Yoast SEO plugin v17.5 - https://yoast.com/wordpress/plugins/seo/ -->
<title>Goldberger Leó, a textilgyáros zseni - Óbudai Nyár 2022 | obuda.hu</title>
<meta name="robots" content="index, follow, max-snippet:-1, max-image-preview:large, max-video-preview:-1" />
<link rel="canonical" href="https://www.obudainyar.hu/2022/esemeny/goldberger-leo-a-textilgyaros-zseni/" />
<meta property="og:locale" content="hu_HU" />
<meta property="og:type" content="article" />
<meta property="og:title" content="Goldberger Leó, a textilgyáros zseni - Óbudai Nyár 2022 | obuda.hu" />
<meta property="og:description" content="Szubjektív tárlatvezetés Guba Ildikóval" />
<meta property="og:url" content="https://www.obudainyar.hu/2022/esemeny/goldberger-leo-a-textilgyaros-zseni/" />
<meta property="og:site_name" content="Óbudai Nyár 2022 | obuda.hu" />
<meta property="article:modified_time" content="2022-07-21T14:54:10+00:00" />
<meta property="og:image" content="https://www.obudainyar.hu/2022/wp-content/uploads/2022/06/ONY_event_cover_1200x628-px_2-04.png" />
	<meta property="og:image:width" content="5001" />
	<meta property="og:image:height" content="2617" />
<meta name="twitter:card" content="summary_large_image" />
<meta name="twitter:label1" content="Becsült olvasási idő" />
	<meta name="twitter:data1" content="1 perc" />
<script type="application/ld+json" class="yoast-schema-graph">{"@context":"https://schema.org","@graph":[{"@type":"WebSite","@id":"https://www.obudainyar.hu/2022/#website","url":"https://www.obudainyar.hu/2022/","name":"\u00d3budai Ny\u00e1r 2022 | obuda.hu","description":"","potentialAction":[{"@type":"SearchAction","target":{"@type":"EntryPoint","urlTemplate":"https://www.obudainyar.hu/2022/?s={search_term_string}"},"query-input":"required name=search_term_string"}],"inLanguage":"hu"},{"@type":"ImageObject","@id":"https://www.obudainyar.hu/2022/esemeny/goldberger-leo-a-textilgyaros-zseni/#primaryimage","inLanguage":"hu","url":"https://www.obudainyar.hu/2022/wp-content/uploads/2022/06/ONY_event_cover_1200x628-px_2-04.png","contentUrl":"https://www.obudainyar.hu/2022/wp-content/uploads/2022/06/ONY_event_cover_1200x628-px_2-04.png","width":5001,"height":2617},{"@type":"WebPage","@id":"https://www.obudainyar.hu/2022/esemeny/goldberger-leo-a-textilgyaros-zseni/#webpage","url":"https://www.obudainyar.hu/2022/esemeny/goldberger-leo-a-textilgyaros-zseni/","name":"Goldberger Le\u00f3, a textilgy\u00e1ros zseni - \u00d3budai Ny\u00e1r 2022 | obuda.hu","isPartOf":{"@id":"https://www.obudainyar.hu/2022/#website"},"primaryImageOfPage":{"@id":"https://www.obudainyar.hu/2022/esemeny/goldberger-leo-a-textilgyaros-zseni/#primaryimage"},"datePublished":"2022-06-17T08:33:07+00:00","dateModified":"2022-07-21T14:54:10+00:00","breadcrumb":{"@id":"https://www.obudainyar.hu/2022/esemeny/goldberger-leo-a-textilgyaros-zseni/#breadcrumb"},"inLanguage":"hu","potentialAction":[{"@type":"ReadAction","target":["https://www.obudainyar.hu/2022/esemeny/goldberger-leo-a-textilgyaros-zseni/"]}]},{"@type":"BreadcrumbList","@id":"https://www.obudainyar.hu/2022/esemeny/goldberger-leo-a-textilgyaros-zseni/#breadcrumb","itemListElement":[{"@type":"ListItem","position":1,"name":"Kezd\u0151lap","item":"https://www.obudainyar.hu/2022/"},{"@type":"ListItem","position":2,"name":"Esem\u00e9nyek","item":"https://www.obudainyar.hu/2022/esemenyek/"},{"@type":"ListItem","position":3,"name":"Goldberger Le\u00f3, a textilgy\u00e1ros zseni"}]}]}</script>
<!-- / Yoast SEO plugin. -->

Goldberger Leó, a textilgyáros zseni - Óbudai Nyár 2022 | obuda.hu

Szubjektív tárlatvezetés Guba Ildikóval

Óbudai Nyár 2022 | obuda.hu

Kezdőlap

Események
