{"id":2655,"date":"2022-06-17T10:37:04","date_gmt":"2022-06-17T08:37:04","guid":{"rendered":"https:\/\/www.obudainyar.hu\/2022\/?post_type=tribe_events&#038;p=2655"},"modified":"2022-07-21T16:55:12","modified_gmt":"2022-07-21T14:55:12","slug":"egy-ej-botanikaval","status":"publish","type":"tribe_events","link":"https:\/\/www.obudainyar.hu\/2022\/esemeny\/egy-ej-botanikaval\/","title":{"rendered":"Egy \u00e9j Botanik\u00e1val"},"content":{"rendered":"<p style=\"margin-top: 0cm; line-height: 115%; background: white;\">Milyen alapanyagokkal festettek \u0151seink \u00e9s mik\u00e9nt alkalmazhat\u00f3 a n\u00f6v\u00e9nyi fest\u00e9s napjainkban? Mi f\u00e1n terem a batik, a shibori \u00e9s az ecoprint? \u00c9rtelmezz\u00fck a szakzsargont \u00e9s a ny\u00e1ron gy\u0171jthet\u0151 fest\u0151n\u00f6v\u00e9nyek bemutat\u00f3j\u00e1val f\u0171szerezz\u00fck a programot!<\/p>\n<p style=\"margin-top: 0cm; line-height: 115%; background: white;\">Az est folyam\u00e1n a BOTANIKA m\u00e1rka meg\u00e1lmod\u00f3j\u00e1val, Hajgat\u00f3 S\u00e1ra iparm\u0171v\u00e9sszel besz\u00e9lgethetnek az \u00e9rdekl\u0151d\u0151k a k\u00fcl\u00f6nf\u00e9le term\u00e9szetes kelmefest\u0151 elj\u00e1r\u00e1sokr\u00f3l. S\u00e1ra a fest\u0151n\u00f6v\u00e9nyek \u00e9s a textilfest\u00e9si elj\u00e1r\u00e1sok szak\u00e9rt\u0151je, akit haz\u00e1nkban a legfontosabb \u00f6kotudatos ruhatervez\u0151k k\u00f6z\u00f6tt tartanak sz\u00e1mon. Kollekci\u00f3i k\u00f6nnyed st\u00edlusjegyek, l\u00e9gies selymek, finom gyapj\u00fasz\u00f6vetek, pamut kelm\u00e9k, rusztikus len \u00e9s kenderv\u00e1szon. Szab\u00e1smint\u00e1ib\u00f3l, sz\u00ednvil\u00e1g\u00e1b\u00f3l, de a legapr\u00f3bb r\u00e9szletekb\u0151l is hatalmas impulzusokban \u00e1rad a kompromisszumokat f\u00f6l\u00fcl\u00edr\u00f3, a tervez\u0151i munk\u00e1t, a gy\u00e1rt\u00e1s eg\u00e9sz\u00e9t meghat\u00e1roz\u00f3 organikus elv \u00e9s k\u00e9rlelhetetlen \u00fczenet: harm\u00f3ni\u00e1ban a term\u00e9szettel. S\u00e1ra folyamatosan osztja meg tud\u00e1s\u00e1t az \u00e9rdekl\u0151d\u0151kkel egyedi workshopjain is.<\/p>\n<p style=\"margin-top: 0cm; line-height: 115%; background: white;\">Helysz\u00edn: \u201eA Goldberger\u201d ki\u00e1ll\u00edt\u00e1s 1. terme<\/p>\n","protected":false},"excerpt":{"rendered":"<p>Ismerked\u00e9s a fest\u0151n\u00f6v\u00e9nyek sz\u00ednes vil\u00e1g\u00e1val<\/p>\n","protected":false},"author":7,"featured_media":3168,"comment_status":"open","ping_status":"closed","template":"","meta":[],"tags":[388,28,387,340],"tribe_events_cat":[338],"yoast_head":"<!-- This site is optimized with the Yoast SEO plugin v17.5 - https:\/\/yoast.com\/wordpress\/plugins\/seo\/ -->\n<title>Egy \u00e9j Botanik\u00e1val - \u00d3budai Ny\u00e1r 2022 | obuda.hu<\/title>\n<meta name=\"robots\" content=\"index, follow, max-snippet:-1, max-image-preview:large, max-video-preview:-1\" \/>\n<link rel=\"canonical\" href=\"https:\/\/www.obudainyar.hu\/2022\/esemeny\/egy-ej-botanikaval\/\" \/>\n<meta property=\"og:locale\" content=\"hu_HU\" \/>\n<meta property=\"og:type\" content=\"article\" \/>\n<meta property=\"og:title\" content=\"Egy \u00e9j Botanik\u00e1val - \u00d3budai Ny\u00e1r 2022 | obuda.hu\" \/>\n<meta property=\"og:description\" content=\"Ismerked\u00e9s a fest\u0151n\u00f6v\u00e9nyek sz\u00ednes vil\u00e1g\u00e1val\" \/>\n<meta property=\"og:url\" content=\"https:\/\/www.obudainyar.hu\/2022\/esemeny\/egy-ej-botanikaval\/\" \/>\n<meta property=\"og:site_name\" content=\"\u00d3budai Ny\u00e1r 2022 | obuda.hu\" \/>\n<meta property=\"article:modified_time\" content=\"2022-07-21T14:55:12+00:00\" \/>\n<meta property=\"og:image\" content=\"https:\/\/www.obudainyar.hu\/2022\/wp-content\/uploads\/2022\/06\/ONY_event_cover_1200x628-px_-06.png\" \/>\n\t<meta property=\"og:image:width\" content=\"5001\" \/>\n\t<meta property=\"og:image:height\" content=\"2617\" \/>\n<meta name=\"twitter:card\" content=\"summary_large_image\" \/>\n<meta name=\"twitter:label1\" content=\"Becs\u00fclt olvas\u00e1si id\u0151\" \/>\n\t<meta name=\"twitter:data1\" content=\"1 perc\" \/>\n<script type=\"application\/ld+json\" class=\"yoast-schema-graph\">{\"@context\":\"https:\/\/schema.org\",\"@graph\":[{\"@type\":\"WebSite\",\"@id\":\"https:\/\/www.obudainyar.hu\/2022\/#website\",\"url\":\"https:\/\/www.obudainyar.hu\/2022\/\",\"name\":\"\\u00d3budai Ny\\u00e1r 2022 | obuda.hu\",\"description\":\"\",\"potentialAction\":[{\"@type\":\"SearchAction\",\"target\":{\"@type\":\"EntryPoint\",\"urlTemplate\":\"https:\/\/www.obudainyar.hu\/2022\/?s={search_term_string}\"},\"query-input\":\"required name=search_term_string\"}],\"inLanguage\":\"hu\"},{\"@type\":\"ImageObject\",\"@id\":\"https:\/\/www.obudainyar.hu\/2022\/esemeny\/egy-ej-botanikaval\/#primaryimage\",\"inLanguage\":\"hu\",\"url\":\"https:\/\/www.obudainyar.hu\/2022\/wp-content\/uploads\/2022\/06\/ONY_event_cover_1200x628-px_-06.png\",\"contentUrl\":\"https:\/\/www.obudainyar.hu\/2022\/wp-content\/uploads\/2022\/06\/ONY_event_cover_1200x628-px_-06.png\",\"width\":5001,\"height\":2617},{\"@type\":\"WebPage\",\"@id\":\"https:\/\/www.obudainyar.hu\/2022\/esemeny\/egy-ej-botanikaval\/#webpage\",\"url\":\"https:\/\/www.obudainyar.hu\/2022\/esemeny\/egy-ej-botanikaval\/\",\"name\":\"Egy \\u00e9j Botanik\\u00e1val - \\u00d3budai Ny\\u00e1r 2022 | obuda.hu\",\"isPartOf\":{\"@id\":\"https:\/\/www.obudainyar.hu\/2022\/#website\"},\"primaryImageOfPage\":{\"@id\":\"https:\/\/www.obudainyar.hu\/2022\/esemeny\/egy-ej-botanikaval\/#primaryimage\"},\"datePublished\":\"2022-06-17T08:37:04+00:00\",\"dateModified\":\"2022-07-21T14:55:12+00:00\",\"breadcrumb\":{\"@id\":\"https:\/\/www.obudainyar.hu\/2022\/esemeny\/egy-ej-botanikaval\/#breadcrumb\"},\"inLanguage\":\"hu\",\"potentialAction\":[{\"@type\":\"ReadAction\",\"target\":[\"https:\/\/www.obudainyar.hu\/2022\/esemeny\/egy-ej-botanikaval\/\"]}]},{\"@type\":\"BreadcrumbList\",\"@id\":\"https:\/\/www.obudainyar.hu\/2022\/esemeny\/egy-ej-botanikaval\/#breadcrumb\",\"itemListElement\":[{\"@type\":\"ListItem\",\"position\":1,\"name\":\"Kezd\\u0151lap\",\"item\":\"https:\/\/www.obudainyar.hu\/2022\/\"},{\"@type\":\"ListItem\",\"position\":2,\"name\":\"Esem\\u00e9nyek\",\"item\":\"https:\/\/www.obudainyar.hu\/2022\/esemenyek\/\"},{\"@type\":\"ListItem\",\"position\":3,\"name\":\"Egy \\u00e9j Botanik\\u00e1val\"}]}]}<\/script>\n<!-- \/ Yoast SEO plugin. -->","yoast_head_json":{"title":"Egy \u00e9j Botanik\u00e1val - \u00d3budai Ny\u00e1r 2022 | obuda.hu","robots":{"index":"index","follow":"follow","max-snippet":"max-snippet:-1","max-image-preview":"max-image-preview:large","max-video-preview":"max-video-preview:-1"},"canonical":"https:\/\/www.obudainyar.hu\/2022\/esemeny\/egy-ej-botanikaval\/","og_locale":"hu_HU","og_type":"article","og_title":"Egy \u00e9j Botanik\u00e1val - \u00d3budai Ny\u00e1r 2022 | obuda.hu","og_description":"Ismerked\u00e9s a fest\u0151n\u00f6v\u00e9nyek sz\u00ednes vil\u00e1g\u00e1val","og_url":"https:\/\/www.obudainyar.hu\/2022\/esemeny\/egy-ej-botanikaval\/","og_site_name":"\u00d3budai Ny\u00e1r 2022 | obuda.hu","article_modified_time":"2022-07-21T14:55:12+00:00","og_image":[{"width":5001,"height":2617,"url":"https:\/\/www.obudainyar.hu\/2022\/wp-content\/uploads\/2022\/06\/ONY_event_cover_1200x628-px_-06.png","type":"image\/png"}],"twitter_card":"summary_large_image","twitter_misc":{"Becs\u00fclt olvas\u00e1si id\u0151":"1 perc"},"schema":{"@context":"https:\/\/schema.org","@graph":[{"@type":"WebSite","@id":"https:\/\/www.obudainyar.hu\/2022\/#website","url":"https:\/\/www.obudainyar.hu\/2022\/","name":"\u00d3budai Ny\u00e1r 2022 | obuda.hu","description":"","potentialAction":[{"@type":"SearchAction","target":{"@type":"EntryPoint","urlTemplate":"https:\/\/www.obudainyar.hu\/2022\/?s={search_term_string}"},"query-input":"required name=search_term_string"}],"inLanguage":"hu"},{"@type":"ImageObject","@id":"https:\/\/www.obudainyar.hu\/2022\/esemeny\/egy-ej-botanikaval\/#primaryimage","inLanguage":"hu","url":"https:\/\/www.obudainyar.hu\/2022\/wp-content\/uploads\/2022\/06\/ONY_event_cover_1200x628-px_-06.png","contentUrl":"https:\/\/www.obudainyar.hu\/2022\/wp-content\/uploads\/2022\/06\/ONY_event_cover_1200x628-px_-06.png","width":5001,"height":2617},{"@type":"WebPage","@id":"https:\/\/www.obudainyar.hu\/2022\/esemeny\/egy-ej-botanikaval\/#webpage","url":"https:\/\/www.obudainyar.hu\/2022\/esemeny\/egy-ej-botanikaval\/","name":"Egy \u00e9j Botanik\u00e1val - \u00d3budai Ny\u00e1r 2022 | obuda.hu","isPartOf":{"@id":"https:\/\/www.obudainyar.hu\/2022\/#website"},"primaryImageOfPage":{"@id":"https:\/\/www.obudainyar.hu\/2022\/esemeny\/egy-ej-botanikaval\/#primaryimage"},"datePublished":"2022-06-17T08:37:04+00:00","dateModified":"2022-07-21T14:55:12+00:00","breadcrumb":{"@id":"https:\/\/www.obudainyar.hu\/2022\/esemeny\/egy-ej-botanikaval\/#breadcrumb"},"inLanguage":"hu","potentialAction":[{"@type":"ReadAction","target":["https:\/\/www.obudainyar.hu\/2022\/esemeny\/egy-ej-botanikaval\/"]}]},{"@type":"BreadcrumbList","@id":"https:\/\/www.obudainyar.hu\/2022\/esemeny\/egy-ej-botanikaval\/#breadcrumb","itemListElement":[{"@type":"ListItem","position":1,"name":"Kezd\u0151lap","item":"https:\/\/www.obudainyar.hu\/2022\/"},{"@type":"ListItem","position":2,"name":"Esem\u00e9nyek","item":"https:\/\/www.obudainyar.hu\/2022\/esemenyek\/"},{"@type":"ListItem","position":3,"name":"Egy \u00e9j Botanik\u00e1val"}]}]}},"_links":{"self":[{"href":"https:\/\/www.obudainyar.hu\/2022\/wp-json\/wp\/v2\/tribe_events\/2655"}],"collection":[{"href":"https:\/\/www.obudainyar.hu\/2022\/wp-json\/wp\/v2\/tribe_events"}],"about":[{"href":"https:\/\/www.obudainyar.hu\/2022\/wp-json\/wp\/v2\/types\/tribe_events"}],"author":[{"embeddable":true,"href":"https:\/\/www.obudainyar.hu\/2022\/wp-json\/wp\/v2\/users\/7"}],"replies":[{"embeddable":true,"href":"https:\/\/www.obudainyar.hu\/2022\/wp-json\/wp\/v2\/comments?post=2655"}],"version-history":[{"count":2,"href":"https:\/\/www.obudainyar.hu\/2022\/wp-json\/wp\/v2\/tribe_events\/2655\/revisions"}],"predecessor-version":[{"id":3065,"href":"https:\/\/www.obudainyar.hu\/2022\/wp-json\/wp\/v2\/tribe_events\/2655\/revisions\/3065"}],"wp:featuredmedia":[{"embeddable":true,"href":"https:\/\/www.obudainyar.hu\/2022\/wp-json\/wp\/v2\/media\/3168"}],"wp:attachment":[{"href":"https:\/\/www.obudainyar.hu\/2022\/wp-json\/wp\/v2\/media?parent=2655"}],"wp:term":[{"taxonomy":"post_tag","embeddable":true,"href":"https:\/\/www.obudainyar.hu\/2022\/wp-json\/wp\/v2\/tags?post=2655"},{"taxonomy":"tribe_events_cat","embeddable":true,"href":"https:\/\/www.obudainyar.hu\/2022\/wp-json\/wp\/v2\/tribe_events_cat?post=2655"}],"curies":[{"name":"wp","href":"https:\/\/api.w.org\/{rel}","templated":true}]}}

Egy éj Botanikával

<p style="margin-top: 0cm; line-height: 115%; background: white;">Milyen alapanyagokkal festettek őseink és miként alkalmazható a növényi festés napjainkban? Mi fán terem a batik, a shibori és az ecoprint? Értelmezzük a szakzsargont és a nyáron gyűjthető festőnövények bemutatójával fűszerezzük a programot!</p>
<p style="margin-top: 0cm; line-height: 115%; background: white;">Az est folyamán a BOTANIKA márka megálmodójával, Hajgató Sára iparművésszel beszélgethetnek az érdeklődők a különféle természetes kelmefestő eljárásokról. Sára a festőnövények és a textilfestési eljárások szakértője, akit hazánkban a legfontosabb ökotudatos ruhatervezők között tartanak számon. Kollekciói könnyed stílusjegyek, légies selymek, finom gyapjúszövetek, pamut kelmék, rusztikus len és kendervászon. Szabásmintáiból, színvilágából, de a legapróbb részletekből is hatalmas impulzusokban árad a kompromisszumokat fölülíró, a tervezői munkát, a gyártás egészét meghatározó organikus elv és kérlelhetetlen üzenet: harmóniában a természettel. Sára folyamatosan osztja meg tudását az érdeklődőkkel egyedi workshopjain is.</p>
<p style="margin-top: 0cm; line-height: 115%; background: white;">Helyszín: „A Goldberger” kiállítás 1. terme</p>

<p>Ismerkedés a festőnövények színes világával</p>

<!-- This site is optimized with the Yoast SEO plugin v17.5 - https://yoast.com/wordpress/plugins/seo/ -->
<title>Egy éj Botanikával - Óbudai Nyár 2022 | obuda.hu</title>
<meta name="robots" content="index, follow, max-snippet:-1, max-image-preview:large, max-video-preview:-1" />
<link rel="canonical" href="https://www.obudainyar.hu/2022/esemeny/egy-ej-botanikaval/" />
<meta property="og:locale" content="hu_HU" />
<meta property="og:type" content="article" />
<meta property="og:title" content="Egy éj Botanikával - Óbudai Nyár 2022 | obuda.hu" />
<meta property="og:description" content="Ismerkedés a festőnövények színes világával" />
<meta property="og:url" content="https://www.obudainyar.hu/2022/esemeny/egy-ej-botanikaval/" />
<meta property="og:site_name" content="Óbudai Nyár 2022 | obuda.hu" />
<meta property="article:modified_time" content="2022-07-21T14:55:12+00:00" />
<meta property="og:image" content="https://www.obudainyar.hu/2022/wp-content/uploads/2022/06/ONY_event_cover_1200x628-px_-06.png" />
	<meta property="og:image:width" content="5001" />
	<meta property="og:image:height" content="2617" />
<meta name="twitter:card" content="summary_large_image" />
<meta name="twitter:label1" content="Becsült olvasási idő" />
	<meta name="twitter:data1" content="1 perc" />
<script type="application/ld+json" class="yoast-schema-graph">{"@context":"https://schema.org","@graph":[{"@type":"WebSite","@id":"https://www.obudainyar.hu/2022/#website","url":"https://www.obudainyar.hu/2022/","name":"\u00d3budai Ny\u00e1r 2022 | obuda.hu","description":"","potentialAction":[{"@type":"SearchAction","target":{"@type":"EntryPoint","urlTemplate":"https://www.obudainyar.hu/2022/?s={search_term_string}"},"query-input":"required name=search_term_string"}],"inLanguage":"hu"},{"@type":"ImageObject","@id":"https://www.obudainyar.hu/2022/esemeny/egy-ej-botanikaval/#primaryimage","inLanguage":"hu","url":"https://www.obudainyar.hu/2022/wp-content/uploads/2022/06/ONY_event_cover_1200x628-px_-06.png","contentUrl":"https://www.obudainyar.hu/2022/wp-content/uploads/2022/06/ONY_event_cover_1200x628-px_-06.png","width":5001,"height":2617},{"@type":"WebPage","@id":"https://www.obudainyar.hu/2022/esemeny/egy-ej-botanikaval/#webpage","url":"https://www.obudainyar.hu/2022/esemeny/egy-ej-botanikaval/","name":"Egy \u00e9j Botanik\u00e1val - \u00d3budai Ny\u00e1r 2022 | obuda.hu","isPartOf":{"@id":"https://www.obudainyar.hu/2022/#website"},"primaryImageOfPage":{"@id":"https://www.obudainyar.hu/2022/esemeny/egy-ej-botanikaval/#primaryimage"},"datePublished":"2022-06-17T08:37:04+00:00","dateModified":"2022-07-21T14:55:12+00:00","breadcrumb":{"@id":"https://www.obudainyar.hu/2022/esemeny/egy-ej-botanikaval/#breadcrumb"},"inLanguage":"hu","potentialAction":[{"@type":"ReadAction","target":["https://www.obudainyar.hu/2022/esemeny/egy-ej-botanikaval/"]}]},{"@type":"BreadcrumbList","@id":"https://www.obudainyar.hu/2022/esemeny/egy-ej-botanikaval/#breadcrumb","itemListElement":[{"@type":"ListItem","position":1,"name":"Kezd\u0151lap","item":"https://www.obudainyar.hu/2022/"},{"@type":"ListItem","position":2,"name":"Esem\u00e9nyek","item":"https://www.obudainyar.hu/2022/esemenyek/"},{"@type":"ListItem","position":3,"name":"Egy \u00e9j Botanik\u00e1val"}]}]}</script>
<!-- / Yoast SEO plugin. -->

Egy éj Botanikával - Óbudai Nyár 2022 | obuda.hu

Ismerkedés a festőnövények színes világával

Óbudai Nyár 2022 | obuda.hu

Kezdőlap

Események
