{"id":2663,"date":"2022-06-17T10:44:35","date_gmt":"2022-06-17T08:44:35","guid":{"rendered":"https:\/\/www.obudainyar.hu\/2022\/?post_type=tribe_events&#038;p=2663"},"modified":"2022-06-17T10:44:35","modified_gmt":"2022-06-17T08:44:35","slug":"ujragondolt-talalmanyok-az-elektrotechnikaban-es-az-informatikaban-2","status":"publish","type":"tribe_events","link":"https:\/\/www.obudainyar.hu\/2022\/esemeny\/ujragondolt-talalmanyok-az-elektrotechnikaban-es-az-informatikaban-2\/","title":{"rendered":"\u00dajragondolt tal\u00e1lm\u00e1nyok az elektrotechnik\u00e1ban \u00e9s az informatik\u00e1ban"},"content":{"rendered":"<p>A tanuls\u00e1gos\u00a0<strong>bemutat\u00f3kon\u00a0<\/strong>m\u0171k\u00f6d\u00e9s k\u00f6zben ismerhet\u0151 meg az elektrotechnika \u00e9s a sz\u00e1m\u00edt\u00e1stechnika t\u00f6bb korszakalkot\u00f3 tal\u00e1lm\u00e1nya, valamint az els\u0151 technikai megold\u00e1sokat \u00fajragondolva, \u201e\u00fajragombolva\u201d a tal\u00e1lm\u00e1nyok mai megfelel\u0151i. P\u00e9ld\u00e1ul: a villamos \u00e1rammal l\u00e9trehozott f\u00e9ny-, a r\u00e1di\u00f3hull\u00e1mokkal k\u00f6zvet\u00edtett h\u00edrk\u00f6zl\u00e9s-, a forg\u00f3 m\u00e1gneses terek-, \u00e9s a digit\u00e1lis adatt\u00e1rol\u00e1s els\u0151 \u00e9s leg\u00fajabb megold\u00e1sai.<\/p>\n<p>A bemutat\u00f3kat tartja:\u00a0<strong>Dr. Jeszenszky S\u00e1ndor,\u00a0<\/strong>az Elektrotechnikai M\u00fazeum nyugalmazott igazgat\u00f3ja \u00e9s\u00a0<strong>Dr. Kutor L\u00e1szl\u00f3,<\/strong>\u00a0az IT Evol\u00faci\u00f3 ki\u00e1ll\u00edt\u00e1s l\u00e9trehoz\u00f3ja.<\/p>\n<p>A l\u00e1togat\u00f3k az \u00edr\u00e1sos ismertet\u0151k \u00e9s mobiltelefonnal megn\u00e9zhet\u0151 vide\u00f3k mellett Dr. Kutor L\u00e1szl\u00f3t\u00f3l, az IT Evol\u00faci\u00f3 ki\u00e1ll\u00edt\u00e1s l\u00e9trehoz\u00f3j\u00e1t\u00f3l is k\u00e9rdezhetnek az \u00e1lland\u00f3 ki\u00e1ll\u00edt\u00e1s megtekint\u00e9sekor.<\/p>\n<p>Kinek aj\u00e1nljuk a programot? Az elektrotechnika \u00e9s informatikai ir\u00e1nt \u00e9rdekl\u0151d\u0151knek az \u00e1ltal\u00e1nos iskolai kort\u00f3l fels\u0151 korhat\u00e1r n\u00e9lk\u00fcl. K\u00fcl\u00f6n\u00f6sen \u00e9rdekes \u00e9lm\u00e9ny lehet, ha a csal\u00e1d id\u0151sebb tagjai a fiatalokkal egy\u00fctt l\u00e1togatj\u00e1k meg a ki\u00e1ll\u00edt\u00e1st, ahol az id\u0151sebbek megoszthatj\u00e1k saj\u00e1t eml\u00e9keiket, illetve osztozhatnak a r\u00e1csod\u00e1lkoz\u00e1s \u00e9s meg\u00e9rt\u00e9s \u00e9lm\u00e9ny\u00e9ben.<\/p>\n","protected":false},"excerpt":{"rendered":"<p>Az \u00d3budai Egyetem Neumann J\u00e1nos Informatikai Kara az IT evol\u00faci\u00f3 \u00e1lland\u00f3 ki\u00e1ll\u00edt\u00e1shoz kapcsol\u00f3d\u00f3 bemutat\u00f3kkal v\u00e1rja az \u00e9rdekl\u0151d\u0151ket a M\u00fazeumok \u00c9jszak\u00e1j\u00e1n:<\/p>\n","protected":false},"author":7,"featured_media":0,"comment_status":"open","ping_status":"closed","template":"","meta":[],"tags":[28,11,340,389],"tribe_events_cat":[338],"yoast_head":"<!-- This site is optimized with the Yoast SEO plugin v17.5 - https:\/\/yoast.com\/wordpress\/plugins\/seo\/ -->\n<title>\u00dajragondolt tal\u00e1lm\u00e1nyok az elektrotechnik\u00e1ban \u00e9s az informatik\u00e1ban - \u00d3budai Ny\u00e1r 2022 | obuda.hu<\/title>\n<meta name=\"robots\" content=\"index, follow, max-snippet:-1, max-image-preview:large, max-video-preview:-1\" \/>\n<link rel=\"canonical\" href=\"https:\/\/www.obudainyar.hu\/2022\/esemeny\/ujragondolt-talalmanyok-az-elektrotechnikaban-es-az-informatikaban-2\/\" \/>\n<meta property=\"og:locale\" content=\"hu_HU\" \/>\n<meta property=\"og:type\" content=\"article\" \/>\n<meta property=\"og:title\" content=\"\u00dajragondolt tal\u00e1lm\u00e1nyok az elektrotechnik\u00e1ban \u00e9s az informatik\u00e1ban - \u00d3budai Ny\u00e1r 2022 | obuda.hu\" \/>\n<meta property=\"og:description\" content=\"Az \u00d3budai Egyetem Neumann J\u00e1nos Informatikai Kara az IT evol\u00faci\u00f3 \u00e1lland\u00f3 ki\u00e1ll\u00edt\u00e1shoz kapcsol\u00f3d\u00f3 bemutat\u00f3kkal v\u00e1rja az \u00e9rdekl\u0151d\u0151ket a M\u00fazeumok \u00c9jszak\u00e1j\u00e1n:\" \/>\n<meta property=\"og:url\" content=\"https:\/\/www.obudainyar.hu\/2022\/esemeny\/ujragondolt-talalmanyok-az-elektrotechnikaban-es-az-informatikaban-2\/\" \/>\n<meta property=\"og:site_name\" content=\"\u00d3budai Ny\u00e1r 2022 | obuda.hu\" \/>\n<meta property=\"og:image\" content=\"https:\/\/www.obudainyar.hu\/2022\/wp-content\/uploads\/2021\/11\/ONY22_hero2-01.jpg\" \/>\n\t<meta property=\"og:image:width\" content=\"1600\" \/>\n\t<meta property=\"og:image:height\" content=\"900\" \/>\n<meta name=\"twitter:card\" content=\"summary_large_image\" \/>\n<meta name=\"twitter:label1\" content=\"Becs\u00fclt olvas\u00e1si id\u0151\" \/>\n\t<meta name=\"twitter:data1\" content=\"1 perc\" \/>\n<script type=\"application\/ld+json\" class=\"yoast-schema-graph\">{\"@context\":\"https:\/\/schema.org\",\"@graph\":[{\"@type\":\"WebSite\",\"@id\":\"https:\/\/www.obudainyar.hu\/2022\/#website\",\"url\":\"https:\/\/www.obudainyar.hu\/2022\/\",\"name\":\"\\u00d3budai Ny\\u00e1r 2022 | obuda.hu\",\"description\":\"\",\"potentialAction\":[{\"@type\":\"SearchAction\",\"target\":{\"@type\":\"EntryPoint\",\"urlTemplate\":\"https:\/\/www.obudainyar.hu\/2022\/?s={search_term_string}\"},\"query-input\":\"required name=search_term_string\"}],\"inLanguage\":\"hu\"},{\"@type\":\"WebPage\",\"@id\":\"https:\/\/www.obudainyar.hu\/2022\/esemeny\/ujragondolt-talalmanyok-az-elektrotechnikaban-es-az-informatikaban-2\/#webpage\",\"url\":\"https:\/\/www.obudainyar.hu\/2022\/esemeny\/ujragondolt-talalmanyok-az-elektrotechnikaban-es-az-informatikaban-2\/\",\"name\":\"\\u00dajragondolt tal\\u00e1lm\\u00e1nyok az elektrotechnik\\u00e1ban \\u00e9s az informatik\\u00e1ban - \\u00d3budai Ny\\u00e1r 2022 | obuda.hu\",\"isPartOf\":{\"@id\":\"https:\/\/www.obudainyar.hu\/2022\/#website\"},\"datePublished\":\"2022-06-17T08:44:35+00:00\",\"dateModified\":\"2022-06-17T08:44:35+00:00\",\"breadcrumb\":{\"@id\":\"https:\/\/www.obudainyar.hu\/2022\/esemeny\/ujragondolt-talalmanyok-az-elektrotechnikaban-es-az-informatikaban-2\/#breadcrumb\"},\"inLanguage\":\"hu\",\"potentialAction\":[{\"@type\":\"ReadAction\",\"target\":[\"https:\/\/www.obudainyar.hu\/2022\/esemeny\/ujragondolt-talalmanyok-az-elektrotechnikaban-es-az-informatikaban-2\/\"]}]},{\"@type\":\"BreadcrumbList\",\"@id\":\"https:\/\/www.obudainyar.hu\/2022\/esemeny\/ujragondolt-talalmanyok-az-elektrotechnikaban-es-az-informatikaban-2\/#breadcrumb\",\"itemListElement\":[{\"@type\":\"ListItem\",\"position\":1,\"name\":\"Kezd\\u0151lap\",\"item\":\"https:\/\/www.obudainyar.hu\/2022\/\"},{\"@type\":\"ListItem\",\"position\":2,\"name\":\"Esem\\u00e9nyek\",\"item\":\"https:\/\/www.obudainyar.hu\/2022\/esemenyek\/\"},{\"@type\":\"ListItem\",\"position\":3,\"name\":\"\\u00dajragondolt tal\\u00e1lm\\u00e1nyok az elektrotechnik\\u00e1ban \\u00e9s az informatik\\u00e1ban\"}]}]}<\/script>\n<!-- \/ Yoast SEO plugin. -->","yoast_head_json":{"title":"\u00dajragondolt tal\u00e1lm\u00e1nyok az elektrotechnik\u00e1ban \u00e9s az informatik\u00e1ban - \u00d3budai Ny\u00e1r 2022 | obuda.hu","robots":{"index":"index","follow":"follow","max-snippet":"max-snippet:-1","max-image-preview":"max-image-preview:large","max-video-preview":"max-video-preview:-1"},"canonical":"https:\/\/www.obudainyar.hu\/2022\/esemeny\/ujragondolt-talalmanyok-az-elektrotechnikaban-es-az-informatikaban-2\/","og_locale":"hu_HU","og_type":"article","og_title":"\u00dajragondolt tal\u00e1lm\u00e1nyok az elektrotechnik\u00e1ban \u00e9s az informatik\u00e1ban - \u00d3budai Ny\u00e1r 2022 | obuda.hu","og_description":"Az \u00d3budai Egyetem Neumann J\u00e1nos Informatikai Kara az IT evol\u00faci\u00f3 \u00e1lland\u00f3 ki\u00e1ll\u00edt\u00e1shoz kapcsol\u00f3d\u00f3 bemutat\u00f3kkal v\u00e1rja az \u00e9rdekl\u0151d\u0151ket a M\u00fazeumok \u00c9jszak\u00e1j\u00e1n:","og_url":"https:\/\/www.obudainyar.hu\/2022\/esemeny\/ujragondolt-talalmanyok-az-elektrotechnikaban-es-az-informatikaban-2\/","og_site_name":"\u00d3budai Ny\u00e1r 2022 | obuda.hu","og_image":[{"width":1600,"height":900,"url":"https:\/\/www.obudainyar.hu\/2022\/wp-content\/uploads\/2021\/11\/ONY22_hero2-01.jpg","type":"image\/jpeg"}],"twitter_card":"summary_large_image","twitter_misc":{"Becs\u00fclt olvas\u00e1si id\u0151":"1 perc"},"schema":{"@context":"https:\/\/schema.org","@graph":[{"@type":"WebSite","@id":"https:\/\/www.obudainyar.hu\/2022\/#website","url":"https:\/\/www.obudainyar.hu\/2022\/","name":"\u00d3budai Ny\u00e1r 2022 | obuda.hu","description":"","potentialAction":[{"@type":"SearchAction","target":{"@type":"EntryPoint","urlTemplate":"https:\/\/www.obudainyar.hu\/2022\/?s={search_term_string}"},"query-input":"required name=search_term_string"}],"inLanguage":"hu"},{"@type":"WebPage","@id":"https:\/\/www.obudainyar.hu\/2022\/esemeny\/ujragondolt-talalmanyok-az-elektrotechnikaban-es-az-informatikaban-2\/#webpage","url":"https:\/\/www.obudainyar.hu\/2022\/esemeny\/ujragondolt-talalmanyok-az-elektrotechnikaban-es-az-informatikaban-2\/","name":"\u00dajragondolt tal\u00e1lm\u00e1nyok az elektrotechnik\u00e1ban \u00e9s az informatik\u00e1ban - \u00d3budai Ny\u00e1r 2022 | obuda.hu","isPartOf":{"@id":"https:\/\/www.obudainyar.hu\/2022\/#website"},"datePublished":"2022-06-17T08:44:35+00:00","dateModified":"2022-06-17T08:44:35+00:00","breadcrumb":{"@id":"https:\/\/www.obudainyar.hu\/2022\/esemeny\/ujragondolt-talalmanyok-az-elektrotechnikaban-es-az-informatikaban-2\/#breadcrumb"},"inLanguage":"hu","potentialAction":[{"@type":"ReadAction","target":["https:\/\/www.obudainyar.hu\/2022\/esemeny\/ujragondolt-talalmanyok-az-elektrotechnikaban-es-az-informatikaban-2\/"]}]},{"@type":"BreadcrumbList","@id":"https:\/\/www.obudainyar.hu\/2022\/esemeny\/ujragondolt-talalmanyok-az-elektrotechnikaban-es-az-informatikaban-2\/#breadcrumb","itemListElement":[{"@type":"ListItem","position":1,"name":"Kezd\u0151lap","item":"https:\/\/www.obudainyar.hu\/2022\/"},{"@type":"ListItem","position":2,"name":"Esem\u00e9nyek","item":"https:\/\/www.obudainyar.hu\/2022\/esemenyek\/"},{"@type":"ListItem","position":3,"name":"\u00dajragondolt tal\u00e1lm\u00e1nyok az elektrotechnik\u00e1ban \u00e9s az informatik\u00e1ban"}]}]}},"_links":{"self":[{"href":"https:\/\/www.obudainyar.hu\/2022\/wp-json\/wp\/v2\/tribe_events\/2663"}],"collection":[{"href":"https:\/\/www.obudainyar.hu\/2022\/wp-json\/wp\/v2\/tribe_events"}],"about":[{"href":"https:\/\/www.obudainyar.hu\/2022\/wp-json\/wp\/v2\/types\/tribe_events"}],"author":[{"embeddable":true,"href":"https:\/\/www.obudainyar.hu\/2022\/wp-json\/wp\/v2\/users\/7"}],"replies":[{"embeddable":true,"href":"https:\/\/www.obudainyar.hu\/2022\/wp-json\/wp\/v2\/comments?post=2663"}],"version-history":[{"count":1,"href":"https:\/\/www.obudainyar.hu\/2022\/wp-json\/wp\/v2\/tribe_events\/2663\/revisions"}],"predecessor-version":[{"id":2664,"href":"https:\/\/www.obudainyar.hu\/2022\/wp-json\/wp\/v2\/tribe_events\/2663\/revisions\/2664"}],"wp:attachment":[{"href":"https:\/\/www.obudainyar.hu\/2022\/wp-json\/wp\/v2\/media?parent=2663"}],"wp:term":[{"taxonomy":"post_tag","embeddable":true,"href":"https:\/\/www.obudainyar.hu\/2022\/wp-json\/wp\/v2\/tags?post=2663"},{"taxonomy":"tribe_events_cat","embeddable":true,"href":"https:\/\/www.obudainyar.hu\/2022\/wp-json\/wp\/v2\/tribe_events_cat?post=2663"}],"curies":[{"name":"wp","href":"https:\/\/api.w.org\/{rel}","templated":true}]}}

Újragondolt találmányok az elektrotechnikában és az informatikában

<p>A tanulságos <strong>bemutatókon </strong>működés közben ismerhető meg az elektrotechnika és a számítástechnika több korszakalkotó találmánya, valamint az első technikai megoldásokat újragondolva, „újragombolva” a találmányok mai megfelelői. Például: a villamos árammal létrehozott fény-, a rádióhullámokkal közvetített hírközlés-, a forgó mágneses terek-, és a digitális adattárolás első és legújabb megoldásai.</p>
<p>A bemutatókat tartja: <strong>Dr. Jeszenszky Sándor, </strong>az Elektrotechnikai Múzeum nyugalmazott igazgatója és <strong>Dr. Kutor László,</strong> az IT Evolúció kiállítás létrehozója.</p>
<p>A látogatók az írásos ismertetők és mobiltelefonnal megnézhető videók mellett Dr. Kutor Lászlótól, az IT Evolúció kiállítás létrehozójától is kérdezhetnek az állandó kiállítás megtekintésekor.</p>
<p>Kinek ajánljuk a programot? Az elektrotechnika és informatikai iránt érdeklődőknek az általános iskolai kortól felső korhatár nélkül. Különösen érdekes élmény lehet, ha a család idősebb tagjai a fiatalokkal együtt látogatják meg a kiállítást, ahol az idősebbek megoszthatják saját emlékeiket, illetve osztozhatnak a rácsodálkozás és megértés élményében.</p>

<p>Az Óbudai Egyetem Neumann János Informatikai Kara az IT evolúció állandó kiállításhoz kapcsolódó bemutatókkal várja az érdeklődőket a Múzeumok Éjszakáján:</p>

<!-- This site is optimized with the Yoast SEO plugin v17.5 - https://yoast.com/wordpress/plugins/seo/ -->
<title>Újragondolt találmányok az elektrotechnikában és az informatikában - Óbudai Nyár 2022 | obuda.hu</title>
<meta name="robots" content="index, follow, max-snippet:-1, max-image-preview:large, max-video-preview:-1" />
<link rel="canonical" href="https://www.obudainyar.hu/2022/esemeny/ujragondolt-talalmanyok-az-elektrotechnikaban-es-az-informatikaban-2/" />
<meta property="og:locale" content="hu_HU" />
<meta property="og:type" content="article" />
<meta property="og:title" content="Újragondolt találmányok az elektrotechnikában és az informatikában - Óbudai Nyár 2022 | obuda.hu" />
<meta property="og:description" content="Az Óbudai Egyetem Neumann János Informatikai Kara az IT evolúció állandó kiállításhoz kapcsolódó bemutatókkal várja az érdeklődőket a Múzeumok Éjszakáján:" />
<meta property="og:url" content="https://www.obudainyar.hu/2022/esemeny/ujragondolt-talalmanyok-az-elektrotechnikaban-es-az-informatikaban-2/" />
<meta property="og:site_name" content="Óbudai Nyár 2022 | obuda.hu" />
<meta property="og:image" content="https://www.obudainyar.hu/2022/wp-content/uploads/2021/11/ONY22_hero2-01.jpg" />
	<meta property="og:image:width" content="1600" />
	<meta property="og:image:height" content="900" />
<meta name="twitter:card" content="summary_large_image" />
<meta name="twitter:label1" content="Becsült olvasási idő" />
	<meta name="twitter:data1" content="1 perc" />
<script type="application/ld+json" class="yoast-schema-graph">{"@context":"https://schema.org","@graph":[{"@type":"WebSite","@id":"https://www.obudainyar.hu/2022/#website","url":"https://www.obudainyar.hu/2022/","name":"\u00d3budai Ny\u00e1r 2022 | obuda.hu","description":"","potentialAction":[{"@type":"SearchAction","target":{"@type":"EntryPoint","urlTemplate":"https://www.obudainyar.hu/2022/?s={search_term_string}"},"query-input":"required name=search_term_string"}],"inLanguage":"hu"},{"@type":"WebPage","@id":"https://www.obudainyar.hu/2022/esemeny/ujragondolt-talalmanyok-az-elektrotechnikaban-es-az-informatikaban-2/#webpage","url":"https://www.obudainyar.hu/2022/esemeny/ujragondolt-talalmanyok-az-elektrotechnikaban-es-az-informatikaban-2/","name":"\u00dajragondolt tal\u00e1lm\u00e1nyok az elektrotechnik\u00e1ban \u00e9s az informatik\u00e1ban - \u00d3budai Ny\u00e1r 2022 | obuda.hu","isPartOf":{"@id":"https://www.obudainyar.hu/2022/#website"},"datePublished":"2022-06-17T08:44:35+00:00","dateModified":"2022-06-17T08:44:35+00:00","breadcrumb":{"@id":"https://www.obudainyar.hu/2022/esemeny/ujragondolt-talalmanyok-az-elektrotechnikaban-es-az-informatikaban-2/#breadcrumb"},"inLanguage":"hu","potentialAction":[{"@type":"ReadAction","target":["https://www.obudainyar.hu/2022/esemeny/ujragondolt-talalmanyok-az-elektrotechnikaban-es-az-informatikaban-2/"]}]},{"@type":"BreadcrumbList","@id":"https://www.obudainyar.hu/2022/esemeny/ujragondolt-talalmanyok-az-elektrotechnikaban-es-az-informatikaban-2/#breadcrumb","itemListElement":[{"@type":"ListItem","position":1,"name":"Kezd\u0151lap","item":"https://www.obudainyar.hu/2022/"},{"@type":"ListItem","position":2,"name":"Esem\u00e9nyek","item":"https://www.obudainyar.hu/2022/esemenyek/"},{"@type":"ListItem","position":3,"name":"\u00dajragondolt tal\u00e1lm\u00e1nyok az elektrotechnik\u00e1ban \u00e9s az informatik\u00e1ban"}]}]}</script>
<!-- / Yoast SEO plugin. -->

Újragondolt találmányok az elektrotechnikában és az informatikában - Óbudai Nyár 2022 | obuda.hu

Az Óbudai Egyetem Neumann János Informatikai Kara az IT evolúció állandó kiállításhoz kapcsolódó bemutatókkal várja az érdeklődőket a Múzeumok Éjszakáján:

Óbudai Nyár 2022 | obuda.hu

Kezdőlap

Események
