{"id":2665,"date":"2022-06-17T10:46:26","date_gmt":"2022-06-17T08:46:26","guid":{"rendered":"https:\/\/www.obudainyar.hu\/2022\/?post_type=tribe_events&#038;p=2665"},"modified":"2022-06-17T10:46:26","modified_gmt":"2022-06-17T08:46:26","slug":"barokk-vilag-obudan-zichy-grofno-tarsalkodonojevel","status":"publish","type":"tribe_events","link":"https:\/\/www.obudainyar.hu\/2022\/esemeny\/barokk-vilag-obudan-zichy-grofno-tarsalkodonojevel\/","title":{"rendered":"Barokk vil\u00e1g \u00d3bud\u00e1n, Zichy gr\u00f3fn\u0151 t\u00e1rsalkod\u00f3n\u0151j\u00e9vel"},"content":{"rendered":"<p style=\"margin-top: 0cm; line-height: 115%; background: white;\">Tal\u00e1lkozz Zichy gr\u00f3fn\u0151 t\u00e1rsalkod\u00f3n\u0151j\u00e9vel \u00e9s tudd meg, hogyan \u00e9ltek a Zichyek, milyen zen\u00e9t hallgattak, mit olvastak vagy \u00e9pp \u00edrtak, ehettek-e narancsot \u00e9s hogyan nevelt\u00e9k a gyerekeiket.<\/p>\n<p style=\"margin-top: 0cm; line-height: 115%; background: white;\">Helysz\u00edn: V\u00e1rost\u00f6rt\u00e9neti ki\u00e1ll\u00edt\u00e1s<\/p>\n","protected":false},"excerpt":{"rendered":"<p>\u00c9l\u0151 t\u00f6rt\u00e9nelem, gyerekeknek \u00e9s feln\u0151tteknek<\/p>\n","protected":false},"author":7,"featured_media":0,"comment_status":"open","ping_status":"closed","template":"","meta":[],"tags":[49,28,6,340,20],"tribe_events_cat":[338],"yoast_head":"<!-- This site is optimized with the Yoast SEO plugin v17.5 - https:\/\/yoast.com\/wordpress\/plugins\/seo\/ -->\n<title>Barokk vil\u00e1g \u00d3bud\u00e1n, Zichy gr\u00f3fn\u0151 t\u00e1rsalkod\u00f3n\u0151j\u00e9vel - \u00d3budai Ny\u00e1r 2022 | obuda.hu<\/title>\n<meta name=\"robots\" content=\"index, follow, max-snippet:-1, max-image-preview:large, max-video-preview:-1\" \/>\n<link rel=\"canonical\" href=\"https:\/\/www.obudainyar.hu\/2022\/esemeny\/barokk-vilag-obudan-zichy-grofno-tarsalkodonojevel\/\" \/>\n<meta property=\"og:locale\" content=\"hu_HU\" \/>\n<meta property=\"og:type\" content=\"article\" \/>\n<meta property=\"og:title\" content=\"Barokk vil\u00e1g \u00d3bud\u00e1n, Zichy gr\u00f3fn\u0151 t\u00e1rsalkod\u00f3n\u0151j\u00e9vel - \u00d3budai Ny\u00e1r 2022 | obuda.hu\" \/>\n<meta property=\"og:description\" content=\"\u00c9l\u0151 t\u00f6rt\u00e9nelem, gyerekeknek \u00e9s feln\u0151tteknek\" \/>\n<meta property=\"og:url\" content=\"https:\/\/www.obudainyar.hu\/2022\/esemeny\/barokk-vilag-obudan-zichy-grofno-tarsalkodonojevel\/\" \/>\n<meta property=\"og:site_name\" content=\"\u00d3budai Ny\u00e1r 2022 | obuda.hu\" \/>\n<meta property=\"og:image\" content=\"https:\/\/www.obudainyar.hu\/2022\/wp-content\/uploads\/2021\/11\/ONY22_hero2-01.jpg\" \/>\n\t<meta property=\"og:image:width\" content=\"1600\" \/>\n\t<meta property=\"og:image:height\" content=\"900\" \/>\n<meta name=\"twitter:card\" content=\"summary_large_image\" \/>\n<meta name=\"twitter:label1\" content=\"Becs\u00fclt olvas\u00e1si id\u0151\" \/>\n\t<meta name=\"twitter:data1\" content=\"1 perc\" \/>\n<script type=\"application\/ld+json\" class=\"yoast-schema-graph\">{\"@context\":\"https:\/\/schema.org\",\"@graph\":[{\"@type\":\"WebSite\",\"@id\":\"https:\/\/www.obudainyar.hu\/2022\/#website\",\"url\":\"https:\/\/www.obudainyar.hu\/2022\/\",\"name\":\"\\u00d3budai Ny\\u00e1r 2022 | obuda.hu\",\"description\":\"\",\"potentialAction\":[{\"@type\":\"SearchAction\",\"target\":{\"@type\":\"EntryPoint\",\"urlTemplate\":\"https:\/\/www.obudainyar.hu\/2022\/?s={search_term_string}\"},\"query-input\":\"required name=search_term_string\"}],\"inLanguage\":\"hu\"},{\"@type\":\"WebPage\",\"@id\":\"https:\/\/www.obudainyar.hu\/2022\/esemeny\/barokk-vilag-obudan-zichy-grofno-tarsalkodonojevel\/#webpage\",\"url\":\"https:\/\/www.obudainyar.hu\/2022\/esemeny\/barokk-vilag-obudan-zichy-grofno-tarsalkodonojevel\/\",\"name\":\"Barokk vil\\u00e1g \\u00d3bud\\u00e1n, Zichy gr\\u00f3fn\\u0151 t\\u00e1rsalkod\\u00f3n\\u0151j\\u00e9vel - \\u00d3budai Ny\\u00e1r 2022 | obuda.hu\",\"isPartOf\":{\"@id\":\"https:\/\/www.obudainyar.hu\/2022\/#website\"},\"datePublished\":\"2022-06-17T08:46:26+00:00\",\"dateModified\":\"2022-06-17T08:46:26+00:00\",\"breadcrumb\":{\"@id\":\"https:\/\/www.obudainyar.hu\/2022\/esemeny\/barokk-vilag-obudan-zichy-grofno-tarsalkodonojevel\/#breadcrumb\"},\"inLanguage\":\"hu\",\"potentialAction\":[{\"@type\":\"ReadAction\",\"target\":[\"https:\/\/www.obudainyar.hu\/2022\/esemeny\/barokk-vilag-obudan-zichy-grofno-tarsalkodonojevel\/\"]}]},{\"@type\":\"BreadcrumbList\",\"@id\":\"https:\/\/www.obudainyar.hu\/2022\/esemeny\/barokk-vilag-obudan-zichy-grofno-tarsalkodonojevel\/#breadcrumb\",\"itemListElement\":[{\"@type\":\"ListItem\",\"position\":1,\"name\":\"Kezd\\u0151lap\",\"item\":\"https:\/\/www.obudainyar.hu\/2022\/\"},{\"@type\":\"ListItem\",\"position\":2,\"name\":\"Esem\\u00e9nyek\",\"item\":\"https:\/\/www.obudainyar.hu\/2022\/esemenyek\/\"},{\"@type\":\"ListItem\",\"position\":3,\"name\":\"Barokk vil\\u00e1g \\u00d3bud\\u00e1n, Zichy gr\\u00f3fn\\u0151 t\\u00e1rsalkod\\u00f3n\\u0151j\\u00e9vel\"}]}]}<\/script>\n<!-- \/ Yoast SEO plugin. -->","yoast_head_json":{"title":"Barokk vil\u00e1g \u00d3bud\u00e1n, Zichy gr\u00f3fn\u0151 t\u00e1rsalkod\u00f3n\u0151j\u00e9vel - \u00d3budai Ny\u00e1r 2022 | obuda.hu","robots":{"index":"index","follow":"follow","max-snippet":"max-snippet:-1","max-image-preview":"max-image-preview:large","max-video-preview":"max-video-preview:-1"},"canonical":"https:\/\/www.obudainyar.hu\/2022\/esemeny\/barokk-vilag-obudan-zichy-grofno-tarsalkodonojevel\/","og_locale":"hu_HU","og_type":"article","og_title":"Barokk vil\u00e1g \u00d3bud\u00e1n, Zichy gr\u00f3fn\u0151 t\u00e1rsalkod\u00f3n\u0151j\u00e9vel - \u00d3budai Ny\u00e1r 2022 | obuda.hu","og_description":"\u00c9l\u0151 t\u00f6rt\u00e9nelem, gyerekeknek \u00e9s feln\u0151tteknek","og_url":"https:\/\/www.obudainyar.hu\/2022\/esemeny\/barokk-vilag-obudan-zichy-grofno-tarsalkodonojevel\/","og_site_name":"\u00d3budai Ny\u00e1r 2022 | obuda.hu","og_image":[{"width":1600,"height":900,"url":"https:\/\/www.obudainyar.hu\/2022\/wp-content\/uploads\/2021\/11\/ONY22_hero2-01.jpg","type":"image\/jpeg"}],"twitter_card":"summary_large_image","twitter_misc":{"Becs\u00fclt olvas\u00e1si id\u0151":"1 perc"},"schema":{"@context":"https:\/\/schema.org","@graph":[{"@type":"WebSite","@id":"https:\/\/www.obudainyar.hu\/2022\/#website","url":"https:\/\/www.obudainyar.hu\/2022\/","name":"\u00d3budai Ny\u00e1r 2022 | obuda.hu","description":"","potentialAction":[{"@type":"SearchAction","target":{"@type":"EntryPoint","urlTemplate":"https:\/\/www.obudainyar.hu\/2022\/?s={search_term_string}"},"query-input":"required name=search_term_string"}],"inLanguage":"hu"},{"@type":"WebPage","@id":"https:\/\/www.obudainyar.hu\/2022\/esemeny\/barokk-vilag-obudan-zichy-grofno-tarsalkodonojevel\/#webpage","url":"https:\/\/www.obudainyar.hu\/2022\/esemeny\/barokk-vilag-obudan-zichy-grofno-tarsalkodonojevel\/","name":"Barokk vil\u00e1g \u00d3bud\u00e1n, Zichy gr\u00f3fn\u0151 t\u00e1rsalkod\u00f3n\u0151j\u00e9vel - \u00d3budai Ny\u00e1r 2022 | obuda.hu","isPartOf":{"@id":"https:\/\/www.obudainyar.hu\/2022\/#website"},"datePublished":"2022-06-17T08:46:26+00:00","dateModified":"2022-06-17T08:46:26+00:00","breadcrumb":{"@id":"https:\/\/www.obudainyar.hu\/2022\/esemeny\/barokk-vilag-obudan-zichy-grofno-tarsalkodonojevel\/#breadcrumb"},"inLanguage":"hu","potentialAction":[{"@type":"ReadAction","target":["https:\/\/www.obudainyar.hu\/2022\/esemeny\/barokk-vilag-obudan-zichy-grofno-tarsalkodonojevel\/"]}]},{"@type":"BreadcrumbList","@id":"https:\/\/www.obudainyar.hu\/2022\/esemeny\/barokk-vilag-obudan-zichy-grofno-tarsalkodonojevel\/#breadcrumb","itemListElement":[{"@type":"ListItem","position":1,"name":"Kezd\u0151lap","item":"https:\/\/www.obudainyar.hu\/2022\/"},{"@type":"ListItem","position":2,"name":"Esem\u00e9nyek","item":"https:\/\/www.obudainyar.hu\/2022\/esemenyek\/"},{"@type":"ListItem","position":3,"name":"Barokk vil\u00e1g \u00d3bud\u00e1n, Zichy gr\u00f3fn\u0151 t\u00e1rsalkod\u00f3n\u0151j\u00e9vel"}]}]}},"_links":{"self":[{"href":"https:\/\/www.obudainyar.hu\/2022\/wp-json\/wp\/v2\/tribe_events\/2665"}],"collection":[{"href":"https:\/\/www.obudainyar.hu\/2022\/wp-json\/wp\/v2\/tribe_events"}],"about":[{"href":"https:\/\/www.obudainyar.hu\/2022\/wp-json\/wp\/v2\/types\/tribe_events"}],"author":[{"embeddable":true,"href":"https:\/\/www.obudainyar.hu\/2022\/wp-json\/wp\/v2\/users\/7"}],"replies":[{"embeddable":true,"href":"https:\/\/www.obudainyar.hu\/2022\/wp-json\/wp\/v2\/comments?post=2665"}],"version-history":[{"count":1,"href":"https:\/\/www.obudainyar.hu\/2022\/wp-json\/wp\/v2\/tribe_events\/2665\/revisions"}],"predecessor-version":[{"id":2666,"href":"https:\/\/www.obudainyar.hu\/2022\/wp-json\/wp\/v2\/tribe_events\/2665\/revisions\/2666"}],"wp:attachment":[{"href":"https:\/\/www.obudainyar.hu\/2022\/wp-json\/wp\/v2\/media?parent=2665"}],"wp:term":[{"taxonomy":"post_tag","embeddable":true,"href":"https:\/\/www.obudainyar.hu\/2022\/wp-json\/wp\/v2\/tags?post=2665"},{"taxonomy":"tribe_events_cat","embeddable":true,"href":"https:\/\/www.obudainyar.hu\/2022\/wp-json\/wp\/v2\/tribe_events_cat?post=2665"}],"curies":[{"name":"wp","href":"https:\/\/api.w.org\/{rel}","templated":true}]}}

Barokk világ Óbudán, Zichy grófnő társalkodónőjével

<p style="margin-top: 0cm; line-height: 115%; background: white;">Találkozz Zichy grófnő társalkodónőjével és tudd meg, hogyan éltek a Zichyek, milyen zenét hallgattak, mit olvastak vagy épp írtak, ehettek-e narancsot és hogyan nevelték a gyerekeiket.</p>
<p style="margin-top: 0cm; line-height: 115%; background: white;">Helyszín: Várostörténeti kiállítás</p>

<p>Élő történelem, gyerekeknek és felnőtteknek</p>

<!-- This site is optimized with the Yoast SEO plugin v17.5 - https://yoast.com/wordpress/plugins/seo/ -->
<title>Barokk világ Óbudán, Zichy grófnő társalkodónőjével - Óbudai Nyár 2022 | obuda.hu</title>
<meta name="robots" content="index, follow, max-snippet:-1, max-image-preview:large, max-video-preview:-1" />
<link rel="canonical" href="https://www.obudainyar.hu/2022/esemeny/barokk-vilag-obudan-zichy-grofno-tarsalkodonojevel/" />
<meta property="og:locale" content="hu_HU" />
<meta property="og:type" content="article" />
<meta property="og:title" content="Barokk világ Óbudán, Zichy grófnő társalkodónőjével - Óbudai Nyár 2022 | obuda.hu" />
<meta property="og:description" content="Élő történelem, gyerekeknek és felnőtteknek" />
<meta property="og:url" content="https://www.obudainyar.hu/2022/esemeny/barokk-vilag-obudan-zichy-grofno-tarsalkodonojevel/" />
<meta property="og:site_name" content="Óbudai Nyár 2022 | obuda.hu" />
<meta property="og:image" content="https://www.obudainyar.hu/2022/wp-content/uploads/2021/11/ONY22_hero2-01.jpg" />
	<meta property="og:image:width" content="1600" />
	<meta property="og:image:height" content="900" />
<meta name="twitter:card" content="summary_large_image" />
<meta name="twitter:label1" content="Becsült olvasási idő" />
	<meta name="twitter:data1" content="1 perc" />
<script type="application/ld+json" class="yoast-schema-graph">{"@context":"https://schema.org","@graph":[{"@type":"WebSite","@id":"https://www.obudainyar.hu/2022/#website","url":"https://www.obudainyar.hu/2022/","name":"\u00d3budai Ny\u00e1r 2022 | obuda.hu","description":"","potentialAction":[{"@type":"SearchAction","target":{"@type":"EntryPoint","urlTemplate":"https://www.obudainyar.hu/2022/?s={search_term_string}"},"query-input":"required name=search_term_string"}],"inLanguage":"hu"},{"@type":"WebPage","@id":"https://www.obudainyar.hu/2022/esemeny/barokk-vilag-obudan-zichy-grofno-tarsalkodonojevel/#webpage","url":"https://www.obudainyar.hu/2022/esemeny/barokk-vilag-obudan-zichy-grofno-tarsalkodonojevel/","name":"Barokk vil\u00e1g \u00d3bud\u00e1n, Zichy gr\u00f3fn\u0151 t\u00e1rsalkod\u00f3n\u0151j\u00e9vel - \u00d3budai Ny\u00e1r 2022 | obuda.hu","isPartOf":{"@id":"https://www.obudainyar.hu/2022/#website"},"datePublished":"2022-06-17T08:46:26+00:00","dateModified":"2022-06-17T08:46:26+00:00","breadcrumb":{"@id":"https://www.obudainyar.hu/2022/esemeny/barokk-vilag-obudan-zichy-grofno-tarsalkodonojevel/#breadcrumb"},"inLanguage":"hu","potentialAction":[{"@type":"ReadAction","target":["https://www.obudainyar.hu/2022/esemeny/barokk-vilag-obudan-zichy-grofno-tarsalkodonojevel/"]}]},{"@type":"BreadcrumbList","@id":"https://www.obudainyar.hu/2022/esemeny/barokk-vilag-obudan-zichy-grofno-tarsalkodonojevel/#breadcrumb","itemListElement":[{"@type":"ListItem","position":1,"name":"Kezd\u0151lap","item":"https://www.obudainyar.hu/2022/"},{"@type":"ListItem","position":2,"name":"Esem\u00e9nyek","item":"https://www.obudainyar.hu/2022/esemenyek/"},{"@type":"ListItem","position":3,"name":"Barokk vil\u00e1g \u00d3bud\u00e1n, Zichy gr\u00f3fn\u0151 t\u00e1rsalkod\u00f3n\u0151j\u00e9vel"}]}]}</script>
<!-- / Yoast SEO plugin. -->

Barokk világ Óbudán, Zichy grófnő társalkodónőjével - Óbudai Nyár 2022 | obuda.hu

Élő történelem, gyerekeknek és felnőtteknek

Óbudai Nyár 2022 | obuda.hu

Kezdőlap

Események
