{"id":2680,"date":"2022-06-17T10:58:43","date_gmt":"2022-06-17T08:58:43","guid":{"rendered":"https:\/\/www.obudainyar.hu\/2022\/?post_type=tribe_events&#038;p=2680"},"modified":"2022-06-17T10:58:43","modified_gmt":"2022-06-17T08:58:43","slug":"harrer-pal-obuda-elso-polgarmestere","status":"publish","type":"tribe_events","link":"https:\/\/www.obudainyar.hu\/2022\/esemeny\/harrer-pal-obuda-elso-polgarmestere\/","title":{"rendered":"Harrer P\u00e1l, \u00d3buda els\u0151 polg\u00e1rmestere"},"content":{"rendered":"<p style=\"margin-top: 0cm; line-height: 115%; background: white;\">Hogyan lett egy tipikus \u00f3budai braunhaxler csal\u00e1d fi\u00e1b\u00f3l \u00d3buda els\u0151 embere?<\/p>\n<p style=\"margin-top: 0cm; line-height: 115%; background: white;\">Az elk\u00f6vetkezend\u0151 id\u0151szakban h\u00e1rom szakaszban mutatjuk be Harrer P\u00e1l \u00e9let\u00e9t \u00e9s tev\u00e9kenys\u00e9g\u00e9t. Id\u00e9n \u00e9let\u00fatj\u00e1t ismerhetj\u00fck meg, j\u00f6v\u0151re a v\u00e1rosegyes\u00edt\u00e9sben bet\u00f6lt\u00f6tt szerep\u00e9t, 2024-ben pedig Harrer P\u00e1l fi\u00e1val, Ferenccel tal\u00e1lkozhatunk, aki jelent\u0151s szerepet j\u00e1tszott az 1950-ben l\u00e9trej\u00f6tt Nagy-Budapest l\u00e9trehoz\u00e1s\u00e1ban.<\/p>\n<p style=\"margin-top: 0cm; line-height: 115%; background: white;\">A M\u00fazeumok \u00c9jszak\u00e1j\u00e1n ny\u00edl\u00f3, els\u0151 minit\u00e1rlat keret\u00e9ben n\u00e9h\u00e1ny korabeli dokumentum \u00e9s haszn\u00e1lati t\u00e1rgy seg\u00edts\u00e9g\u00e9vel Harrer P\u00e1l gyerekkor\u00e1ba, tanulm\u00e1nyaiba, csal\u00e1di \u00e9let\u00e9be \u00e9s hivatali p\u00e1lyafut\u00e1s\u00e1ba pillanthatnak be l\u00e1togat\u00f3ink.<\/p>\n","protected":false},"excerpt":{"rendered":"<p>\u00c9let \u00e9s hivat\u00e1s, minit\u00e1rlat-megnyit\u00f3<\/p>\n","protected":false},"author":7,"featured_media":0,"comment_status":"open","ping_status":"closed","template":"","meta":[],"tags":[28,340,393,20],"tribe_events_cat":[338],"yoast_head":"<!-- This site is optimized with the Yoast SEO plugin v17.5 - https:\/\/yoast.com\/wordpress\/plugins\/seo\/ -->\n<title>Harrer P\u00e1l, \u00d3buda els\u0151 polg\u00e1rmestere - \u00d3budai Ny\u00e1r 2022 | obuda.hu<\/title>\n<meta name=\"robots\" content=\"index, follow, max-snippet:-1, max-image-preview:large, max-video-preview:-1\" \/>\n<link rel=\"canonical\" href=\"https:\/\/www.obudainyar.hu\/2022\/esemeny\/harrer-pal-obuda-elso-polgarmestere\/\" \/>\n<meta property=\"og:locale\" content=\"hu_HU\" \/>\n<meta property=\"og:type\" content=\"article\" \/>\n<meta property=\"og:title\" content=\"Harrer P\u00e1l, \u00d3buda els\u0151 polg\u00e1rmestere - \u00d3budai Ny\u00e1r 2022 | obuda.hu\" \/>\n<meta property=\"og:description\" content=\"\u00c9let \u00e9s hivat\u00e1s, minit\u00e1rlat-megnyit\u00f3\" \/>\n<meta property=\"og:url\" content=\"https:\/\/www.obudainyar.hu\/2022\/esemeny\/harrer-pal-obuda-elso-polgarmestere\/\" \/>\n<meta property=\"og:site_name\" content=\"\u00d3budai Ny\u00e1r 2022 | obuda.hu\" \/>\n<meta property=\"og:image\" content=\"https:\/\/www.obudainyar.hu\/2022\/wp-content\/uploads\/2021\/11\/ONY22_hero2-01.jpg\" \/>\n\t<meta property=\"og:image:width\" content=\"1600\" \/>\n\t<meta property=\"og:image:height\" content=\"900\" \/>\n<meta name=\"twitter:card\" content=\"summary_large_image\" \/>\n<meta name=\"twitter:label1\" content=\"Becs\u00fclt olvas\u00e1si id\u0151\" \/>\n\t<meta name=\"twitter:data1\" content=\"1 perc\" \/>\n<script type=\"application\/ld+json\" class=\"yoast-schema-graph\">{\"@context\":\"https:\/\/schema.org\",\"@graph\":[{\"@type\":\"WebSite\",\"@id\":\"https:\/\/www.obudainyar.hu\/2022\/#website\",\"url\":\"https:\/\/www.obudainyar.hu\/2022\/\",\"name\":\"\\u00d3budai Ny\\u00e1r 2022 | obuda.hu\",\"description\":\"\",\"potentialAction\":[{\"@type\":\"SearchAction\",\"target\":{\"@type\":\"EntryPoint\",\"urlTemplate\":\"https:\/\/www.obudainyar.hu\/2022\/?s={search_term_string}\"},\"query-input\":\"required name=search_term_string\"}],\"inLanguage\":\"hu\"},{\"@type\":\"WebPage\",\"@id\":\"https:\/\/www.obudainyar.hu\/2022\/esemeny\/harrer-pal-obuda-elso-polgarmestere\/#webpage\",\"url\":\"https:\/\/www.obudainyar.hu\/2022\/esemeny\/harrer-pal-obuda-elso-polgarmestere\/\",\"name\":\"Harrer P\\u00e1l, \\u00d3buda els\\u0151 polg\\u00e1rmestere - \\u00d3budai Ny\\u00e1r 2022 | obuda.hu\",\"isPartOf\":{\"@id\":\"https:\/\/www.obudainyar.hu\/2022\/#website\"},\"datePublished\":\"2022-06-17T08:58:43+00:00\",\"dateModified\":\"2022-06-17T08:58:43+00:00\",\"breadcrumb\":{\"@id\":\"https:\/\/www.obudainyar.hu\/2022\/esemeny\/harrer-pal-obuda-elso-polgarmestere\/#breadcrumb\"},\"inLanguage\":\"hu\",\"potentialAction\":[{\"@type\":\"ReadAction\",\"target\":[\"https:\/\/www.obudainyar.hu\/2022\/esemeny\/harrer-pal-obuda-elso-polgarmestere\/\"]}]},{\"@type\":\"BreadcrumbList\",\"@id\":\"https:\/\/www.obudainyar.hu\/2022\/esemeny\/harrer-pal-obuda-elso-polgarmestere\/#breadcrumb\",\"itemListElement\":[{\"@type\":\"ListItem\",\"position\":1,\"name\":\"Kezd\\u0151lap\",\"item\":\"https:\/\/www.obudainyar.hu\/2022\/\"},{\"@type\":\"ListItem\",\"position\":2,\"name\":\"Esem\\u00e9nyek\",\"item\":\"https:\/\/www.obudainyar.hu\/2022\/esemenyek\/\"},{\"@type\":\"ListItem\",\"position\":3,\"name\":\"Harrer P\\u00e1l, \\u00d3buda els\\u0151 polg\\u00e1rmestere\"}]}]}<\/script>\n<!-- \/ Yoast SEO plugin. -->","yoast_head_json":{"title":"Harrer P\u00e1l, \u00d3buda els\u0151 polg\u00e1rmestere - \u00d3budai Ny\u00e1r 2022 | obuda.hu","robots":{"index":"index","follow":"follow","max-snippet":"max-snippet:-1","max-image-preview":"max-image-preview:large","max-video-preview":"max-video-preview:-1"},"canonical":"https:\/\/www.obudainyar.hu\/2022\/esemeny\/harrer-pal-obuda-elso-polgarmestere\/","og_locale":"hu_HU","og_type":"article","og_title":"Harrer P\u00e1l, \u00d3buda els\u0151 polg\u00e1rmestere - \u00d3budai Ny\u00e1r 2022 | obuda.hu","og_description":"\u00c9let \u00e9s hivat\u00e1s, minit\u00e1rlat-megnyit\u00f3","og_url":"https:\/\/www.obudainyar.hu\/2022\/esemeny\/harrer-pal-obuda-elso-polgarmestere\/","og_site_name":"\u00d3budai Ny\u00e1r 2022 | obuda.hu","og_image":[{"width":1600,"height":900,"url":"https:\/\/www.obudainyar.hu\/2022\/wp-content\/uploads\/2021\/11\/ONY22_hero2-01.jpg","type":"image\/jpeg"}],"twitter_card":"summary_large_image","twitter_misc":{"Becs\u00fclt olvas\u00e1si id\u0151":"1 perc"},"schema":{"@context":"https:\/\/schema.org","@graph":[{"@type":"WebSite","@id":"https:\/\/www.obudainyar.hu\/2022\/#website","url":"https:\/\/www.obudainyar.hu\/2022\/","name":"\u00d3budai Ny\u00e1r 2022 | obuda.hu","description":"","potentialAction":[{"@type":"SearchAction","target":{"@type":"EntryPoint","urlTemplate":"https:\/\/www.obudainyar.hu\/2022\/?s={search_term_string}"},"query-input":"required name=search_term_string"}],"inLanguage":"hu"},{"@type":"WebPage","@id":"https:\/\/www.obudainyar.hu\/2022\/esemeny\/harrer-pal-obuda-elso-polgarmestere\/#webpage","url":"https:\/\/www.obudainyar.hu\/2022\/esemeny\/harrer-pal-obuda-elso-polgarmestere\/","name":"Harrer P\u00e1l, \u00d3buda els\u0151 polg\u00e1rmestere - \u00d3budai Ny\u00e1r 2022 | obuda.hu","isPartOf":{"@id":"https:\/\/www.obudainyar.hu\/2022\/#website"},"datePublished":"2022-06-17T08:58:43+00:00","dateModified":"2022-06-17T08:58:43+00:00","breadcrumb":{"@id":"https:\/\/www.obudainyar.hu\/2022\/esemeny\/harrer-pal-obuda-elso-polgarmestere\/#breadcrumb"},"inLanguage":"hu","potentialAction":[{"@type":"ReadAction","target":["https:\/\/www.obudainyar.hu\/2022\/esemeny\/harrer-pal-obuda-elso-polgarmestere\/"]}]},{"@type":"BreadcrumbList","@id":"https:\/\/www.obudainyar.hu\/2022\/esemeny\/harrer-pal-obuda-elso-polgarmestere\/#breadcrumb","itemListElement":[{"@type":"ListItem","position":1,"name":"Kezd\u0151lap","item":"https:\/\/www.obudainyar.hu\/2022\/"},{"@type":"ListItem","position":2,"name":"Esem\u00e9nyek","item":"https:\/\/www.obudainyar.hu\/2022\/esemenyek\/"},{"@type":"ListItem","position":3,"name":"Harrer P\u00e1l, \u00d3buda els\u0151 polg\u00e1rmestere"}]}]}},"_links":{"self":[{"href":"https:\/\/www.obudainyar.hu\/2022\/wp-json\/wp\/v2\/tribe_events\/2680"}],"collection":[{"href":"https:\/\/www.obudainyar.hu\/2022\/wp-json\/wp\/v2\/tribe_events"}],"about":[{"href":"https:\/\/www.obudainyar.hu\/2022\/wp-json\/wp\/v2\/types\/tribe_events"}],"author":[{"embeddable":true,"href":"https:\/\/www.obudainyar.hu\/2022\/wp-json\/wp\/v2\/users\/7"}],"replies":[{"embeddable":true,"href":"https:\/\/www.obudainyar.hu\/2022\/wp-json\/wp\/v2\/comments?post=2680"}],"version-history":[{"count":1,"href":"https:\/\/www.obudainyar.hu\/2022\/wp-json\/wp\/v2\/tribe_events\/2680\/revisions"}],"predecessor-version":[{"id":2681,"href":"https:\/\/www.obudainyar.hu\/2022\/wp-json\/wp\/v2\/tribe_events\/2680\/revisions\/2681"}],"wp:attachment":[{"href":"https:\/\/www.obudainyar.hu\/2022\/wp-json\/wp\/v2\/media?parent=2680"}],"wp:term":[{"taxonomy":"post_tag","embeddable":true,"href":"https:\/\/www.obudainyar.hu\/2022\/wp-json\/wp\/v2\/tags?post=2680"},{"taxonomy":"tribe_events_cat","embeddable":true,"href":"https:\/\/www.obudainyar.hu\/2022\/wp-json\/wp\/v2\/tribe_events_cat?post=2680"}],"curies":[{"name":"wp","href":"https:\/\/api.w.org\/{rel}","templated":true}]}}

Harrer Pál, Óbuda első polgármestere

<p style="margin-top: 0cm; line-height: 115%; background: white;">Hogyan lett egy tipikus óbudai braunhaxler család fiából Óbuda első embere?</p>
<p style="margin-top: 0cm; line-height: 115%; background: white;">Az elkövetkezendő időszakban három szakaszban mutatjuk be Harrer Pál életét és tevékenységét. Idén életútját ismerhetjük meg, jövőre a városegyesítésben betöltött szerepét, 2024-ben pedig Harrer Pál fiával, Ferenccel találkozhatunk, aki jelentős szerepet játszott az 1950-ben létrejött Nagy-Budapest létrehozásában.</p>
<p style="margin-top: 0cm; line-height: 115%; background: white;">A Múzeumok Éjszakáján nyíló, első minitárlat keretében néhány korabeli dokumentum és használati tárgy segítségével Harrer Pál gyerekkorába, tanulmányaiba, családi életébe és hivatali pályafutásába pillanthatnak be látogatóink.</p>

<p>Élet és hivatás, minitárlat-megnyitó</p>

<!-- This site is optimized with the Yoast SEO plugin v17.5 - https://yoast.com/wordpress/plugins/seo/ -->
<title>Harrer Pál, Óbuda első polgármestere - Óbudai Nyár 2022 | obuda.hu</title>
<meta name="robots" content="index, follow, max-snippet:-1, max-image-preview:large, max-video-preview:-1" />
<link rel="canonical" href="https://www.obudainyar.hu/2022/esemeny/harrer-pal-obuda-elso-polgarmestere/" />
<meta property="og:locale" content="hu_HU" />
<meta property="og:type" content="article" />
<meta property="og:title" content="Harrer Pál, Óbuda első polgármestere - Óbudai Nyár 2022 | obuda.hu" />
<meta property="og:description" content="Élet és hivatás, minitárlat-megnyitó" />
<meta property="og:url" content="https://www.obudainyar.hu/2022/esemeny/harrer-pal-obuda-elso-polgarmestere/" />
<meta property="og:site_name" content="Óbudai Nyár 2022 | obuda.hu" />
<meta property="og:image" content="https://www.obudainyar.hu/2022/wp-content/uploads/2021/11/ONY22_hero2-01.jpg" />
	<meta property="og:image:width" content="1600" />
	<meta property="og:image:height" content="900" />
<meta name="twitter:card" content="summary_large_image" />
<meta name="twitter:label1" content="Becsült olvasási idő" />
	<meta name="twitter:data1" content="1 perc" />
<script type="application/ld+json" class="yoast-schema-graph">{"@context":"https://schema.org","@graph":[{"@type":"WebSite","@id":"https://www.obudainyar.hu/2022/#website","url":"https://www.obudainyar.hu/2022/","name":"\u00d3budai Ny\u00e1r 2022 | obuda.hu","description":"","potentialAction":[{"@type":"SearchAction","target":{"@type":"EntryPoint","urlTemplate":"https://www.obudainyar.hu/2022/?s={search_term_string}"},"query-input":"required name=search_term_string"}],"inLanguage":"hu"},{"@type":"WebPage","@id":"https://www.obudainyar.hu/2022/esemeny/harrer-pal-obuda-elso-polgarmestere/#webpage","url":"https://www.obudainyar.hu/2022/esemeny/harrer-pal-obuda-elso-polgarmestere/","name":"Harrer P\u00e1l, \u00d3buda els\u0151 polg\u00e1rmestere - \u00d3budai Ny\u00e1r 2022 | obuda.hu","isPartOf":{"@id":"https://www.obudainyar.hu/2022/#website"},"datePublished":"2022-06-17T08:58:43+00:00","dateModified":"2022-06-17T08:58:43+00:00","breadcrumb":{"@id":"https://www.obudainyar.hu/2022/esemeny/harrer-pal-obuda-elso-polgarmestere/#breadcrumb"},"inLanguage":"hu","potentialAction":[{"@type":"ReadAction","target":["https://www.obudainyar.hu/2022/esemeny/harrer-pal-obuda-elso-polgarmestere/"]}]},{"@type":"BreadcrumbList","@id":"https://www.obudainyar.hu/2022/esemeny/harrer-pal-obuda-elso-polgarmestere/#breadcrumb","itemListElement":[{"@type":"ListItem","position":1,"name":"Kezd\u0151lap","item":"https://www.obudainyar.hu/2022/"},{"@type":"ListItem","position":2,"name":"Esem\u00e9nyek","item":"https://www.obudainyar.hu/2022/esemenyek/"},{"@type":"ListItem","position":3,"name":"Harrer P\u00e1l, \u00d3buda els\u0151 polg\u00e1rmestere"}]}]}</script>
<!-- / Yoast SEO plugin. -->

Harrer Pál, Óbuda első polgármestere - Óbudai Nyár 2022 | obuda.hu

Élet és hivatás, minitárlat-megnyitó

Óbudai Nyár 2022 | obuda.hu

Kezdőlap

Események
