{"id":2682,"date":"2022-06-17T11:00:21","date_gmt":"2022-06-17T09:00:21","guid":{"rendered":"https:\/\/www.obudainyar.hu\/2022\/?post_type=tribe_events&#038;p=2682"},"modified":"2022-06-17T11:00:21","modified_gmt":"2022-06-17T09:00:21","slug":"assisi-szent-ferenc-nyomaban","status":"publish","type":"tribe_events","link":"https:\/\/www.obudainyar.hu\/2022\/esemeny\/assisi-szent-ferenc-nyomaban\/","title":{"rendered":"Assisi Szent Ferenc nyom\u00e1ban"},"content":{"rendered":"<p style=\"margin-top: 0cm; line-height: 115%; background: white;\">Koszt\u00fcm\u00f6s, f\u00e1kly\u00e1s v\u00e1rosi s\u00e9ta a k\u00f6z\u00e9pkori ferences kolostor romjaihoz, Piast Erzs\u00e9bet kir\u00e1lyn\u00e9 vezet\u00e9s\u00e9vel, korh\u0171 zenei k\u00eds\u00e9rettel. A kir\u00e1lyn\u00e9 tolm\u00e1csol\u00e1s\u00e1ban megismerked\u00fcnk az \u00d3bud\u00e1n letelep\u00fclt ferences szerzetesek \u00e9s a rend alap\u00edt\u00f3j\u00e1nak t\u00f6rt\u00e9net\u00e9vel, kapcsolatukkal a klarissza ap\u00e1c\u00e1kkal, v\u00e9g\u00fcl Assisi Szent Ferenc im\u00e1j\u00e1val b\u00facs\u00fazunk.<\/p>\n<p style=\"margin-top: 0cm; line-height: 115%; background: white;\">A s\u00e9ta az \u00d3budai M\u00fazeum recepci\u00f3j\u00e1r\u00f3l indul.<\/p>\n<p style=\"margin-top: 0cm; line-height: 115%; background: white;\">A f\u00e1kly\u00e1s s\u00e9ta indul\u00e1sa el\u0151tt az \u00d3budai M\u00fazeum fot\u00f3sa csoportk\u00e9pet k\u00e9sz\u00edt a r\u00e9sztvev\u0151kr\u0151l Piast Erzs\u00e9bet kir\u00e1lyn\u00e9 \u00e9s k\u00eds\u00e9ret\u00e9nek t\u00e1rsas\u00e1g\u00e1ban.<\/p>\n","protected":false},"excerpt":{"rendered":"<p>Koszt\u00fcm\u00f6s, f\u00e1kly\u00e1s s\u00e9ta<\/p>\n","protected":false},"author":7,"featured_media":0,"comment_status":"open","ping_status":"closed","template":"","meta":[],"tags":[28,353,340,23],"tribe_events_cat":[338],"yoast_head":"<!-- This site is optimized with the Yoast SEO plugin v17.5 - https:\/\/yoast.com\/wordpress\/plugins\/seo\/ -->\n<title>Assisi Szent Ferenc nyom\u00e1ban - \u00d3budai Ny\u00e1r 2022 | obuda.hu<\/title>\n<meta name=\"robots\" content=\"index, follow, max-snippet:-1, max-image-preview:large, max-video-preview:-1\" \/>\n<link rel=\"canonical\" href=\"https:\/\/www.obudainyar.hu\/2022\/esemeny\/assisi-szent-ferenc-nyomaban\/\" \/>\n<meta property=\"og:locale\" content=\"hu_HU\" \/>\n<meta property=\"og:type\" content=\"article\" \/>\n<meta property=\"og:title\" content=\"Assisi Szent Ferenc nyom\u00e1ban - \u00d3budai Ny\u00e1r 2022 | obuda.hu\" \/>\n<meta property=\"og:description\" content=\"Koszt\u00fcm\u00f6s, f\u00e1kly\u00e1s s\u00e9ta\" \/>\n<meta property=\"og:url\" content=\"https:\/\/www.obudainyar.hu\/2022\/esemeny\/assisi-szent-ferenc-nyomaban\/\" \/>\n<meta property=\"og:site_name\" content=\"\u00d3budai Ny\u00e1r 2022 | obuda.hu\" \/>\n<meta property=\"og:image\" content=\"https:\/\/www.obudainyar.hu\/2022\/wp-content\/uploads\/2021\/11\/ONY22_hero2-01.jpg\" \/>\n\t<meta property=\"og:image:width\" content=\"1600\" \/>\n\t<meta property=\"og:image:height\" content=\"900\" \/>\n<meta name=\"twitter:card\" content=\"summary_large_image\" \/>\n<meta name=\"twitter:label1\" content=\"Becs\u00fclt olvas\u00e1si id\u0151\" \/>\n\t<meta name=\"twitter:data1\" content=\"1 perc\" \/>\n<script type=\"application\/ld+json\" class=\"yoast-schema-graph\">{\"@context\":\"https:\/\/schema.org\",\"@graph\":[{\"@type\":\"WebSite\",\"@id\":\"https:\/\/www.obudainyar.hu\/2022\/#website\",\"url\":\"https:\/\/www.obudainyar.hu\/2022\/\",\"name\":\"\\u00d3budai Ny\\u00e1r 2022 | obuda.hu\",\"description\":\"\",\"potentialAction\":[{\"@type\":\"SearchAction\",\"target\":{\"@type\":\"EntryPoint\",\"urlTemplate\":\"https:\/\/www.obudainyar.hu\/2022\/?s={search_term_string}\"},\"query-input\":\"required name=search_term_string\"}],\"inLanguage\":\"hu\"},{\"@type\":\"WebPage\",\"@id\":\"https:\/\/www.obudainyar.hu\/2022\/esemeny\/assisi-szent-ferenc-nyomaban\/#webpage\",\"url\":\"https:\/\/www.obudainyar.hu\/2022\/esemeny\/assisi-szent-ferenc-nyomaban\/\",\"name\":\"Assisi Szent Ferenc nyom\\u00e1ban - \\u00d3budai Ny\\u00e1r 2022 | obuda.hu\",\"isPartOf\":{\"@id\":\"https:\/\/www.obudainyar.hu\/2022\/#website\"},\"datePublished\":\"2022-06-17T09:00:21+00:00\",\"dateModified\":\"2022-06-17T09:00:21+00:00\",\"breadcrumb\":{\"@id\":\"https:\/\/www.obudainyar.hu\/2022\/esemeny\/assisi-szent-ferenc-nyomaban\/#breadcrumb\"},\"inLanguage\":\"hu\",\"potentialAction\":[{\"@type\":\"ReadAction\",\"target\":[\"https:\/\/www.obudainyar.hu\/2022\/esemeny\/assisi-szent-ferenc-nyomaban\/\"]}]},{\"@type\":\"BreadcrumbList\",\"@id\":\"https:\/\/www.obudainyar.hu\/2022\/esemeny\/assisi-szent-ferenc-nyomaban\/#breadcrumb\",\"itemListElement\":[{\"@type\":\"ListItem\",\"position\":1,\"name\":\"Kezd\\u0151lap\",\"item\":\"https:\/\/www.obudainyar.hu\/2022\/\"},{\"@type\":\"ListItem\",\"position\":2,\"name\":\"Esem\\u00e9nyek\",\"item\":\"https:\/\/www.obudainyar.hu\/2022\/esemenyek\/\"},{\"@type\":\"ListItem\",\"position\":3,\"name\":\"Assisi Szent Ferenc nyom\\u00e1ban\"}]}]}<\/script>\n<!-- \/ Yoast SEO plugin. -->","yoast_head_json":{"title":"Assisi Szent Ferenc nyom\u00e1ban - \u00d3budai Ny\u00e1r 2022 | obuda.hu","robots":{"index":"index","follow":"follow","max-snippet":"max-snippet:-1","max-image-preview":"max-image-preview:large","max-video-preview":"max-video-preview:-1"},"canonical":"https:\/\/www.obudainyar.hu\/2022\/esemeny\/assisi-szent-ferenc-nyomaban\/","og_locale":"hu_HU","og_type":"article","og_title":"Assisi Szent Ferenc nyom\u00e1ban - \u00d3budai Ny\u00e1r 2022 | obuda.hu","og_description":"Koszt\u00fcm\u00f6s, f\u00e1kly\u00e1s s\u00e9ta","og_url":"https:\/\/www.obudainyar.hu\/2022\/esemeny\/assisi-szent-ferenc-nyomaban\/","og_site_name":"\u00d3budai Ny\u00e1r 2022 | obuda.hu","og_image":[{"width":1600,"height":900,"url":"https:\/\/www.obudainyar.hu\/2022\/wp-content\/uploads\/2021\/11\/ONY22_hero2-01.jpg","type":"image\/jpeg"}],"twitter_card":"summary_large_image","twitter_misc":{"Becs\u00fclt olvas\u00e1si id\u0151":"1 perc"},"schema":{"@context":"https:\/\/schema.org","@graph":[{"@type":"WebSite","@id":"https:\/\/www.obudainyar.hu\/2022\/#website","url":"https:\/\/www.obudainyar.hu\/2022\/","name":"\u00d3budai Ny\u00e1r 2022 | obuda.hu","description":"","potentialAction":[{"@type":"SearchAction","target":{"@type":"EntryPoint","urlTemplate":"https:\/\/www.obudainyar.hu\/2022\/?s={search_term_string}"},"query-input":"required name=search_term_string"}],"inLanguage":"hu"},{"@type":"WebPage","@id":"https:\/\/www.obudainyar.hu\/2022\/esemeny\/assisi-szent-ferenc-nyomaban\/#webpage","url":"https:\/\/www.obudainyar.hu\/2022\/esemeny\/assisi-szent-ferenc-nyomaban\/","name":"Assisi Szent Ferenc nyom\u00e1ban - \u00d3budai Ny\u00e1r 2022 | obuda.hu","isPartOf":{"@id":"https:\/\/www.obudainyar.hu\/2022\/#website"},"datePublished":"2022-06-17T09:00:21+00:00","dateModified":"2022-06-17T09:00:21+00:00","breadcrumb":{"@id":"https:\/\/www.obudainyar.hu\/2022\/esemeny\/assisi-szent-ferenc-nyomaban\/#breadcrumb"},"inLanguage":"hu","potentialAction":[{"@type":"ReadAction","target":["https:\/\/www.obudainyar.hu\/2022\/esemeny\/assisi-szent-ferenc-nyomaban\/"]}]},{"@type":"BreadcrumbList","@id":"https:\/\/www.obudainyar.hu\/2022\/esemeny\/assisi-szent-ferenc-nyomaban\/#breadcrumb","itemListElement":[{"@type":"ListItem","position":1,"name":"Kezd\u0151lap","item":"https:\/\/www.obudainyar.hu\/2022\/"},{"@type":"ListItem","position":2,"name":"Esem\u00e9nyek","item":"https:\/\/www.obudainyar.hu\/2022\/esemenyek\/"},{"@type":"ListItem","position":3,"name":"Assisi Szent Ferenc nyom\u00e1ban"}]}]}},"_links":{"self":[{"href":"https:\/\/www.obudainyar.hu\/2022\/wp-json\/wp\/v2\/tribe_events\/2682"}],"collection":[{"href":"https:\/\/www.obudainyar.hu\/2022\/wp-json\/wp\/v2\/tribe_events"}],"about":[{"href":"https:\/\/www.obudainyar.hu\/2022\/wp-json\/wp\/v2\/types\/tribe_events"}],"author":[{"embeddable":true,"href":"https:\/\/www.obudainyar.hu\/2022\/wp-json\/wp\/v2\/users\/7"}],"replies":[{"embeddable":true,"href":"https:\/\/www.obudainyar.hu\/2022\/wp-json\/wp\/v2\/comments?post=2682"}],"version-history":[{"count":2,"href":"https:\/\/www.obudainyar.hu\/2022\/wp-json\/wp\/v2\/tribe_events\/2682\/revisions"}],"predecessor-version":[{"id":2684,"href":"https:\/\/www.obudainyar.hu\/2022\/wp-json\/wp\/v2\/tribe_events\/2682\/revisions\/2684"}],"wp:attachment":[{"href":"https:\/\/www.obudainyar.hu\/2022\/wp-json\/wp\/v2\/media?parent=2682"}],"wp:term":[{"taxonomy":"post_tag","embeddable":true,"href":"https:\/\/www.obudainyar.hu\/2022\/wp-json\/wp\/v2\/tags?post=2682"},{"taxonomy":"tribe_events_cat","embeddable":true,"href":"https:\/\/www.obudainyar.hu\/2022\/wp-json\/wp\/v2\/tribe_events_cat?post=2682"}],"curies":[{"name":"wp","href":"https:\/\/api.w.org\/{rel}","templated":true}]}}

Assisi Szent Ferenc nyomában

<p style="margin-top: 0cm; line-height: 115%; background: white;">Kosztümös, fáklyás városi séta a középkori ferences kolostor romjaihoz, Piast Erzsébet királyné vezetésével, korhű zenei kísérettel. A királyné tolmácsolásában megismerkedünk az Óbudán letelepült ferences szerzetesek és a rend alapítójának történetével, kapcsolatukkal a klarissza apácákkal, végül Assisi Szent Ferenc imájával búcsúzunk.</p>
<p style="margin-top: 0cm; line-height: 115%; background: white;">A séta az Óbudai Múzeum recepciójáról indul.</p>
<p style="margin-top: 0cm; line-height: 115%; background: white;">A fáklyás séta indulása előtt az Óbudai Múzeum fotósa csoportképet készít a résztvevőkről Piast Erzsébet királyné és kíséretének társaságában.</p>

<p>Kosztümös, fáklyás séta</p>

<!-- This site is optimized with the Yoast SEO plugin v17.5 - https://yoast.com/wordpress/plugins/seo/ -->
<title>Assisi Szent Ferenc nyomában - Óbudai Nyár 2022 | obuda.hu</title>
<meta name="robots" content="index, follow, max-snippet:-1, max-image-preview:large, max-video-preview:-1" />
<link rel="canonical" href="https://www.obudainyar.hu/2022/esemeny/assisi-szent-ferenc-nyomaban/" />
<meta property="og:locale" content="hu_HU" />
<meta property="og:type" content="article" />
<meta property="og:title" content="Assisi Szent Ferenc nyomában - Óbudai Nyár 2022 | obuda.hu" />
<meta property="og:description" content="Kosztümös, fáklyás séta" />
<meta property="og:url" content="https://www.obudainyar.hu/2022/esemeny/assisi-szent-ferenc-nyomaban/" />
<meta property="og:site_name" content="Óbudai Nyár 2022 | obuda.hu" />
<meta property="og:image" content="https://www.obudainyar.hu/2022/wp-content/uploads/2021/11/ONY22_hero2-01.jpg" />
	<meta property="og:image:width" content="1600" />
	<meta property="og:image:height" content="900" />
<meta name="twitter:card" content="summary_large_image" />
<meta name="twitter:label1" content="Becsült olvasási idő" />
	<meta name="twitter:data1" content="1 perc" />
<script type="application/ld+json" class="yoast-schema-graph">{"@context":"https://schema.org","@graph":[{"@type":"WebSite","@id":"https://www.obudainyar.hu/2022/#website","url":"https://www.obudainyar.hu/2022/","name":"\u00d3budai Ny\u00e1r 2022 | obuda.hu","description":"","potentialAction":[{"@type":"SearchAction","target":{"@type":"EntryPoint","urlTemplate":"https://www.obudainyar.hu/2022/?s={search_term_string}"},"query-input":"required name=search_term_string"}],"inLanguage":"hu"},{"@type":"WebPage","@id":"https://www.obudainyar.hu/2022/esemeny/assisi-szent-ferenc-nyomaban/#webpage","url":"https://www.obudainyar.hu/2022/esemeny/assisi-szent-ferenc-nyomaban/","name":"Assisi Szent Ferenc nyom\u00e1ban - \u00d3budai Ny\u00e1r 2022 | obuda.hu","isPartOf":{"@id":"https://www.obudainyar.hu/2022/#website"},"datePublished":"2022-06-17T09:00:21+00:00","dateModified":"2022-06-17T09:00:21+00:00","breadcrumb":{"@id":"https://www.obudainyar.hu/2022/esemeny/assisi-szent-ferenc-nyomaban/#breadcrumb"},"inLanguage":"hu","potentialAction":[{"@type":"ReadAction","target":["https://www.obudainyar.hu/2022/esemeny/assisi-szent-ferenc-nyomaban/"]}]},{"@type":"BreadcrumbList","@id":"https://www.obudainyar.hu/2022/esemeny/assisi-szent-ferenc-nyomaban/#breadcrumb","itemListElement":[{"@type":"ListItem","position":1,"name":"Kezd\u0151lap","item":"https://www.obudainyar.hu/2022/"},{"@type":"ListItem","position":2,"name":"Esem\u00e9nyek","item":"https://www.obudainyar.hu/2022/esemenyek/"},{"@type":"ListItem","position":3,"name":"Assisi Szent Ferenc nyom\u00e1ban"}]}]}</script>
<!-- / Yoast SEO plugin. -->

Assisi Szent Ferenc nyomában - Óbudai Nyár 2022 | obuda.hu

Kosztümös, fáklyás séta

Óbudai Nyár 2022 | obuda.hu

Kezdőlap

Események
