{"id":2687,"date":"2022-06-17T11:03:53","date_gmt":"2022-06-17T09:03:53","guid":{"rendered":"https:\/\/www.obudainyar.hu\/2022\/?post_type=tribe_events&#038;p=2687"},"modified":"2022-06-17T11:03:53","modified_gmt":"2022-06-17T09:03:53","slug":"szent-floriantol-szindbadig","status":"publish","type":"tribe_events","link":"https:\/\/www.obudainyar.hu\/2022\/esemeny\/szent-floriantol-szindbadig\/","title":{"rendered":"Szent Fl\u00f3ri\u00e1nt\u00f3l Szindb\u00e1dig"},"content":{"rendered":"<p style=\"margin-top: 0cm; line-height: 115%; background: white;\">Kit \u00e1br\u00e1zol tulajdonk\u00e9ppen a F\u0151 t\u00e9ri Kr\u00fady-szobor? \u00c9s mire v\u00e1rnak az eserny\u0151s h\u00f6lgyek?<\/p>\n<p style=\"margin-top: 0cm; line-height: 115%; background: white;\">Ezeket \u00e9s m\u00e9g sok m\u00e1s \u00e9rdekes inform\u00e1ci\u00f3t is megtudhatnak szoborn\u00e9z\u0151 s\u00e9t\u00e1nkon, ahol az \u00f3budai F\u0151 t\u00e9r \u00e9s az \u00d3budai M\u00fazeum k\u00f6rny\u00e9k\u00e9n tal\u00e1lhat\u00f3 szobrok \u00e9s alkot\u00f3ik t\u00f6rt\u00e9net\u00e9vel ismerkedhetnek meg. A s\u00e9ta alkalm\u00e1val \u00e9rintett szobrok: Szenth\u00e1roms\u00e1g (Szentl\u00e9lek t\u00e9r), Szindb\u00e1d, a haj\u00f3s (F\u0151 t\u00e9r), V\u00e1rakoz\u00f3k (F\u0151 t\u00e9r), Harrer P\u00e1l (F\u0151 t\u00e9r), \u00d3buda (K\u00f3rh\u00e1z utca), Fogadalmi olt\u00e1r (Pacsirtamez\u0151 utca \u00e9s Serf\u0151z\u0151 utca sarka), Szent Fl\u00f3ri\u00e1n \u00e9s Nepomuki Szent J\u00e1nos (Templom t\u00e9r)<\/p>\n<p style=\"margin-top: 0cm; line-height: 115%; background: white;\">A s\u00e9ta az \u00d3budai M\u00fazeum recepci\u00f3j\u00e1t\u00f3l indul.<\/p>\n","protected":false},"excerpt":{"rendered":"<p>\u00d3budai szobors\u00e9ta<\/p>\n","protected":false},"author":7,"featured_media":0,"comment_status":"open","ping_status":"closed","template":"","meta":[],"tags":[28,353,340,23,20],"tribe_events_cat":[338],"yoast_head":"<!-- This site is optimized with the Yoast SEO plugin v17.5 - https:\/\/yoast.com\/wordpress\/plugins\/seo\/ -->\n<title>Szent Fl\u00f3ri\u00e1nt\u00f3l Szindb\u00e1dig - \u00d3budai Ny\u00e1r 2022 | obuda.hu<\/title>\n<meta name=\"robots\" content=\"index, follow, max-snippet:-1, max-image-preview:large, max-video-preview:-1\" \/>\n<link rel=\"canonical\" href=\"https:\/\/www.obudainyar.hu\/2022\/esemeny\/szent-floriantol-szindbadig\/\" \/>\n<meta property=\"og:locale\" content=\"hu_HU\" \/>\n<meta property=\"og:type\" content=\"article\" \/>\n<meta property=\"og:title\" content=\"Szent Fl\u00f3ri\u00e1nt\u00f3l Szindb\u00e1dig - \u00d3budai Ny\u00e1r 2022 | obuda.hu\" \/>\n<meta property=\"og:description\" content=\"\u00d3budai szobors\u00e9ta\" \/>\n<meta property=\"og:url\" content=\"https:\/\/www.obudainyar.hu\/2022\/esemeny\/szent-floriantol-szindbadig\/\" \/>\n<meta property=\"og:site_name\" content=\"\u00d3budai Ny\u00e1r 2022 | obuda.hu\" \/>\n<meta property=\"og:image\" content=\"https:\/\/www.obudainyar.hu\/2022\/wp-content\/uploads\/2021\/11\/ONY22_hero2-01.jpg\" \/>\n\t<meta property=\"og:image:width\" content=\"1600\" \/>\n\t<meta property=\"og:image:height\" content=\"900\" \/>\n<meta name=\"twitter:card\" content=\"summary_large_image\" \/>\n<meta name=\"twitter:label1\" content=\"Becs\u00fclt olvas\u00e1si id\u0151\" \/>\n\t<meta name=\"twitter:data1\" content=\"1 perc\" \/>\n<script type=\"application\/ld+json\" class=\"yoast-schema-graph\">{\"@context\":\"https:\/\/schema.org\",\"@graph\":[{\"@type\":\"WebSite\",\"@id\":\"https:\/\/www.obudainyar.hu\/2022\/#website\",\"url\":\"https:\/\/www.obudainyar.hu\/2022\/\",\"name\":\"\\u00d3budai Ny\\u00e1r 2022 | obuda.hu\",\"description\":\"\",\"potentialAction\":[{\"@type\":\"SearchAction\",\"target\":{\"@type\":\"EntryPoint\",\"urlTemplate\":\"https:\/\/www.obudainyar.hu\/2022\/?s={search_term_string}\"},\"query-input\":\"required name=search_term_string\"}],\"inLanguage\":\"hu\"},{\"@type\":\"WebPage\",\"@id\":\"https:\/\/www.obudainyar.hu\/2022\/esemeny\/szent-floriantol-szindbadig\/#webpage\",\"url\":\"https:\/\/www.obudainyar.hu\/2022\/esemeny\/szent-floriantol-szindbadig\/\",\"name\":\"Szent Fl\\u00f3ri\\u00e1nt\\u00f3l Szindb\\u00e1dig - \\u00d3budai Ny\\u00e1r 2022 | obuda.hu\",\"isPartOf\":{\"@id\":\"https:\/\/www.obudainyar.hu\/2022\/#website\"},\"datePublished\":\"2022-06-17T09:03:53+00:00\",\"dateModified\":\"2022-06-17T09:03:53+00:00\",\"breadcrumb\":{\"@id\":\"https:\/\/www.obudainyar.hu\/2022\/esemeny\/szent-floriantol-szindbadig\/#breadcrumb\"},\"inLanguage\":\"hu\",\"potentialAction\":[{\"@type\":\"ReadAction\",\"target\":[\"https:\/\/www.obudainyar.hu\/2022\/esemeny\/szent-floriantol-szindbadig\/\"]}]},{\"@type\":\"BreadcrumbList\",\"@id\":\"https:\/\/www.obudainyar.hu\/2022\/esemeny\/szent-floriantol-szindbadig\/#breadcrumb\",\"itemListElement\":[{\"@type\":\"ListItem\",\"position\":1,\"name\":\"Kezd\\u0151lap\",\"item\":\"https:\/\/www.obudainyar.hu\/2022\/\"},{\"@type\":\"ListItem\",\"position\":2,\"name\":\"Esem\\u00e9nyek\",\"item\":\"https:\/\/www.obudainyar.hu\/2022\/esemenyek\/\"},{\"@type\":\"ListItem\",\"position\":3,\"name\":\"Szent Fl\\u00f3ri\\u00e1nt\\u00f3l Szindb\\u00e1dig\"}]}]}<\/script>\n<!-- \/ Yoast SEO plugin. -->","yoast_head_json":{"title":"Szent Fl\u00f3ri\u00e1nt\u00f3l Szindb\u00e1dig - \u00d3budai Ny\u00e1r 2022 | obuda.hu","robots":{"index":"index","follow":"follow","max-snippet":"max-snippet:-1","max-image-preview":"max-image-preview:large","max-video-preview":"max-video-preview:-1"},"canonical":"https:\/\/www.obudainyar.hu\/2022\/esemeny\/szent-floriantol-szindbadig\/","og_locale":"hu_HU","og_type":"article","og_title":"Szent Fl\u00f3ri\u00e1nt\u00f3l Szindb\u00e1dig - \u00d3budai Ny\u00e1r 2022 | obuda.hu","og_description":"\u00d3budai szobors\u00e9ta","og_url":"https:\/\/www.obudainyar.hu\/2022\/esemeny\/szent-floriantol-szindbadig\/","og_site_name":"\u00d3budai Ny\u00e1r 2022 | obuda.hu","og_image":[{"width":1600,"height":900,"url":"https:\/\/www.obudainyar.hu\/2022\/wp-content\/uploads\/2021\/11\/ONY22_hero2-01.jpg","type":"image\/jpeg"}],"twitter_card":"summary_large_image","twitter_misc":{"Becs\u00fclt olvas\u00e1si id\u0151":"1 perc"},"schema":{"@context":"https:\/\/schema.org","@graph":[{"@type":"WebSite","@id":"https:\/\/www.obudainyar.hu\/2022\/#website","url":"https:\/\/www.obudainyar.hu\/2022\/","name":"\u00d3budai Ny\u00e1r 2022 | obuda.hu","description":"","potentialAction":[{"@type":"SearchAction","target":{"@type":"EntryPoint","urlTemplate":"https:\/\/www.obudainyar.hu\/2022\/?s={search_term_string}"},"query-input":"required name=search_term_string"}],"inLanguage":"hu"},{"@type":"WebPage","@id":"https:\/\/www.obudainyar.hu\/2022\/esemeny\/szent-floriantol-szindbadig\/#webpage","url":"https:\/\/www.obudainyar.hu\/2022\/esemeny\/szent-floriantol-szindbadig\/","name":"Szent Fl\u00f3ri\u00e1nt\u00f3l Szindb\u00e1dig - \u00d3budai Ny\u00e1r 2022 | obuda.hu","isPartOf":{"@id":"https:\/\/www.obudainyar.hu\/2022\/#website"},"datePublished":"2022-06-17T09:03:53+00:00","dateModified":"2022-06-17T09:03:53+00:00","breadcrumb":{"@id":"https:\/\/www.obudainyar.hu\/2022\/esemeny\/szent-floriantol-szindbadig\/#breadcrumb"},"inLanguage":"hu","potentialAction":[{"@type":"ReadAction","target":["https:\/\/www.obudainyar.hu\/2022\/esemeny\/szent-floriantol-szindbadig\/"]}]},{"@type":"BreadcrumbList","@id":"https:\/\/www.obudainyar.hu\/2022\/esemeny\/szent-floriantol-szindbadig\/#breadcrumb","itemListElement":[{"@type":"ListItem","position":1,"name":"Kezd\u0151lap","item":"https:\/\/www.obudainyar.hu\/2022\/"},{"@type":"ListItem","position":2,"name":"Esem\u00e9nyek","item":"https:\/\/www.obudainyar.hu\/2022\/esemenyek\/"},{"@type":"ListItem","position":3,"name":"Szent Fl\u00f3ri\u00e1nt\u00f3l Szindb\u00e1dig"}]}]}},"_links":{"self":[{"href":"https:\/\/www.obudainyar.hu\/2022\/wp-json\/wp\/v2\/tribe_events\/2687"}],"collection":[{"href":"https:\/\/www.obudainyar.hu\/2022\/wp-json\/wp\/v2\/tribe_events"}],"about":[{"href":"https:\/\/www.obudainyar.hu\/2022\/wp-json\/wp\/v2\/types\/tribe_events"}],"author":[{"embeddable":true,"href":"https:\/\/www.obudainyar.hu\/2022\/wp-json\/wp\/v2\/users\/7"}],"replies":[{"embeddable":true,"href":"https:\/\/www.obudainyar.hu\/2022\/wp-json\/wp\/v2\/comments?post=2687"}],"version-history":[{"count":1,"href":"https:\/\/www.obudainyar.hu\/2022\/wp-json\/wp\/v2\/tribe_events\/2687\/revisions"}],"predecessor-version":[{"id":2688,"href":"https:\/\/www.obudainyar.hu\/2022\/wp-json\/wp\/v2\/tribe_events\/2687\/revisions\/2688"}],"wp:attachment":[{"href":"https:\/\/www.obudainyar.hu\/2022\/wp-json\/wp\/v2\/media?parent=2687"}],"wp:term":[{"taxonomy":"post_tag","embeddable":true,"href":"https:\/\/www.obudainyar.hu\/2022\/wp-json\/wp\/v2\/tags?post=2687"},{"taxonomy":"tribe_events_cat","embeddable":true,"href":"https:\/\/www.obudainyar.hu\/2022\/wp-json\/wp\/v2\/tribe_events_cat?post=2687"}],"curies":[{"name":"wp","href":"https:\/\/api.w.org\/{rel}","templated":true}]}}

Szent Flóriántól Szindbádig

<p style="margin-top: 0cm; line-height: 115%; background: white;">Kit ábrázol tulajdonképpen a Fő téri Krúdy-szobor? És mire várnak az esernyős hölgyek?</p>
<p style="margin-top: 0cm; line-height: 115%; background: white;">Ezeket és még sok más érdekes információt is megtudhatnak szobornéző sétánkon, ahol az óbudai Fő tér és az Óbudai Múzeum környékén található szobrok és alkotóik történetével ismerkedhetnek meg. A séta alkalmával érintett szobrok: Szentháromság (Szentlélek tér), Szindbád, a hajós (Fő tér), Várakozók (Fő tér), Harrer Pál (Fő tér), Óbuda (Kórház utca), Fogadalmi oltár (Pacsirtamező utca és Serfőző utca sarka), Szent Flórián és Nepomuki Szent János (Templom tér)</p>
<p style="margin-top: 0cm; line-height: 115%; background: white;">A séta az Óbudai Múzeum recepciójától indul.</p>

<p>Óbudai szoborséta</p>

<!-- This site is optimized with the Yoast SEO plugin v17.5 - https://yoast.com/wordpress/plugins/seo/ -->
<title>Szent Flóriántól Szindbádig - Óbudai Nyár 2022 | obuda.hu</title>
<meta name="robots" content="index, follow, max-snippet:-1, max-image-preview:large, max-video-preview:-1" />
<link rel="canonical" href="https://www.obudainyar.hu/2022/esemeny/szent-floriantol-szindbadig/" />
<meta property="og:locale" content="hu_HU" />
<meta property="og:type" content="article" />
<meta property="og:title" content="Szent Flóriántól Szindbádig - Óbudai Nyár 2022 | obuda.hu" />
<meta property="og:description" content="Óbudai szoborséta" />
<meta property="og:url" content="https://www.obudainyar.hu/2022/esemeny/szent-floriantol-szindbadig/" />
<meta property="og:site_name" content="Óbudai Nyár 2022 | obuda.hu" />
<meta property="og:image" content="https://www.obudainyar.hu/2022/wp-content/uploads/2021/11/ONY22_hero2-01.jpg" />
	<meta property="og:image:width" content="1600" />
	<meta property="og:image:height" content="900" />
<meta name="twitter:card" content="summary_large_image" />
<meta name="twitter:label1" content="Becsült olvasási idő" />
	<meta name="twitter:data1" content="1 perc" />
<script type="application/ld+json" class="yoast-schema-graph">{"@context":"https://schema.org","@graph":[{"@type":"WebSite","@id":"https://www.obudainyar.hu/2022/#website","url":"https://www.obudainyar.hu/2022/","name":"\u00d3budai Ny\u00e1r 2022 | obuda.hu","description":"","potentialAction":[{"@type":"SearchAction","target":{"@type":"EntryPoint","urlTemplate":"https://www.obudainyar.hu/2022/?s={search_term_string}"},"query-input":"required name=search_term_string"}],"inLanguage":"hu"},{"@type":"WebPage","@id":"https://www.obudainyar.hu/2022/esemeny/szent-floriantol-szindbadig/#webpage","url":"https://www.obudainyar.hu/2022/esemeny/szent-floriantol-szindbadig/","name":"Szent Fl\u00f3ri\u00e1nt\u00f3l Szindb\u00e1dig - \u00d3budai Ny\u00e1r 2022 | obuda.hu","isPartOf":{"@id":"https://www.obudainyar.hu/2022/#website"},"datePublished":"2022-06-17T09:03:53+00:00","dateModified":"2022-06-17T09:03:53+00:00","breadcrumb":{"@id":"https://www.obudainyar.hu/2022/esemeny/szent-floriantol-szindbadig/#breadcrumb"},"inLanguage":"hu","potentialAction":[{"@type":"ReadAction","target":["https://www.obudainyar.hu/2022/esemeny/szent-floriantol-szindbadig/"]}]},{"@type":"BreadcrumbList","@id":"https://www.obudainyar.hu/2022/esemeny/szent-floriantol-szindbadig/#breadcrumb","itemListElement":[{"@type":"ListItem","position":1,"name":"Kezd\u0151lap","item":"https://www.obudainyar.hu/2022/"},{"@type":"ListItem","position":2,"name":"Esem\u00e9nyek","item":"https://www.obudainyar.hu/2022/esemenyek/"},{"@type":"ListItem","position":3,"name":"Szent Fl\u00f3ri\u00e1nt\u00f3l Szindb\u00e1dig"}]}]}</script>
<!-- / Yoast SEO plugin. -->

Szent Flóriántól Szindbádig - Óbudai Nyár 2022 | obuda.hu

Óbudai szoborséta

Óbudai Nyár 2022 | obuda.hu

Kezdőlap

Események
