{"id":2691,"date":"2022-06-17T11:07:46","date_gmt":"2022-06-17T09:07:46","guid":{"rendered":"https:\/\/www.obudainyar.hu\/2022\/?post_type=tribe_events&#038;p=2691"},"modified":"2022-06-17T11:07:46","modified_gmt":"2022-06-17T09:07:46","slug":"piast-erzsebet-es-a-magyar-kiralyne-vize","status":"publish","type":"tribe_events","link":"https:\/\/www.obudainyar.hu\/2022\/esemeny\/piast-erzsebet-es-a-magyar-kiralyne-vize\/","title":{"rendered":"Piast Erzs\u00e9bet \u00e9s a magyar kir\u00e1lyn\u00e9 vize"},"content":{"rendered":"<p style=\"margin-top: 0cm; line-height: 115%; background: white;\">A \u201eTemplomok a talpunk alatt\u201d c\u00edm\u0171, f\u00f6ld alatti ki\u00e1ll\u00edt\u00e1shoz kapcsol\u00f3dva maga Piast Erzs\u00e9bet kir\u00e1lyn\u00e9 mes\u00e9l a l\u00e1togat\u00f3knak \u00d3buda k\u00f6z\u00e9pkori t\u00f6rt\u00e9net\u00e9r\u0151l!<\/p>\n<p style=\"margin-top: 0cm; line-height: 115%; background: white;\">Az \u00e9rdekl\u0151d\u0151k megismerhetik az \u00c1rp\u00e1d-kori Szent P\u00e9ter \u00e9s a 14. sz\u00e1zadi Sz\u0171z M\u00e1ria-templomok t\u00f6rt\u00e9net\u00e9t, betekint\u00e9st nyerhetnek a k\u00f6z\u00e9pkori \u00d3buda kir\u00e1lyi majd kir\u00e1lyn\u00e9i k\u00f6zpontj\u00e1nak mindennapjaiba \u00e9s Piast Erzs\u00e9bet kir\u00e1lyn\u00e9 \u00e9let\u00e9nek meghat\u00e1roz\u00f3 esem\u00e9nyeir\u0151l is \u00e9rtes\u00fclhetnek. A programot Nagy Gerg\u0151 korh\u0171 zenei al\u00e1fest\u00e9ssel k\u00eds\u00e9ri k\u00f6z\u00e9pkori hangszer\u00e9n, melynek hangjai teljesebb\u00e9 \u00e9s \u00e1t\u00e9lhet\u0151bb\u00e9 teszik k\u00f6z\u00e9pkori id\u0151utaz\u00e1sunk \u00e9lm\u00e9ny\u00e9t, \u00e9s k\u00f6zben m\u00e9g a magyar kir\u00e1lyn\u00e9 viz\u00e9t is megillatolhatjuk.<\/p>\n<p style=\"margin-top: 0cm; line-height: 115%; background: white;\">Helysz\u00edn: Pincet\u00e1rlat, a vezet\u00e9s a recepci\u00f3t\u00f3l indul. Meleg fels\u0151 aj\u00e1nlott.<\/p>\n","protected":false},"excerpt":{"rendered":"<p>Jelmezes t\u00e1rlatvezet\u00e9s a f\u00f6ld alatt, zen\u00e9vel, illatokkal<\/p>\n","protected":false},"author":7,"featured_media":0,"comment_status":"open","ping_status":"closed","template":"","meta":[],"tags":[353,340,23,18,20],"tribe_events_cat":[338],"yoast_head":"<!-- This site is optimized with the Yoast SEO plugin v17.5 - https:\/\/yoast.com\/wordpress\/plugins\/seo\/ -->\n<title>Piast Erzs\u00e9bet \u00e9s a magyar kir\u00e1lyn\u00e9 vize - \u00d3budai Ny\u00e1r 2022 | obuda.hu<\/title>\n<meta name=\"robots\" content=\"index, follow, max-snippet:-1, max-image-preview:large, max-video-preview:-1\" \/>\n<link rel=\"canonical\" href=\"https:\/\/www.obudainyar.hu\/2022\/esemeny\/piast-erzsebet-es-a-magyar-kiralyne-vize\/\" \/>\n<meta property=\"og:locale\" content=\"hu_HU\" \/>\n<meta property=\"og:type\" content=\"article\" \/>\n<meta property=\"og:title\" content=\"Piast Erzs\u00e9bet \u00e9s a magyar kir\u00e1lyn\u00e9 vize - \u00d3budai Ny\u00e1r 2022 | obuda.hu\" \/>\n<meta property=\"og:description\" content=\"Jelmezes t\u00e1rlatvezet\u00e9s a f\u00f6ld alatt, zen\u00e9vel, illatokkal\" \/>\n<meta property=\"og:url\" content=\"https:\/\/www.obudainyar.hu\/2022\/esemeny\/piast-erzsebet-es-a-magyar-kiralyne-vize\/\" \/>\n<meta property=\"og:site_name\" content=\"\u00d3budai Ny\u00e1r 2022 | obuda.hu\" \/>\n<meta property=\"og:image\" content=\"https:\/\/www.obudainyar.hu\/2022\/wp-content\/uploads\/2021\/11\/ONY22_hero2-01.jpg\" \/>\n\t<meta property=\"og:image:width\" content=\"1600\" \/>\n\t<meta property=\"og:image:height\" content=\"900\" \/>\n<meta name=\"twitter:card\" content=\"summary_large_image\" \/>\n<meta name=\"twitter:label1\" content=\"Becs\u00fclt olvas\u00e1si id\u0151\" \/>\n\t<meta name=\"twitter:data1\" content=\"1 perc\" \/>\n<script type=\"application\/ld+json\" class=\"yoast-schema-graph\">{\"@context\":\"https:\/\/schema.org\",\"@graph\":[{\"@type\":\"WebSite\",\"@id\":\"https:\/\/www.obudainyar.hu\/2022\/#website\",\"url\":\"https:\/\/www.obudainyar.hu\/2022\/\",\"name\":\"\\u00d3budai Ny\\u00e1r 2022 | obuda.hu\",\"description\":\"\",\"potentialAction\":[{\"@type\":\"SearchAction\",\"target\":{\"@type\":\"EntryPoint\",\"urlTemplate\":\"https:\/\/www.obudainyar.hu\/2022\/?s={search_term_string}\"},\"query-input\":\"required name=search_term_string\"}],\"inLanguage\":\"hu\"},{\"@type\":\"WebPage\",\"@id\":\"https:\/\/www.obudainyar.hu\/2022\/esemeny\/piast-erzsebet-es-a-magyar-kiralyne-vize\/#webpage\",\"url\":\"https:\/\/www.obudainyar.hu\/2022\/esemeny\/piast-erzsebet-es-a-magyar-kiralyne-vize\/\",\"name\":\"Piast Erzs\\u00e9bet \\u00e9s a magyar kir\\u00e1lyn\\u00e9 vize - \\u00d3budai Ny\\u00e1r 2022 | obuda.hu\",\"isPartOf\":{\"@id\":\"https:\/\/www.obudainyar.hu\/2022\/#website\"},\"datePublished\":\"2022-06-17T09:07:46+00:00\",\"dateModified\":\"2022-06-17T09:07:46+00:00\",\"breadcrumb\":{\"@id\":\"https:\/\/www.obudainyar.hu\/2022\/esemeny\/piast-erzsebet-es-a-magyar-kiralyne-vize\/#breadcrumb\"},\"inLanguage\":\"hu\",\"potentialAction\":[{\"@type\":\"ReadAction\",\"target\":[\"https:\/\/www.obudainyar.hu\/2022\/esemeny\/piast-erzsebet-es-a-magyar-kiralyne-vize\/\"]}]},{\"@type\":\"BreadcrumbList\",\"@id\":\"https:\/\/www.obudainyar.hu\/2022\/esemeny\/piast-erzsebet-es-a-magyar-kiralyne-vize\/#breadcrumb\",\"itemListElement\":[{\"@type\":\"ListItem\",\"position\":1,\"name\":\"Kezd\\u0151lap\",\"item\":\"https:\/\/www.obudainyar.hu\/2022\/\"},{\"@type\":\"ListItem\",\"position\":2,\"name\":\"Esem\\u00e9nyek\",\"item\":\"https:\/\/www.obudainyar.hu\/2022\/esemenyek\/\"},{\"@type\":\"ListItem\",\"position\":3,\"name\":\"Piast Erzs\\u00e9bet \\u00e9s a magyar kir\\u00e1lyn\\u00e9 vize\"}]}]}<\/script>\n<!-- \/ Yoast SEO plugin. -->","yoast_head_json":{"title":"Piast Erzs\u00e9bet \u00e9s a magyar kir\u00e1lyn\u00e9 vize - \u00d3budai Ny\u00e1r 2022 | obuda.hu","robots":{"index":"index","follow":"follow","max-snippet":"max-snippet:-1","max-image-preview":"max-image-preview:large","max-video-preview":"max-video-preview:-1"},"canonical":"https:\/\/www.obudainyar.hu\/2022\/esemeny\/piast-erzsebet-es-a-magyar-kiralyne-vize\/","og_locale":"hu_HU","og_type":"article","og_title":"Piast Erzs\u00e9bet \u00e9s a magyar kir\u00e1lyn\u00e9 vize - \u00d3budai Ny\u00e1r 2022 | obuda.hu","og_description":"Jelmezes t\u00e1rlatvezet\u00e9s a f\u00f6ld alatt, zen\u00e9vel, illatokkal","og_url":"https:\/\/www.obudainyar.hu\/2022\/esemeny\/piast-erzsebet-es-a-magyar-kiralyne-vize\/","og_site_name":"\u00d3budai Ny\u00e1r 2022 | obuda.hu","og_image":[{"width":1600,"height":900,"url":"https:\/\/www.obudainyar.hu\/2022\/wp-content\/uploads\/2021\/11\/ONY22_hero2-01.jpg","type":"image\/jpeg"}],"twitter_card":"summary_large_image","twitter_misc":{"Becs\u00fclt olvas\u00e1si id\u0151":"1 perc"},"schema":{"@context":"https:\/\/schema.org","@graph":[{"@type":"WebSite","@id":"https:\/\/www.obudainyar.hu\/2022\/#website","url":"https:\/\/www.obudainyar.hu\/2022\/","name":"\u00d3budai Ny\u00e1r 2022 | obuda.hu","description":"","potentialAction":[{"@type":"SearchAction","target":{"@type":"EntryPoint","urlTemplate":"https:\/\/www.obudainyar.hu\/2022\/?s={search_term_string}"},"query-input":"required name=search_term_string"}],"inLanguage":"hu"},{"@type":"WebPage","@id":"https:\/\/www.obudainyar.hu\/2022\/esemeny\/piast-erzsebet-es-a-magyar-kiralyne-vize\/#webpage","url":"https:\/\/www.obudainyar.hu\/2022\/esemeny\/piast-erzsebet-es-a-magyar-kiralyne-vize\/","name":"Piast Erzs\u00e9bet \u00e9s a magyar kir\u00e1lyn\u00e9 vize - \u00d3budai Ny\u00e1r 2022 | obuda.hu","isPartOf":{"@id":"https:\/\/www.obudainyar.hu\/2022\/#website"},"datePublished":"2022-06-17T09:07:46+00:00","dateModified":"2022-06-17T09:07:46+00:00","breadcrumb":{"@id":"https:\/\/www.obudainyar.hu\/2022\/esemeny\/piast-erzsebet-es-a-magyar-kiralyne-vize\/#breadcrumb"},"inLanguage":"hu","potentialAction":[{"@type":"ReadAction","target":["https:\/\/www.obudainyar.hu\/2022\/esemeny\/piast-erzsebet-es-a-magyar-kiralyne-vize\/"]}]},{"@type":"BreadcrumbList","@id":"https:\/\/www.obudainyar.hu\/2022\/esemeny\/piast-erzsebet-es-a-magyar-kiralyne-vize\/#breadcrumb","itemListElement":[{"@type":"ListItem","position":1,"name":"Kezd\u0151lap","item":"https:\/\/www.obudainyar.hu\/2022\/"},{"@type":"ListItem","position":2,"name":"Esem\u00e9nyek","item":"https:\/\/www.obudainyar.hu\/2022\/esemenyek\/"},{"@type":"ListItem","position":3,"name":"Piast Erzs\u00e9bet \u00e9s a magyar kir\u00e1lyn\u00e9 vize"}]}]}},"_links":{"self":[{"href":"https:\/\/www.obudainyar.hu\/2022\/wp-json\/wp\/v2\/tribe_events\/2691"}],"collection":[{"href":"https:\/\/www.obudainyar.hu\/2022\/wp-json\/wp\/v2\/tribe_events"}],"about":[{"href":"https:\/\/www.obudainyar.hu\/2022\/wp-json\/wp\/v2\/types\/tribe_events"}],"author":[{"embeddable":true,"href":"https:\/\/www.obudainyar.hu\/2022\/wp-json\/wp\/v2\/users\/7"}],"replies":[{"embeddable":true,"href":"https:\/\/www.obudainyar.hu\/2022\/wp-json\/wp\/v2\/comments?post=2691"}],"version-history":[{"count":1,"href":"https:\/\/www.obudainyar.hu\/2022\/wp-json\/wp\/v2\/tribe_events\/2691\/revisions"}],"predecessor-version":[{"id":2692,"href":"https:\/\/www.obudainyar.hu\/2022\/wp-json\/wp\/v2\/tribe_events\/2691\/revisions\/2692"}],"wp:attachment":[{"href":"https:\/\/www.obudainyar.hu\/2022\/wp-json\/wp\/v2\/media?parent=2691"}],"wp:term":[{"taxonomy":"post_tag","embeddable":true,"href":"https:\/\/www.obudainyar.hu\/2022\/wp-json\/wp\/v2\/tags?post=2691"},{"taxonomy":"tribe_events_cat","embeddable":true,"href":"https:\/\/www.obudainyar.hu\/2022\/wp-json\/wp\/v2\/tribe_events_cat?post=2691"}],"curies":[{"name":"wp","href":"https:\/\/api.w.org\/{rel}","templated":true}]}}

Piast Erzsébet és a magyar királyné vize

<p style="margin-top: 0cm; line-height: 115%; background: white;">A „Templomok a talpunk alatt” című, föld alatti kiállításhoz kapcsolódva maga Piast Erzsébet királyné mesél a látogatóknak Óbuda középkori történetéről!</p>
<p style="margin-top: 0cm; line-height: 115%; background: white;">Az érdeklődők megismerhetik az Árpád-kori Szent Péter és a 14. századi Szűz Mária-templomok történetét, betekintést nyerhetnek a középkori Óbuda királyi majd királynéi központjának mindennapjaiba és Piast Erzsébet királyné életének meghatározó eseményeiről is értesülhetnek. A programot Nagy Gergő korhű zenei aláfestéssel kíséri középkori hangszerén, melynek hangjai teljesebbé és átélhetőbbé teszik középkori időutazásunk élményét, és közben még a magyar királyné vizét is megillatolhatjuk.</p>
<p style="margin-top: 0cm; line-height: 115%; background: white;">Helyszín: Pincetárlat, a vezetés a recepciótól indul. Meleg felső ajánlott.</p>

<p>Jelmezes tárlatvezetés a föld alatt, zenével, illatokkal</p>

<!-- This site is optimized with the Yoast SEO plugin v17.5 - https://yoast.com/wordpress/plugins/seo/ -->
<title>Piast Erzsébet és a magyar királyné vize - Óbudai Nyár 2022 | obuda.hu</title>
<meta name="robots" content="index, follow, max-snippet:-1, max-image-preview:large, max-video-preview:-1" />
<link rel="canonical" href="https://www.obudainyar.hu/2022/esemeny/piast-erzsebet-es-a-magyar-kiralyne-vize/" />
<meta property="og:locale" content="hu_HU" />
<meta property="og:type" content="article" />
<meta property="og:title" content="Piast Erzsébet és a magyar királyné vize - Óbudai Nyár 2022 | obuda.hu" />
<meta property="og:description" content="Jelmezes tárlatvezetés a föld alatt, zenével, illatokkal" />
<meta property="og:url" content="https://www.obudainyar.hu/2022/esemeny/piast-erzsebet-es-a-magyar-kiralyne-vize/" />
<meta property="og:site_name" content="Óbudai Nyár 2022 | obuda.hu" />
<meta property="og:image" content="https://www.obudainyar.hu/2022/wp-content/uploads/2021/11/ONY22_hero2-01.jpg" />
	<meta property="og:image:width" content="1600" />
	<meta property="og:image:height" content="900" />
<meta name="twitter:card" content="summary_large_image" />
<meta name="twitter:label1" content="Becsült olvasási idő" />
	<meta name="twitter:data1" content="1 perc" />
<script type="application/ld+json" class="yoast-schema-graph">{"@context":"https://schema.org","@graph":[{"@type":"WebSite","@id":"https://www.obudainyar.hu/2022/#website","url":"https://www.obudainyar.hu/2022/","name":"\u00d3budai Ny\u00e1r 2022 | obuda.hu","description":"","potentialAction":[{"@type":"SearchAction","target":{"@type":"EntryPoint","urlTemplate":"https://www.obudainyar.hu/2022/?s={search_term_string}"},"query-input":"required name=search_term_string"}],"inLanguage":"hu"},{"@type":"WebPage","@id":"https://www.obudainyar.hu/2022/esemeny/piast-erzsebet-es-a-magyar-kiralyne-vize/#webpage","url":"https://www.obudainyar.hu/2022/esemeny/piast-erzsebet-es-a-magyar-kiralyne-vize/","name":"Piast Erzs\u00e9bet \u00e9s a magyar kir\u00e1lyn\u00e9 vize - \u00d3budai Ny\u00e1r 2022 | obuda.hu","isPartOf":{"@id":"https://www.obudainyar.hu/2022/#website"},"datePublished":"2022-06-17T09:07:46+00:00","dateModified":"2022-06-17T09:07:46+00:00","breadcrumb":{"@id":"https://www.obudainyar.hu/2022/esemeny/piast-erzsebet-es-a-magyar-kiralyne-vize/#breadcrumb"},"inLanguage":"hu","potentialAction":[{"@type":"ReadAction","target":["https://www.obudainyar.hu/2022/esemeny/piast-erzsebet-es-a-magyar-kiralyne-vize/"]}]},{"@type":"BreadcrumbList","@id":"https://www.obudainyar.hu/2022/esemeny/piast-erzsebet-es-a-magyar-kiralyne-vize/#breadcrumb","itemListElement":[{"@type":"ListItem","position":1,"name":"Kezd\u0151lap","item":"https://www.obudainyar.hu/2022/"},{"@type":"ListItem","position":2,"name":"Esem\u00e9nyek","item":"https://www.obudainyar.hu/2022/esemenyek/"},{"@type":"ListItem","position":3,"name":"Piast Erzs\u00e9bet \u00e9s a magyar kir\u00e1lyn\u00e9 vize"}]}]}</script>
<!-- / Yoast SEO plugin. -->

Piast Erzsébet és a magyar királyné vize - Óbudai Nyár 2022 | obuda.hu

Jelmezes tárlatvezetés a föld alatt, zenével, illatokkal

Óbudai Nyár 2022 | obuda.hu

Kezdőlap

Események
