{"id":2896,"date":"2022-06-21T14:44:31","date_gmt":"2022-06-21T12:44:31","guid":{"rendered":"https:\/\/www.obudainyar.hu\/2022\/?post_type=tribe_events&#038;p=2896"},"modified":"2022-07-19T18:15:25","modified_gmt":"2022-07-19T16:15:25","slug":"nemzetisegi-nap-pilisszentkeresztert-kulturalis-egyesulet-es-galda-levente-modern-zene","status":"publish","type":"tribe_events","link":"https:\/\/www.obudainyar.hu\/2022\/esemeny\/nemzetisegi-nap-pilisszentkeresztert-kulturalis-egyesulet-es-galda-levente-modern-zene\/","title":{"rendered":"Nemzetis\u00e9gi Nap &#8211; Szlov\u00e1k Nemzetis\u00e9gi \u00d6nkorm\u00e1nyzat"},"content":{"rendered":"<p><span style=\"font-weight: 400;\">&#8222;A nemzetis\u00e9gi hagyom\u00e1nyok nem \u00f6nmagukt\u00f3l \u00f6r\u00f6k \u00e9let\u0171ek, hanem t\u0151l\u00fcnk, \u00e1ltalunk. A mi v\u00e9ges \u00e9let\u00fcnk t\u00e1pl\u00e1lja az \u0151 halhatatlans\u00e1gukat. Ez azt jelenti, hogy \u00fajra \u00e9s \u00fajra k\u00e9rdezhetj\u00fck \u0151ket magunkr\u00f3l, r\u00f3lunk, s ha kell\u0151 al\u00e1zattal, val\u00f3di elhivatotts\u00e1ggal tessz\u00fck, akkor ITT \u00e9s MOST is v\u00e1laszolni fognak k\u00e9rd\u00e9seinkre.&#8221; &#8211; vallj\u00e1k az id\u00e9n fenn\u00e1ll\u00e1suk 15. jubileumi \u00e9vfordul\u00f3j\u00e1t \u00fcnnepl\u0151, K\u00d3TA- \u00e9s PRO CULTURA MINORITATUM HUNGARIAE d\u00edjas Pilisszentkereszt\u00e9rt Kultur\u00e1lis Egyes\u00fclet szlov\u00e1k nemzetis\u00e9gi hagyom\u00e1ny\u0151rz\u0151 tagjai.<\/span><\/p>\n<p><span style=\"font-weight: 400;\">Mai m\u0171soruk reperto\u00e1rj\u00e1n autentikus pilisi n\u00e9pdalcsokrok mellett szlov\u00e1kiai retr\u00f3sl\u00e1gereket is bemutatnak nek\u00fcnk, de itt &#8211; n\u00e1lunk, az \u00d3BUDAI B\u00daCS\u00daBAN deb\u00fct\u00e1lnak k\u00e9sz\u00fcl\u0151 \u00f6t\u00f6dik lemez\u00fck leg\u00fajabb, eddig m\u00e9g hallott vil\u00e1gzenei, \u00fan. pszeudofolk-pop st\u00edlus\u00fa, szlov\u00e1k nyelv\u0171 gy\u00f6ngyszemei is, \u00edgy val\u00f3ban minden koroszt\u00e1ly tal\u00e1lhat kedv\u00e9re val\u00f3t soron k\u00f6vetkez\u0151 sz\u00ednes programjukban.<\/span><span style=\"font-weight: 400;\"><br \/>\n<\/span><span style=\"font-weight: 400;\">Az egyes\u00fclet eln\u00f6ke, valamint az egy\u00fcttes m\u0171v\u00e9szeti vezet\u0151je: Galda Levente<\/span><\/p>\n<p>&nbsp;<\/p>\n","protected":false},"excerpt":{"rendered":"<p>Pilisszentkereszt\u00e9rt Kultur\u00e1lis Egyes\u00fclet \u00e9s Galda Levente modern zen\u00e9re \u00e1t\u00edrt folkl\u00f3rral.<\/p>\n","protected":false},"author":7,"featured_media":3142,"comment_status":"open","ping_status":"closed","template":"","meta":[],"tags":[56,402,401,403,63],"tribe_events_cat":[338],"yoast_head":"<!-- This site is optimized with the Yoast SEO plugin v17.5 - https:\/\/yoast.com\/wordpress\/plugins\/seo\/ -->\n<title>Nemzetis\u00e9gi Nap - Szlov\u00e1k Nemzetis\u00e9gi \u00d6nkorm\u00e1nyzat - \u00d3budai Ny\u00e1r 2022 | obuda.hu<\/title>\n<meta name=\"robots\" content=\"index, follow, max-snippet:-1, max-image-preview:large, max-video-preview:-1\" \/>\n<link rel=\"canonical\" href=\"https:\/\/www.obudainyar.hu\/2022\/esemeny\/nemzetisegi-nap-pilisszentkeresztert-kulturalis-egyesulet-es-galda-levente-modern-zene\/\" \/>\n<meta property=\"og:locale\" content=\"hu_HU\" \/>\n<meta property=\"og:type\" content=\"article\" \/>\n<meta property=\"og:title\" content=\"Nemzetis\u00e9gi Nap - Szlov\u00e1k Nemzetis\u00e9gi \u00d6nkorm\u00e1nyzat - \u00d3budai Ny\u00e1r 2022 | obuda.hu\" \/>\n<meta property=\"og:description\" content=\"Pilisszentkereszt\u00e9rt Kultur\u00e1lis Egyes\u00fclet \u00e9s Galda Levente modern zen\u00e9re \u00e1t\u00edrt folkl\u00f3rral.\" \/>\n<meta property=\"og:url\" content=\"https:\/\/www.obudainyar.hu\/2022\/esemeny\/nemzetisegi-nap-pilisszentkeresztert-kulturalis-egyesulet-es-galda-levente-modern-zene\/\" \/>\n<meta property=\"og:site_name\" content=\"\u00d3budai Ny\u00e1r 2022 | obuda.hu\" \/>\n<meta property=\"article:modified_time\" content=\"2022-07-19T16:15:25+00:00\" \/>\n<meta property=\"og:image\" content=\"https:\/\/www.obudainyar.hu\/2022\/wp-content\/uploads\/2022\/06\/ONY_event_cover_1200x628-px_4-04-1024x536.png\" \/>\n\t<meta property=\"og:image:width\" content=\"1024\" \/>\n\t<meta property=\"og:image:height\" content=\"536\" \/>\n<meta name=\"twitter:card\" content=\"summary_large_image\" \/>\n<meta name=\"twitter:label1\" content=\"Becs\u00fclt olvas\u00e1si id\u0151\" \/>\n\t<meta name=\"twitter:data1\" content=\"1 perc\" \/>\n<script type=\"application\/ld+json\" class=\"yoast-schema-graph\">{\"@context\":\"https:\/\/schema.org\",\"@graph\":[{\"@type\":\"WebSite\",\"@id\":\"https:\/\/www.obudainyar.hu\/2022\/#website\",\"url\":\"https:\/\/www.obudainyar.hu\/2022\/\",\"name\":\"\\u00d3budai Ny\\u00e1r 2022 | obuda.hu\",\"description\":\"\",\"potentialAction\":[{\"@type\":\"SearchAction\",\"target\":{\"@type\":\"EntryPoint\",\"urlTemplate\":\"https:\/\/www.obudainyar.hu\/2022\/?s={search_term_string}\"},\"query-input\":\"required name=search_term_string\"}],\"inLanguage\":\"hu\"},{\"@type\":\"ImageObject\",\"@id\":\"https:\/\/www.obudainyar.hu\/2022\/esemeny\/nemzetisegi-nap-pilisszentkeresztert-kulturalis-egyesulet-es-galda-levente-modern-zene\/#primaryimage\",\"inLanguage\":\"hu\",\"url\":\"https:\/\/www.obudainyar.hu\/2022\/wp-content\/uploads\/2022\/06\/ONY_event_cover_1200x628-px_4-04.png\",\"contentUrl\":\"https:\/\/www.obudainyar.hu\/2022\/wp-content\/uploads\/2022\/06\/ONY_event_cover_1200x628-px_4-04.png\",\"width\":5001,\"height\":2617},{\"@type\":\"WebPage\",\"@id\":\"https:\/\/www.obudainyar.hu\/2022\/esemeny\/nemzetisegi-nap-pilisszentkeresztert-kulturalis-egyesulet-es-galda-levente-modern-zene\/#webpage\",\"url\":\"https:\/\/www.obudainyar.hu\/2022\/esemeny\/nemzetisegi-nap-pilisszentkeresztert-kulturalis-egyesulet-es-galda-levente-modern-zene\/\",\"name\":\"Nemzetis\\u00e9gi Nap - Szlov\\u00e1k Nemzetis\\u00e9gi \\u00d6nkorm\\u00e1nyzat - \\u00d3budai Ny\\u00e1r 2022 | obuda.hu\",\"isPartOf\":{\"@id\":\"https:\/\/www.obudainyar.hu\/2022\/#website\"},\"primaryImageOfPage\":{\"@id\":\"https:\/\/www.obudainyar.hu\/2022\/esemeny\/nemzetisegi-nap-pilisszentkeresztert-kulturalis-egyesulet-es-galda-levente-modern-zene\/#primaryimage\"},\"datePublished\":\"2022-06-21T12:44:31+00:00\",\"dateModified\":\"2022-07-19T16:15:25+00:00\",\"breadcrumb\":{\"@id\":\"https:\/\/www.obudainyar.hu\/2022\/esemeny\/nemzetisegi-nap-pilisszentkeresztert-kulturalis-egyesulet-es-galda-levente-modern-zene\/#breadcrumb\"},\"inLanguage\":\"hu\",\"potentialAction\":[{\"@type\":\"ReadAction\",\"target\":[\"https:\/\/www.obudainyar.hu\/2022\/esemeny\/nemzetisegi-nap-pilisszentkeresztert-kulturalis-egyesulet-es-galda-levente-modern-zene\/\"]}]},{\"@type\":\"BreadcrumbList\",\"@id\":\"https:\/\/www.obudainyar.hu\/2022\/esemeny\/nemzetisegi-nap-pilisszentkeresztert-kulturalis-egyesulet-es-galda-levente-modern-zene\/#breadcrumb\",\"itemListElement\":[{\"@type\":\"ListItem\",\"position\":1,\"name\":\"Kezd\\u0151lap\",\"item\":\"https:\/\/www.obudainyar.hu\/2022\/\"},{\"@type\":\"ListItem\",\"position\":2,\"name\":\"Esem\\u00e9nyek\",\"item\":\"https:\/\/www.obudainyar.hu\/2022\/esemenyek\/\"},{\"@type\":\"ListItem\",\"position\":3,\"name\":\"Nemzetis\\u00e9gi Nap &#8211; Szlov\\u00e1k Nemzetis\\u00e9gi \\u00d6nkorm\\u00e1nyzat\"}]}]}<\/script>\n<!-- \/ Yoast SEO plugin. -->","yoast_head_json":{"title":"Nemzetis\u00e9gi Nap - Szlov\u00e1k Nemzetis\u00e9gi \u00d6nkorm\u00e1nyzat - \u00d3budai Ny\u00e1r 2022 | obuda.hu","robots":{"index":"index","follow":"follow","max-snippet":"max-snippet:-1","max-image-preview":"max-image-preview:large","max-video-preview":"max-video-preview:-1"},"canonical":"https:\/\/www.obudainyar.hu\/2022\/esemeny\/nemzetisegi-nap-pilisszentkeresztert-kulturalis-egyesulet-es-galda-levente-modern-zene\/","og_locale":"hu_HU","og_type":"article","og_title":"Nemzetis\u00e9gi Nap - Szlov\u00e1k Nemzetis\u00e9gi \u00d6nkorm\u00e1nyzat - \u00d3budai Ny\u00e1r 2022 | obuda.hu","og_description":"Pilisszentkereszt\u00e9rt Kultur\u00e1lis Egyes\u00fclet \u00e9s Galda Levente modern zen\u00e9re \u00e1t\u00edrt folkl\u00f3rral.","og_url":"https:\/\/www.obudainyar.hu\/2022\/esemeny\/nemzetisegi-nap-pilisszentkeresztert-kulturalis-egyesulet-es-galda-levente-modern-zene\/","og_site_name":"\u00d3budai Ny\u00e1r 2022 | obuda.hu","article_modified_time":"2022-07-19T16:15:25+00:00","og_image":[{"width":1024,"height":536,"url":"https:\/\/www.obudainyar.hu\/2022\/wp-content\/uploads\/2022\/06\/ONY_event_cover_1200x628-px_4-04-1024x536.png","type":"image\/png"}],"twitter_card":"summary_large_image","twitter_misc":{"Becs\u00fclt olvas\u00e1si id\u0151":"1 perc"},"schema":{"@context":"https:\/\/schema.org","@graph":[{"@type":"WebSite","@id":"https:\/\/www.obudainyar.hu\/2022\/#website","url":"https:\/\/www.obudainyar.hu\/2022\/","name":"\u00d3budai Ny\u00e1r 2022 | obuda.hu","description":"","potentialAction":[{"@type":"SearchAction","target":{"@type":"EntryPoint","urlTemplate":"https:\/\/www.obudainyar.hu\/2022\/?s={search_term_string}"},"query-input":"required name=search_term_string"}],"inLanguage":"hu"},{"@type":"ImageObject","@id":"https:\/\/www.obudainyar.hu\/2022\/esemeny\/nemzetisegi-nap-pilisszentkeresztert-kulturalis-egyesulet-es-galda-levente-modern-zene\/#primaryimage","inLanguage":"hu","url":"https:\/\/www.obudainyar.hu\/2022\/wp-content\/uploads\/2022\/06\/ONY_event_cover_1200x628-px_4-04.png","contentUrl":"https:\/\/www.obudainyar.hu\/2022\/wp-content\/uploads\/2022\/06\/ONY_event_cover_1200x628-px_4-04.png","width":5001,"height":2617},{"@type":"WebPage","@id":"https:\/\/www.obudainyar.hu\/2022\/esemeny\/nemzetisegi-nap-pilisszentkeresztert-kulturalis-egyesulet-es-galda-levente-modern-zene\/#webpage","url":"https:\/\/www.obudainyar.hu\/2022\/esemeny\/nemzetisegi-nap-pilisszentkeresztert-kulturalis-egyesulet-es-galda-levente-modern-zene\/","name":"Nemzetis\u00e9gi Nap - Szlov\u00e1k Nemzetis\u00e9gi \u00d6nkorm\u00e1nyzat - \u00d3budai Ny\u00e1r 2022 | obuda.hu","isPartOf":{"@id":"https:\/\/www.obudainyar.hu\/2022\/#website"},"primaryImageOfPage":{"@id":"https:\/\/www.obudainyar.hu\/2022\/esemeny\/nemzetisegi-nap-pilisszentkeresztert-kulturalis-egyesulet-es-galda-levente-modern-zene\/#primaryimage"},"datePublished":"2022-06-21T12:44:31+00:00","dateModified":"2022-07-19T16:15:25+00:00","breadcrumb":{"@id":"https:\/\/www.obudainyar.hu\/2022\/esemeny\/nemzetisegi-nap-pilisszentkeresztert-kulturalis-egyesulet-es-galda-levente-modern-zene\/#breadcrumb"},"inLanguage":"hu","potentialAction":[{"@type":"ReadAction","target":["https:\/\/www.obudainyar.hu\/2022\/esemeny\/nemzetisegi-nap-pilisszentkeresztert-kulturalis-egyesulet-es-galda-levente-modern-zene\/"]}]},{"@type":"BreadcrumbList","@id":"https:\/\/www.obudainyar.hu\/2022\/esemeny\/nemzetisegi-nap-pilisszentkeresztert-kulturalis-egyesulet-es-galda-levente-modern-zene\/#breadcrumb","itemListElement":[{"@type":"ListItem","position":1,"name":"Kezd\u0151lap","item":"https:\/\/www.obudainyar.hu\/2022\/"},{"@type":"ListItem","position":2,"name":"Esem\u00e9nyek","item":"https:\/\/www.obudainyar.hu\/2022\/esemenyek\/"},{"@type":"ListItem","position":3,"name":"Nemzetis\u00e9gi Nap &#8211; Szlov\u00e1k Nemzetis\u00e9gi \u00d6nkorm\u00e1nyzat"}]}]}},"_links":{"self":[{"href":"https:\/\/www.obudainyar.hu\/2022\/wp-json\/wp\/v2\/tribe_events\/2896"}],"collection":[{"href":"https:\/\/www.obudainyar.hu\/2022\/wp-json\/wp\/v2\/tribe_events"}],"about":[{"href":"https:\/\/www.obudainyar.hu\/2022\/wp-json\/wp\/v2\/types\/tribe_events"}],"author":[{"embeddable":true,"href":"https:\/\/www.obudainyar.hu\/2022\/wp-json\/wp\/v2\/users\/7"}],"replies":[{"embeddable":true,"href":"https:\/\/www.obudainyar.hu\/2022\/wp-json\/wp\/v2\/comments?post=2896"}],"version-history":[{"count":4,"href":"https:\/\/www.obudainyar.hu\/2022\/wp-json\/wp\/v2\/tribe_events\/2896\/revisions"}],"predecessor-version":[{"id":2911,"href":"https:\/\/www.obudainyar.hu\/2022\/wp-json\/wp\/v2\/tribe_events\/2896\/revisions\/2911"}],"wp:featuredmedia":[{"embeddable":true,"href":"https:\/\/www.obudainyar.hu\/2022\/wp-json\/wp\/v2\/media\/3142"}],"wp:attachment":[{"href":"https:\/\/www.obudainyar.hu\/2022\/wp-json\/wp\/v2\/media?parent=2896"}],"wp:term":[{"taxonomy":"post_tag","embeddable":true,"href":"https:\/\/www.obudainyar.hu\/2022\/wp-json\/wp\/v2\/tags?post=2896"},{"taxonomy":"tribe_events_cat","embeddable":true,"href":"https:\/\/www.obudainyar.hu\/2022\/wp-json\/wp\/v2\/tribe_events_cat?post=2896"}],"curies":[{"name":"wp","href":"https:\/\/api.w.org\/{rel}","templated":true}]}}

Nemzetiségi Nap &#8211; Szlovák Nemzetiségi Önkormányzat

<p><span style="font-weight: 400;">&#8222;A nemzetiségi hagyományok nem önmaguktól örök életűek, hanem tőlünk, általunk. A mi véges életünk táplálja az ő halhatatlanságukat. Ez azt jelenti, hogy újra és újra kérdezhetjük őket magunkról, rólunk, s ha kellő alázattal, valódi elhivatottsággal tesszük, akkor ITT és MOST is válaszolni fognak kérdéseinkre.&#8221; &#8211; vallják az idén fennállásuk 15. jubileumi évfordulóját ünneplő, KÓTA- és PRO CULTURA MINORITATUM HUNGARIAE díjas Pilisszentkeresztért Kulturális Egyesület szlovák nemzetiségi hagyományőrző tagjai.</span></p>
<p><span style="font-weight: 400;">Mai műsoruk repertoárján autentikus pilisi népdalcsokrok mellett szlovákiai retróslágereket is bemutatnak nekünk, de itt &#8211; nálunk, az ÓBUDAI BÚCSÚBAN debütálnak készülő ötödik lemezük legújabb, eddig még hallott világzenei, ún. pszeudofolk-pop stílusú, szlovák nyelvű gyöngyszemei is, így valóban minden korosztály találhat kedvére valót soron következő színes programjukban.</span><span style="font-weight: 400;"><br />
</span><span style="font-weight: 400;">Az egyesület elnöke, valamint az együttes művészeti vezetője: Galda Levente</span></p>
<p>&nbsp;</p>

<p>Pilisszentkeresztért Kulturális Egyesület és Galda Levente modern zenére átírt folklórral.</p>

<!-- This site is optimized with the Yoast SEO plugin v17.5 - https://yoast.com/wordpress/plugins/seo/ -->
<title>Nemzetiségi Nap - Szlovák Nemzetiségi Önkormányzat - Óbudai Nyár 2022 | obuda.hu</title>
<meta name="robots" content="index, follow, max-snippet:-1, max-image-preview:large, max-video-preview:-1" />
<link rel="canonical" href="https://www.obudainyar.hu/2022/esemeny/nemzetisegi-nap-pilisszentkeresztert-kulturalis-egyesulet-es-galda-levente-modern-zene/" />
<meta property="og:locale" content="hu_HU" />
<meta property="og:type" content="article" />
<meta property="og:title" content="Nemzetiségi Nap - Szlovák Nemzetiségi Önkormányzat - Óbudai Nyár 2022 | obuda.hu" />
<meta property="og:description" content="Pilisszentkeresztért Kulturális Egyesület és Galda Levente modern zenére átírt folklórral." />
<meta property="og:url" content="https://www.obudainyar.hu/2022/esemeny/nemzetisegi-nap-pilisszentkeresztert-kulturalis-egyesulet-es-galda-levente-modern-zene/" />
<meta property="og:site_name" content="Óbudai Nyár 2022 | obuda.hu" />
<meta property="article:modified_time" content="2022-07-19T16:15:25+00:00" />
<meta property="og:image" content="https://www.obudainyar.hu/2022/wp-content/uploads/2022/06/ONY_event_cover_1200x628-px_4-04-1024x536.png" />
	<meta property="og:image:width" content="1024" />
	<meta property="og:image:height" content="536" />
<meta name="twitter:card" content="summary_large_image" />
<meta name="twitter:label1" content="Becsült olvasási idő" />
	<meta name="twitter:data1" content="1 perc" />
<script type="application/ld+json" class="yoast-schema-graph">{"@context":"https://schema.org","@graph":[{"@type":"WebSite","@id":"https://www.obudainyar.hu/2022/#website","url":"https://www.obudainyar.hu/2022/","name":"\u00d3budai Ny\u00e1r 2022 | obuda.hu","description":"","potentialAction":[{"@type":"SearchAction","target":{"@type":"EntryPoint","urlTemplate":"https://www.obudainyar.hu/2022/?s={search_term_string}"},"query-input":"required name=search_term_string"}],"inLanguage":"hu"},{"@type":"ImageObject","@id":"https://www.obudainyar.hu/2022/esemeny/nemzetisegi-nap-pilisszentkeresztert-kulturalis-egyesulet-es-galda-levente-modern-zene/#primaryimage","inLanguage":"hu","url":"https://www.obudainyar.hu/2022/wp-content/uploads/2022/06/ONY_event_cover_1200x628-px_4-04.png","contentUrl":"https://www.obudainyar.hu/2022/wp-content/uploads/2022/06/ONY_event_cover_1200x628-px_4-04.png","width":5001,"height":2617},{"@type":"WebPage","@id":"https://www.obudainyar.hu/2022/esemeny/nemzetisegi-nap-pilisszentkeresztert-kulturalis-egyesulet-es-galda-levente-modern-zene/#webpage","url":"https://www.obudainyar.hu/2022/esemeny/nemzetisegi-nap-pilisszentkeresztert-kulturalis-egyesulet-es-galda-levente-modern-zene/","name":"Nemzetis\u00e9gi Nap - Szlov\u00e1k Nemzetis\u00e9gi \u00d6nkorm\u00e1nyzat - \u00d3budai Ny\u00e1r 2022 | obuda.hu","isPartOf":{"@id":"https://www.obudainyar.hu/2022/#website"},"primaryImageOfPage":{"@id":"https://www.obudainyar.hu/2022/esemeny/nemzetisegi-nap-pilisszentkeresztert-kulturalis-egyesulet-es-galda-levente-modern-zene/#primaryimage"},"datePublished":"2022-06-21T12:44:31+00:00","dateModified":"2022-07-19T16:15:25+00:00","breadcrumb":{"@id":"https://www.obudainyar.hu/2022/esemeny/nemzetisegi-nap-pilisszentkeresztert-kulturalis-egyesulet-es-galda-levente-modern-zene/#breadcrumb"},"inLanguage":"hu","potentialAction":[{"@type":"ReadAction","target":["https://www.obudainyar.hu/2022/esemeny/nemzetisegi-nap-pilisszentkeresztert-kulturalis-egyesulet-es-galda-levente-modern-zene/"]}]},{"@type":"BreadcrumbList","@id":"https://www.obudainyar.hu/2022/esemeny/nemzetisegi-nap-pilisszentkeresztert-kulturalis-egyesulet-es-galda-levente-modern-zene/#breadcrumb","itemListElement":[{"@type":"ListItem","position":1,"name":"Kezd\u0151lap","item":"https://www.obudainyar.hu/2022/"},{"@type":"ListItem","position":2,"name":"Esem\u00e9nyek","item":"https://www.obudainyar.hu/2022/esemenyek/"},{"@type":"ListItem","position":3,"name":"Nemzetis\u00e9gi Nap &#8211; Szlov\u00e1k Nemzetis\u00e9gi \u00d6nkorm\u00e1nyzat"}]}]}</script>
<!-- / Yoast SEO plugin. -->

Nemzetiségi Nap - Szlovák Nemzetiségi Önkormányzat - Óbudai Nyár 2022 | obuda.hu

Pilisszentkeresztért Kulturális Egyesület és Galda Levente modern zenére átírt folklórral.

Óbudai Nyár 2022 | obuda.hu

Kezdőlap

Események
