{"id":2907,"date":"2022-06-21T15:03:14","date_gmt":"2022-06-21T13:03:14","guid":{"rendered":"https:\/\/www.obudainyar.hu\/2022\/?post_type=tribe_events&#038;p=2907"},"modified":"2022-07-19T18:16:58","modified_gmt":"2022-07-19T16:16:58","slug":"nemzetisegi-nap-ormeny-nemzetisegi-onkormanyzat","status":"publish","type":"tribe_events","link":"https:\/\/www.obudainyar.hu\/2022\/esemeny\/nemzetisegi-nap-ormeny-nemzetisegi-onkormanyzat\/","title":{"rendered":"Nemzetis\u00e9gi Nap &#8211; \u00d6rm\u00e9ny Nemzetis\u00e9gi \u00d6nkorm\u00e1nyzat"},"content":{"rendered":"<p><span style=\"font-weight: 400;\">Az Urartu \u00d6rm\u00e9ny Sz\u00ednh\u00e1z m\u0171v\u00e9szeinek \u00e9s t\u00e1nccsoportj\u00e1nak el\u0151ad\u00e1sa a Musza Dagh Musical r\u00e9szleteivel. Fell\u00e9pnek: Kov\u00e1cs Olga, T\u00f3th Andr\u00e1s, Kid Diyan \u00e9s az Urartu \u00d6rm\u00e9ny Sz\u00ednh\u00e1z t\u00e1nccsoportja, Lang\u00f3 bernadett vezet\u00e9s\u00e9vel.<\/span><\/p>\n","protected":false},"excerpt":{"rendered":"<p>zen\u00e9s, t\u00e1ncos, \u00e9nekes m\u0171sor<\/p>\n","protected":false},"author":7,"featured_media":3143,"comment_status":"open","ping_status":"closed","template":"","meta":[],"tags":[402,354,398,404,62],"tribe_events_cat":[338],"yoast_head":"<!-- This site is optimized with the Yoast SEO plugin v17.5 - https:\/\/yoast.com\/wordpress\/plugins\/seo\/ -->\n<title>Nemzetis\u00e9gi Nap - \u00d6rm\u00e9ny Nemzetis\u00e9gi \u00d6nkorm\u00e1nyzat - \u00d3budai Ny\u00e1r 2022 | obuda.hu<\/title>\n<meta name=\"robots\" content=\"index, follow, max-snippet:-1, max-image-preview:large, max-video-preview:-1\" \/>\n<link rel=\"canonical\" href=\"https:\/\/www.obudainyar.hu\/2022\/esemeny\/nemzetisegi-nap-ormeny-nemzetisegi-onkormanyzat\/\" \/>\n<meta property=\"og:locale\" content=\"hu_HU\" \/>\n<meta property=\"og:type\" content=\"article\" \/>\n<meta property=\"og:title\" content=\"Nemzetis\u00e9gi Nap - \u00d6rm\u00e9ny Nemzetis\u00e9gi \u00d6nkorm\u00e1nyzat - \u00d3budai Ny\u00e1r 2022 | obuda.hu\" \/>\n<meta property=\"og:description\" content=\"zen\u00e9s, t\u00e1ncos, \u00e9nekes m\u0171sor\" \/>\n<meta property=\"og:url\" content=\"https:\/\/www.obudainyar.hu\/2022\/esemeny\/nemzetisegi-nap-ormeny-nemzetisegi-onkormanyzat\/\" \/>\n<meta property=\"og:site_name\" content=\"\u00d3budai Ny\u00e1r 2022 | obuda.hu\" \/>\n<meta property=\"article:modified_time\" content=\"2022-07-19T16:16:58+00:00\" \/>\n<meta property=\"og:image\" content=\"https:\/\/www.obudainyar.hu\/2022\/wp-content\/uploads\/2022\/06\/ONY_event_cover_1200x628-px_4-10-1024x536.png\" \/>\n\t<meta property=\"og:image:width\" content=\"1024\" \/>\n\t<meta property=\"og:image:height\" content=\"536\" \/>\n<meta name=\"twitter:card\" content=\"summary_large_image\" \/>\n<meta name=\"twitter:label1\" content=\"Becs\u00fclt olvas\u00e1si id\u0151\" \/>\n\t<meta name=\"twitter:data1\" content=\"1 perc\" \/>\n<script type=\"application\/ld+json\" class=\"yoast-schema-graph\">{\"@context\":\"https:\/\/schema.org\",\"@graph\":[{\"@type\":\"WebSite\",\"@id\":\"https:\/\/www.obudainyar.hu\/2022\/#website\",\"url\":\"https:\/\/www.obudainyar.hu\/2022\/\",\"name\":\"\\u00d3budai Ny\\u00e1r 2022 | obuda.hu\",\"description\":\"\",\"potentialAction\":[{\"@type\":\"SearchAction\",\"target\":{\"@type\":\"EntryPoint\",\"urlTemplate\":\"https:\/\/www.obudainyar.hu\/2022\/?s={search_term_string}\"},\"query-input\":\"required name=search_term_string\"}],\"inLanguage\":\"hu\"},{\"@type\":\"ImageObject\",\"@id\":\"https:\/\/www.obudainyar.hu\/2022\/esemeny\/nemzetisegi-nap-ormeny-nemzetisegi-onkormanyzat\/#primaryimage\",\"inLanguage\":\"hu\",\"url\":\"https:\/\/www.obudainyar.hu\/2022\/wp-content\/uploads\/2022\/06\/ONY_event_cover_1200x628-px_4-10.png\",\"contentUrl\":\"https:\/\/www.obudainyar.hu\/2022\/wp-content\/uploads\/2022\/06\/ONY_event_cover_1200x628-px_4-10.png\",\"width\":5000,\"height\":2617},{\"@type\":\"WebPage\",\"@id\":\"https:\/\/www.obudainyar.hu\/2022\/esemeny\/nemzetisegi-nap-ormeny-nemzetisegi-onkormanyzat\/#webpage\",\"url\":\"https:\/\/www.obudainyar.hu\/2022\/esemeny\/nemzetisegi-nap-ormeny-nemzetisegi-onkormanyzat\/\",\"name\":\"Nemzetis\\u00e9gi Nap - \\u00d6rm\\u00e9ny Nemzetis\\u00e9gi \\u00d6nkorm\\u00e1nyzat - \\u00d3budai Ny\\u00e1r 2022 | obuda.hu\",\"isPartOf\":{\"@id\":\"https:\/\/www.obudainyar.hu\/2022\/#website\"},\"primaryImageOfPage\":{\"@id\":\"https:\/\/www.obudainyar.hu\/2022\/esemeny\/nemzetisegi-nap-ormeny-nemzetisegi-onkormanyzat\/#primaryimage\"},\"datePublished\":\"2022-06-21T13:03:14+00:00\",\"dateModified\":\"2022-07-19T16:16:58+00:00\",\"breadcrumb\":{\"@id\":\"https:\/\/www.obudainyar.hu\/2022\/esemeny\/nemzetisegi-nap-ormeny-nemzetisegi-onkormanyzat\/#breadcrumb\"},\"inLanguage\":\"hu\",\"potentialAction\":[{\"@type\":\"ReadAction\",\"target\":[\"https:\/\/www.obudainyar.hu\/2022\/esemeny\/nemzetisegi-nap-ormeny-nemzetisegi-onkormanyzat\/\"]}]},{\"@type\":\"BreadcrumbList\",\"@id\":\"https:\/\/www.obudainyar.hu\/2022\/esemeny\/nemzetisegi-nap-ormeny-nemzetisegi-onkormanyzat\/#breadcrumb\",\"itemListElement\":[{\"@type\":\"ListItem\",\"position\":1,\"name\":\"Kezd\\u0151lap\",\"item\":\"https:\/\/www.obudainyar.hu\/2022\/\"},{\"@type\":\"ListItem\",\"position\":2,\"name\":\"Esem\\u00e9nyek\",\"item\":\"https:\/\/www.obudainyar.hu\/2022\/esemenyek\/\"},{\"@type\":\"ListItem\",\"position\":3,\"name\":\"Nemzetis\\u00e9gi Nap &#8211; \\u00d6rm\\u00e9ny Nemzetis\\u00e9gi \\u00d6nkorm\\u00e1nyzat\"}]}]}<\/script>\n<!-- \/ Yoast SEO plugin. -->","yoast_head_json":{"title":"Nemzetis\u00e9gi Nap - \u00d6rm\u00e9ny Nemzetis\u00e9gi \u00d6nkorm\u00e1nyzat - \u00d3budai Ny\u00e1r 2022 | obuda.hu","robots":{"index":"index","follow":"follow","max-snippet":"max-snippet:-1","max-image-preview":"max-image-preview:large","max-video-preview":"max-video-preview:-1"},"canonical":"https:\/\/www.obudainyar.hu\/2022\/esemeny\/nemzetisegi-nap-ormeny-nemzetisegi-onkormanyzat\/","og_locale":"hu_HU","og_type":"article","og_title":"Nemzetis\u00e9gi Nap - \u00d6rm\u00e9ny Nemzetis\u00e9gi \u00d6nkorm\u00e1nyzat - \u00d3budai Ny\u00e1r 2022 | obuda.hu","og_description":"zen\u00e9s, t\u00e1ncos, \u00e9nekes m\u0171sor","og_url":"https:\/\/www.obudainyar.hu\/2022\/esemeny\/nemzetisegi-nap-ormeny-nemzetisegi-onkormanyzat\/","og_site_name":"\u00d3budai Ny\u00e1r 2022 | obuda.hu","article_modified_time":"2022-07-19T16:16:58+00:00","og_image":[{"width":1024,"height":536,"url":"https:\/\/www.obudainyar.hu\/2022\/wp-content\/uploads\/2022\/06\/ONY_event_cover_1200x628-px_4-10-1024x536.png","type":"image\/png"}],"twitter_card":"summary_large_image","twitter_misc":{"Becs\u00fclt olvas\u00e1si id\u0151":"1 perc"},"schema":{"@context":"https:\/\/schema.org","@graph":[{"@type":"WebSite","@id":"https:\/\/www.obudainyar.hu\/2022\/#website","url":"https:\/\/www.obudainyar.hu\/2022\/","name":"\u00d3budai Ny\u00e1r 2022 | obuda.hu","description":"","potentialAction":[{"@type":"SearchAction","target":{"@type":"EntryPoint","urlTemplate":"https:\/\/www.obudainyar.hu\/2022\/?s={search_term_string}"},"query-input":"required name=search_term_string"}],"inLanguage":"hu"},{"@type":"ImageObject","@id":"https:\/\/www.obudainyar.hu\/2022\/esemeny\/nemzetisegi-nap-ormeny-nemzetisegi-onkormanyzat\/#primaryimage","inLanguage":"hu","url":"https:\/\/www.obudainyar.hu\/2022\/wp-content\/uploads\/2022\/06\/ONY_event_cover_1200x628-px_4-10.png","contentUrl":"https:\/\/www.obudainyar.hu\/2022\/wp-content\/uploads\/2022\/06\/ONY_event_cover_1200x628-px_4-10.png","width":5000,"height":2617},{"@type":"WebPage","@id":"https:\/\/www.obudainyar.hu\/2022\/esemeny\/nemzetisegi-nap-ormeny-nemzetisegi-onkormanyzat\/#webpage","url":"https:\/\/www.obudainyar.hu\/2022\/esemeny\/nemzetisegi-nap-ormeny-nemzetisegi-onkormanyzat\/","name":"Nemzetis\u00e9gi Nap - \u00d6rm\u00e9ny Nemzetis\u00e9gi \u00d6nkorm\u00e1nyzat - \u00d3budai Ny\u00e1r 2022 | obuda.hu","isPartOf":{"@id":"https:\/\/www.obudainyar.hu\/2022\/#website"},"primaryImageOfPage":{"@id":"https:\/\/www.obudainyar.hu\/2022\/esemeny\/nemzetisegi-nap-ormeny-nemzetisegi-onkormanyzat\/#primaryimage"},"datePublished":"2022-06-21T13:03:14+00:00","dateModified":"2022-07-19T16:16:58+00:00","breadcrumb":{"@id":"https:\/\/www.obudainyar.hu\/2022\/esemeny\/nemzetisegi-nap-ormeny-nemzetisegi-onkormanyzat\/#breadcrumb"},"inLanguage":"hu","potentialAction":[{"@type":"ReadAction","target":["https:\/\/www.obudainyar.hu\/2022\/esemeny\/nemzetisegi-nap-ormeny-nemzetisegi-onkormanyzat\/"]}]},{"@type":"BreadcrumbList","@id":"https:\/\/www.obudainyar.hu\/2022\/esemeny\/nemzetisegi-nap-ormeny-nemzetisegi-onkormanyzat\/#breadcrumb","itemListElement":[{"@type":"ListItem","position":1,"name":"Kezd\u0151lap","item":"https:\/\/www.obudainyar.hu\/2022\/"},{"@type":"ListItem","position":2,"name":"Esem\u00e9nyek","item":"https:\/\/www.obudainyar.hu\/2022\/esemenyek\/"},{"@type":"ListItem","position":3,"name":"Nemzetis\u00e9gi Nap &#8211; \u00d6rm\u00e9ny Nemzetis\u00e9gi \u00d6nkorm\u00e1nyzat"}]}]}},"_links":{"self":[{"href":"https:\/\/www.obudainyar.hu\/2022\/wp-json\/wp\/v2\/tribe_events\/2907"}],"collection":[{"href":"https:\/\/www.obudainyar.hu\/2022\/wp-json\/wp\/v2\/tribe_events"}],"about":[{"href":"https:\/\/www.obudainyar.hu\/2022\/wp-json\/wp\/v2\/types\/tribe_events"}],"author":[{"embeddable":true,"href":"https:\/\/www.obudainyar.hu\/2022\/wp-json\/wp\/v2\/users\/7"}],"replies":[{"embeddable":true,"href":"https:\/\/www.obudainyar.hu\/2022\/wp-json\/wp\/v2\/comments?post=2907"}],"version-history":[{"count":1,"href":"https:\/\/www.obudainyar.hu\/2022\/wp-json\/wp\/v2\/tribe_events\/2907\/revisions"}],"predecessor-version":[{"id":2909,"href":"https:\/\/www.obudainyar.hu\/2022\/wp-json\/wp\/v2\/tribe_events\/2907\/revisions\/2909"}],"wp:featuredmedia":[{"embeddable":true,"href":"https:\/\/www.obudainyar.hu\/2022\/wp-json\/wp\/v2\/media\/3143"}],"wp:attachment":[{"href":"https:\/\/www.obudainyar.hu\/2022\/wp-json\/wp\/v2\/media?parent=2907"}],"wp:term":[{"taxonomy":"post_tag","embeddable":true,"href":"https:\/\/www.obudainyar.hu\/2022\/wp-json\/wp\/v2\/tags?post=2907"},{"taxonomy":"tribe_events_cat","embeddable":true,"href":"https:\/\/www.obudainyar.hu\/2022\/wp-json\/wp\/v2\/tribe_events_cat?post=2907"}],"curies":[{"name":"wp","href":"https:\/\/api.w.org\/{rel}","templated":true}]}}

Nemzetiségi Nap &#8211; Örmény Nemzetiségi Önkormányzat

<p><span style="font-weight: 400;">Az Urartu Örmény Színház művészeinek és tánccsoportjának előadása a Musza Dagh Musical részleteivel. Fellépnek: Kovács Olga, Tóth András, Kid Diyan és az Urartu Örmény Színház tánccsoportja, Langó bernadett vezetésével.</span></p>

<p>zenés, táncos, énekes műsor</p>

<!-- This site is optimized with the Yoast SEO plugin v17.5 - https://yoast.com/wordpress/plugins/seo/ -->
<title>Nemzetiségi Nap - Örmény Nemzetiségi Önkormányzat - Óbudai Nyár 2022 | obuda.hu</title>
<meta name="robots" content="index, follow, max-snippet:-1, max-image-preview:large, max-video-preview:-1" />
<link rel="canonical" href="https://www.obudainyar.hu/2022/esemeny/nemzetisegi-nap-ormeny-nemzetisegi-onkormanyzat/" />
<meta property="og:locale" content="hu_HU" />
<meta property="og:type" content="article" />
<meta property="og:title" content="Nemzetiségi Nap - Örmény Nemzetiségi Önkormányzat - Óbudai Nyár 2022 | obuda.hu" />
<meta property="og:description" content="zenés, táncos, énekes műsor" />
<meta property="og:url" content="https://www.obudainyar.hu/2022/esemeny/nemzetisegi-nap-ormeny-nemzetisegi-onkormanyzat/" />
<meta property="og:site_name" content="Óbudai Nyár 2022 | obuda.hu" />
<meta property="article:modified_time" content="2022-07-19T16:16:58+00:00" />
<meta property="og:image" content="https://www.obudainyar.hu/2022/wp-content/uploads/2022/06/ONY_event_cover_1200x628-px_4-10-1024x536.png" />
	<meta property="og:image:width" content="1024" />
	<meta property="og:image:height" content="536" />
<meta name="twitter:card" content="summary_large_image" />
<meta name="twitter:label1" content="Becsült olvasási idő" />
	<meta name="twitter:data1" content="1 perc" />
<script type="application/ld+json" class="yoast-schema-graph">{"@context":"https://schema.org","@graph":[{"@type":"WebSite","@id":"https://www.obudainyar.hu/2022/#website","url":"https://www.obudainyar.hu/2022/","name":"\u00d3budai Ny\u00e1r 2022 | obuda.hu","description":"","potentialAction":[{"@type":"SearchAction","target":{"@type":"EntryPoint","urlTemplate":"https://www.obudainyar.hu/2022/?s={search_term_string}"},"query-input":"required name=search_term_string"}],"inLanguage":"hu"},{"@type":"ImageObject","@id":"https://www.obudainyar.hu/2022/esemeny/nemzetisegi-nap-ormeny-nemzetisegi-onkormanyzat/#primaryimage","inLanguage":"hu","url":"https://www.obudainyar.hu/2022/wp-content/uploads/2022/06/ONY_event_cover_1200x628-px_4-10.png","contentUrl":"https://www.obudainyar.hu/2022/wp-content/uploads/2022/06/ONY_event_cover_1200x628-px_4-10.png","width":5000,"height":2617},{"@type":"WebPage","@id":"https://www.obudainyar.hu/2022/esemeny/nemzetisegi-nap-ormeny-nemzetisegi-onkormanyzat/#webpage","url":"https://www.obudainyar.hu/2022/esemeny/nemzetisegi-nap-ormeny-nemzetisegi-onkormanyzat/","name":"Nemzetis\u00e9gi Nap - \u00d6rm\u00e9ny Nemzetis\u00e9gi \u00d6nkorm\u00e1nyzat - \u00d3budai Ny\u00e1r 2022 | obuda.hu","isPartOf":{"@id":"https://www.obudainyar.hu/2022/#website"},"primaryImageOfPage":{"@id":"https://www.obudainyar.hu/2022/esemeny/nemzetisegi-nap-ormeny-nemzetisegi-onkormanyzat/#primaryimage"},"datePublished":"2022-06-21T13:03:14+00:00","dateModified":"2022-07-19T16:16:58+00:00","breadcrumb":{"@id":"https://www.obudainyar.hu/2022/esemeny/nemzetisegi-nap-ormeny-nemzetisegi-onkormanyzat/#breadcrumb"},"inLanguage":"hu","potentialAction":[{"@type":"ReadAction","target":["https://www.obudainyar.hu/2022/esemeny/nemzetisegi-nap-ormeny-nemzetisegi-onkormanyzat/"]}]},{"@type":"BreadcrumbList","@id":"https://www.obudainyar.hu/2022/esemeny/nemzetisegi-nap-ormeny-nemzetisegi-onkormanyzat/#breadcrumb","itemListElement":[{"@type":"ListItem","position":1,"name":"Kezd\u0151lap","item":"https://www.obudainyar.hu/2022/"},{"@type":"ListItem","position":2,"name":"Esem\u00e9nyek","item":"https://www.obudainyar.hu/2022/esemenyek/"},{"@type":"ListItem","position":3,"name":"Nemzetis\u00e9gi Nap &#8211; \u00d6rm\u00e9ny Nemzetis\u00e9gi \u00d6nkorm\u00e1nyzat"}]}]}</script>
<!-- / Yoast SEO plugin. -->

Nemzetiségi Nap - Örmény Nemzetiségi Önkormányzat - Óbudai Nyár 2022 | obuda.hu

zenés, táncos, énekes műsor

Óbudai Nyár 2022 | obuda.hu

Kezdőlap

Események
