{"id":2928,"date":"2022-06-21T15:45:51","date_gmt":"2022-06-21T13:45:51","guid":{"rendered":"https:\/\/www.obudainyar.hu\/2022\/?post_type=tribe_events&#038;p=2928"},"modified":"2022-07-19T18:21:57","modified_gmt":"2022-07-19T16:21:57","slug":"nemzetisegi-nap-roman-nemzetisegi-onkormanyzat","status":"publish","type":"tribe_events","link":"https:\/\/www.obudainyar.hu\/2022\/esemeny\/nemzetisegi-nap-roman-nemzetisegi-onkormanyzat\/","title":{"rendered":"Nemzetis\u00e9gi Nap &#8211; Rom\u00e1n Nemzetis\u00e9gi \u00d6nkorm\u00e1nyzat"},"content":{"rendered":"<p><span style=\"font-weight: 400;\">Az\u00a0 Aelia Sabina Alapfok\u00fa M\u0171v\u00e9szeti Iskola el\u0151z\u0151 nev\u00e9n III.ker-i Zeneiskola 1986-ban alakult meg. El\u0151tte ter\u00fcleti zeneiskolak\u00e9nt m\u0171k\u00f6d\u00f6tt, \u00f6sszevonva I.\u00e9s II.-ik ker\u00fcletekkel.<\/span><\/p>\n<p><span style=\"font-weight: 400;\">Igazgat\u00f3ja a nagyra becs\u00fclt Tan\u00e1r \u00dar Till Ott\u00f3 volt. Jelenleg a Harrer P\u00e1l u.7. sz\u00e1m alatt <\/span><span style=\"font-weight: 400;\">tal\u00e1lhat\u00f3 az \u00e1lt.iskola \u00e9p\u00fclet\u00e9ben. 1990-ben felvett\u00e9k az Aelia Sabina nevet-jelezve \u00d3buda <\/span><span style=\"font-weight: 400;\">szoros k\u00f6t\u0151d\u00e9s\u00e9t Aquincumhoz. Az itt tal\u00e1lt r\u00f3mai leletek k\u00f6z\u00fcl ker\u00fclt el\u0151 a v\u00edziorgona, melynek felirat\u00e1ban megeml\u00edtik az Aelia Sabina nevet, aki orgonaj\u00e1t\u00e9k\u00e1val sok \u00f6r\u00f6met szerzett az itt \u00e9l\u0151knek. Az iskola 2000-ben m\u0171v\u00e9szeti iskol\u00e1v\u00e1 b\u0151v\u00fclt. Igy zen\u00e9n kiv\u00fcl <\/span><span style=\"font-weight: 400;\">n\u00e9pt\u00e1ncot, grafik\u00e1t, fest\u00e9szetet, ker\u00e1mi\u00e1t is tan\u00edtanak. 2007-nen kiv\u00e1l\u00f3 min\u0151s\u00edt\u00e9st kaptak.<\/span><\/p>\n<p><span style=\"font-weight: 400;\">Kiv\u00e1l\u00f3 m\u0171v\u00e9szek ker\u00fcltek ki a nagy m\u00falt\u00fa iskol\u00e1jukb\u00f3l mint pl.&#8221;Szabadi Vilmos heged\u0171m\u0171v\u00e9sz \u00e9s H\u00e9ja Domonkos karnagy.\u00a0 A Rom\u00e1n \u00d6nkorm\u00e1nyzat eln\u00f6ke mint pedag\u00f3gus ker\u00fclt kapcsolatba, P\u00e1pista Andrea int\u00e9zm\u00e9nyvezet\u0151vel \u00e9s innen az <\/span><span style=\"font-weight: 400;\">ismerets\u00e9g \u00e9s egy\u00fcttm\u0171k\u00f6d\u00e9s. T\u00f6bb alkalommal is bemutatkoztak az iskola n\u00f6vend\u00e9kei <\/span><span style=\"font-weight: 400;\">nagy sikerrel rendezv\u00e9ny\u00fcnk\u00f6n, Civil napokon, kar\u00e1csonyi \u00fcnneps\u00e9geinken, sz\u00fcreti mulats\u00e1gon.<\/span><\/p>\n","protected":false},"excerpt":{"rendered":"<p>Aelia  Sabina Alapfok\u00fa M\u0171v\u00e9szeti Iskola f\u00fav\u00f3s tanszak\u00e1nak klarin\u00e9tos n\u00f6vend\u00e9ke<\/p>\n","protected":false},"author":7,"featured_media":3146,"comment_status":"open","ping_status":"closed","template":"","meta":[],"tags":[308,402,398,409,63],"tribe_events_cat":[338],"yoast_head":"<!-- This site is optimized with the Yoast SEO plugin v17.5 - https:\/\/yoast.com\/wordpress\/plugins\/seo\/ -->\n<title>Nemzetis\u00e9gi Nap - Rom\u00e1n Nemzetis\u00e9gi \u00d6nkorm\u00e1nyzat - \u00d3budai Ny\u00e1r 2022 | obuda.hu<\/title>\n<meta name=\"robots\" content=\"index, follow, max-snippet:-1, max-image-preview:large, max-video-preview:-1\" \/>\n<link rel=\"canonical\" href=\"https:\/\/www.obudainyar.hu\/2022\/esemeny\/nemzetisegi-nap-roman-nemzetisegi-onkormanyzat\/\" \/>\n<meta property=\"og:locale\" content=\"hu_HU\" \/>\n<meta property=\"og:type\" content=\"article\" \/>\n<meta property=\"og:title\" content=\"Nemzetis\u00e9gi Nap - Rom\u00e1n Nemzetis\u00e9gi \u00d6nkorm\u00e1nyzat - \u00d3budai Ny\u00e1r 2022 | obuda.hu\" \/>\n<meta property=\"og:description\" content=\"Aelia Sabina Alapfok\u00fa M\u0171v\u00e9szeti Iskola f\u00fav\u00f3s tanszak\u00e1nak klarin\u00e9tos n\u00f6vend\u00e9ke\" \/>\n<meta property=\"og:url\" content=\"https:\/\/www.obudainyar.hu\/2022\/esemeny\/nemzetisegi-nap-roman-nemzetisegi-onkormanyzat\/\" \/>\n<meta property=\"og:site_name\" content=\"\u00d3budai Ny\u00e1r 2022 | obuda.hu\" \/>\n<meta property=\"article:modified_time\" content=\"2022-07-19T16:21:57+00:00\" \/>\n<meta property=\"og:image\" content=\"https:\/\/www.obudainyar.hu\/2022\/wp-content\/uploads\/2022\/06\/ONY_event_cover_1200x628-px_3-03-1024x536.png\" \/>\n\t<meta property=\"og:image:width\" content=\"1024\" \/>\n\t<meta property=\"og:image:height\" content=\"536\" \/>\n<meta name=\"twitter:card\" content=\"summary_large_image\" \/>\n<meta name=\"twitter:label1\" content=\"Becs\u00fclt olvas\u00e1si id\u0151\" \/>\n\t<meta name=\"twitter:data1\" content=\"1 perc\" \/>\n<script type=\"application\/ld+json\" class=\"yoast-schema-graph\">{\"@context\":\"https:\/\/schema.org\",\"@graph\":[{\"@type\":\"WebSite\",\"@id\":\"https:\/\/www.obudainyar.hu\/2022\/#website\",\"url\":\"https:\/\/www.obudainyar.hu\/2022\/\",\"name\":\"\\u00d3budai Ny\\u00e1r 2022 | obuda.hu\",\"description\":\"\",\"potentialAction\":[{\"@type\":\"SearchAction\",\"target\":{\"@type\":\"EntryPoint\",\"urlTemplate\":\"https:\/\/www.obudainyar.hu\/2022\/?s={search_term_string}\"},\"query-input\":\"required name=search_term_string\"}],\"inLanguage\":\"hu\"},{\"@type\":\"ImageObject\",\"@id\":\"https:\/\/www.obudainyar.hu\/2022\/esemeny\/nemzetisegi-nap-roman-nemzetisegi-onkormanyzat\/#primaryimage\",\"inLanguage\":\"hu\",\"url\":\"https:\/\/www.obudainyar.hu\/2022\/wp-content\/uploads\/2022\/06\/ONY_event_cover_1200x628-px_3-03.png\",\"contentUrl\":\"https:\/\/www.obudainyar.hu\/2022\/wp-content\/uploads\/2022\/06\/ONY_event_cover_1200x628-px_3-03.png\",\"width\":5000,\"height\":2617},{\"@type\":\"WebPage\",\"@id\":\"https:\/\/www.obudainyar.hu\/2022\/esemeny\/nemzetisegi-nap-roman-nemzetisegi-onkormanyzat\/#webpage\",\"url\":\"https:\/\/www.obudainyar.hu\/2022\/esemeny\/nemzetisegi-nap-roman-nemzetisegi-onkormanyzat\/\",\"name\":\"Nemzetis\\u00e9gi Nap - Rom\\u00e1n Nemzetis\\u00e9gi \\u00d6nkorm\\u00e1nyzat - \\u00d3budai Ny\\u00e1r 2022 | obuda.hu\",\"isPartOf\":{\"@id\":\"https:\/\/www.obudainyar.hu\/2022\/#website\"},\"primaryImageOfPage\":{\"@id\":\"https:\/\/www.obudainyar.hu\/2022\/esemeny\/nemzetisegi-nap-roman-nemzetisegi-onkormanyzat\/#primaryimage\"},\"datePublished\":\"2022-06-21T13:45:51+00:00\",\"dateModified\":\"2022-07-19T16:21:57+00:00\",\"breadcrumb\":{\"@id\":\"https:\/\/www.obudainyar.hu\/2022\/esemeny\/nemzetisegi-nap-roman-nemzetisegi-onkormanyzat\/#breadcrumb\"},\"inLanguage\":\"hu\",\"potentialAction\":[{\"@type\":\"ReadAction\",\"target\":[\"https:\/\/www.obudainyar.hu\/2022\/esemeny\/nemzetisegi-nap-roman-nemzetisegi-onkormanyzat\/\"]}]},{\"@type\":\"BreadcrumbList\",\"@id\":\"https:\/\/www.obudainyar.hu\/2022\/esemeny\/nemzetisegi-nap-roman-nemzetisegi-onkormanyzat\/#breadcrumb\",\"itemListElement\":[{\"@type\":\"ListItem\",\"position\":1,\"name\":\"Kezd\\u0151lap\",\"item\":\"https:\/\/www.obudainyar.hu\/2022\/\"},{\"@type\":\"ListItem\",\"position\":2,\"name\":\"Esem\\u00e9nyek\",\"item\":\"https:\/\/www.obudainyar.hu\/2022\/esemenyek\/\"},{\"@type\":\"ListItem\",\"position\":3,\"name\":\"Nemzetis\\u00e9gi Nap &#8211; Rom\\u00e1n Nemzetis\\u00e9gi \\u00d6nkorm\\u00e1nyzat\"}]}]}<\/script>\n<!-- \/ Yoast SEO plugin. -->","yoast_head_json":{"title":"Nemzetis\u00e9gi Nap - Rom\u00e1n Nemzetis\u00e9gi \u00d6nkorm\u00e1nyzat - \u00d3budai Ny\u00e1r 2022 | obuda.hu","robots":{"index":"index","follow":"follow","max-snippet":"max-snippet:-1","max-image-preview":"max-image-preview:large","max-video-preview":"max-video-preview:-1"},"canonical":"https:\/\/www.obudainyar.hu\/2022\/esemeny\/nemzetisegi-nap-roman-nemzetisegi-onkormanyzat\/","og_locale":"hu_HU","og_type":"article","og_title":"Nemzetis\u00e9gi Nap - Rom\u00e1n Nemzetis\u00e9gi \u00d6nkorm\u00e1nyzat - \u00d3budai Ny\u00e1r 2022 | obuda.hu","og_description":"Aelia Sabina Alapfok\u00fa M\u0171v\u00e9szeti Iskola f\u00fav\u00f3s tanszak\u00e1nak klarin\u00e9tos n\u00f6vend\u00e9ke","og_url":"https:\/\/www.obudainyar.hu\/2022\/esemeny\/nemzetisegi-nap-roman-nemzetisegi-onkormanyzat\/","og_site_name":"\u00d3budai Ny\u00e1r 2022 | obuda.hu","article_modified_time":"2022-07-19T16:21:57+00:00","og_image":[{"width":1024,"height":536,"url":"https:\/\/www.obudainyar.hu\/2022\/wp-content\/uploads\/2022\/06\/ONY_event_cover_1200x628-px_3-03-1024x536.png","type":"image\/png"}],"twitter_card":"summary_large_image","twitter_misc":{"Becs\u00fclt olvas\u00e1si id\u0151":"1 perc"},"schema":{"@context":"https:\/\/schema.org","@graph":[{"@type":"WebSite","@id":"https:\/\/www.obudainyar.hu\/2022\/#website","url":"https:\/\/www.obudainyar.hu\/2022\/","name":"\u00d3budai Ny\u00e1r 2022 | obuda.hu","description":"","potentialAction":[{"@type":"SearchAction","target":{"@type":"EntryPoint","urlTemplate":"https:\/\/www.obudainyar.hu\/2022\/?s={search_term_string}"},"query-input":"required name=search_term_string"}],"inLanguage":"hu"},{"@type":"ImageObject","@id":"https:\/\/www.obudainyar.hu\/2022\/esemeny\/nemzetisegi-nap-roman-nemzetisegi-onkormanyzat\/#primaryimage","inLanguage":"hu","url":"https:\/\/www.obudainyar.hu\/2022\/wp-content\/uploads\/2022\/06\/ONY_event_cover_1200x628-px_3-03.png","contentUrl":"https:\/\/www.obudainyar.hu\/2022\/wp-content\/uploads\/2022\/06\/ONY_event_cover_1200x628-px_3-03.png","width":5000,"height":2617},{"@type":"WebPage","@id":"https:\/\/www.obudainyar.hu\/2022\/esemeny\/nemzetisegi-nap-roman-nemzetisegi-onkormanyzat\/#webpage","url":"https:\/\/www.obudainyar.hu\/2022\/esemeny\/nemzetisegi-nap-roman-nemzetisegi-onkormanyzat\/","name":"Nemzetis\u00e9gi Nap - Rom\u00e1n Nemzetis\u00e9gi \u00d6nkorm\u00e1nyzat - \u00d3budai Ny\u00e1r 2022 | obuda.hu","isPartOf":{"@id":"https:\/\/www.obudainyar.hu\/2022\/#website"},"primaryImageOfPage":{"@id":"https:\/\/www.obudainyar.hu\/2022\/esemeny\/nemzetisegi-nap-roman-nemzetisegi-onkormanyzat\/#primaryimage"},"datePublished":"2022-06-21T13:45:51+00:00","dateModified":"2022-07-19T16:21:57+00:00","breadcrumb":{"@id":"https:\/\/www.obudainyar.hu\/2022\/esemeny\/nemzetisegi-nap-roman-nemzetisegi-onkormanyzat\/#breadcrumb"},"inLanguage":"hu","potentialAction":[{"@type":"ReadAction","target":["https:\/\/www.obudainyar.hu\/2022\/esemeny\/nemzetisegi-nap-roman-nemzetisegi-onkormanyzat\/"]}]},{"@type":"BreadcrumbList","@id":"https:\/\/www.obudainyar.hu\/2022\/esemeny\/nemzetisegi-nap-roman-nemzetisegi-onkormanyzat\/#breadcrumb","itemListElement":[{"@type":"ListItem","position":1,"name":"Kezd\u0151lap","item":"https:\/\/www.obudainyar.hu\/2022\/"},{"@type":"ListItem","position":2,"name":"Esem\u00e9nyek","item":"https:\/\/www.obudainyar.hu\/2022\/esemenyek\/"},{"@type":"ListItem","position":3,"name":"Nemzetis\u00e9gi Nap &#8211; Rom\u00e1n Nemzetis\u00e9gi \u00d6nkorm\u00e1nyzat"}]}]}},"_links":{"self":[{"href":"https:\/\/www.obudainyar.hu\/2022\/wp-json\/wp\/v2\/tribe_events\/2928"}],"collection":[{"href":"https:\/\/www.obudainyar.hu\/2022\/wp-json\/wp\/v2\/tribe_events"}],"about":[{"href":"https:\/\/www.obudainyar.hu\/2022\/wp-json\/wp\/v2\/types\/tribe_events"}],"author":[{"embeddable":true,"href":"https:\/\/www.obudainyar.hu\/2022\/wp-json\/wp\/v2\/users\/7"}],"replies":[{"embeddable":true,"href":"https:\/\/www.obudainyar.hu\/2022\/wp-json\/wp\/v2\/comments?post=2928"}],"version-history":[{"count":1,"href":"https:\/\/www.obudainyar.hu\/2022\/wp-json\/wp\/v2\/tribe_events\/2928\/revisions"}],"predecessor-version":[{"id":2930,"href":"https:\/\/www.obudainyar.hu\/2022\/wp-json\/wp\/v2\/tribe_events\/2928\/revisions\/2930"}],"wp:featuredmedia":[{"embeddable":true,"href":"https:\/\/www.obudainyar.hu\/2022\/wp-json\/wp\/v2\/media\/3146"}],"wp:attachment":[{"href":"https:\/\/www.obudainyar.hu\/2022\/wp-json\/wp\/v2\/media?parent=2928"}],"wp:term":[{"taxonomy":"post_tag","embeddable":true,"href":"https:\/\/www.obudainyar.hu\/2022\/wp-json\/wp\/v2\/tags?post=2928"},{"taxonomy":"tribe_events_cat","embeddable":true,"href":"https:\/\/www.obudainyar.hu\/2022\/wp-json\/wp\/v2\/tribe_events_cat?post=2928"}],"curies":[{"name":"wp","href":"https:\/\/api.w.org\/{rel}","templated":true}]}}

Nemzetiségi Nap &#8211; Román Nemzetiségi Önkormányzat

<p><span style="font-weight: 400;">Az  Aelia Sabina Alapfokú Művészeti Iskola előző nevén III.ker-i Zeneiskola 1986-ban alakult meg. Előtte területi zeneiskolaként működött, összevonva I.és II.-ik kerületekkel.</span></p>
<p><span style="font-weight: 400;">Igazgatója a nagyra becsült Tanár Úr Till Ottó volt. Jelenleg a Harrer Pál u.7. szám alatt </span><span style="font-weight: 400;">található az ált.iskola épületében. 1990-ben felvették az Aelia Sabina nevet-jelezve Óbuda </span><span style="font-weight: 400;">szoros kötődését Aquincumhoz. Az itt talált római leletek közül került elő a víziorgona, melynek feliratában megemlítik az Aelia Sabina nevet, aki orgonajátékával sok örömet szerzett az itt élőknek. Az iskola 2000-ben művészeti iskolává bővült. Igy zenén kivül </span><span style="font-weight: 400;">néptáncot, grafikát, festészetet, kerámiát is tanítanak. 2007-nen kiváló minősítést kaptak.</span></p>
<p><span style="font-weight: 400;">Kiváló művészek kerültek ki a nagy múltú iskolájukból mint pl.&#8221;Szabadi Vilmos hegedűművész és Héja Domonkos karnagy.  A Román Önkormányzat elnöke mint pedagógus került kapcsolatba, Pápista Andrea intézményvezetővel és innen az </span><span style="font-weight: 400;">ismeretség és együttműködés. Több alkalommal is bemutatkoztak az iskola növendékei </span><span style="font-weight: 400;">nagy sikerrel rendezvényünkön, Civil napokon, karácsonyi ünnepségeinken, szüreti mulatságon.</span></p>

<p>Aelia  Sabina Alapfokú Művészeti Iskola fúvós tanszakának klarinétos növendéke</p>

<!-- This site is optimized with the Yoast SEO plugin v17.5 - https://yoast.com/wordpress/plugins/seo/ -->
<title>Nemzetiségi Nap - Román Nemzetiségi Önkormányzat - Óbudai Nyár 2022 | obuda.hu</title>
<meta name="robots" content="index, follow, max-snippet:-1, max-image-preview:large, max-video-preview:-1" />
<link rel="canonical" href="https://www.obudainyar.hu/2022/esemeny/nemzetisegi-nap-roman-nemzetisegi-onkormanyzat/" />
<meta property="og:locale" content="hu_HU" />
<meta property="og:type" content="article" />
<meta property="og:title" content="Nemzetiségi Nap - Román Nemzetiségi Önkormányzat - Óbudai Nyár 2022 | obuda.hu" />
<meta property="og:description" content="Aelia Sabina Alapfokú Művészeti Iskola fúvós tanszakának klarinétos növendéke" />
<meta property="og:url" content="https://www.obudainyar.hu/2022/esemeny/nemzetisegi-nap-roman-nemzetisegi-onkormanyzat/" />
<meta property="og:site_name" content="Óbudai Nyár 2022 | obuda.hu" />
<meta property="article:modified_time" content="2022-07-19T16:21:57+00:00" />
<meta property="og:image" content="https://www.obudainyar.hu/2022/wp-content/uploads/2022/06/ONY_event_cover_1200x628-px_3-03-1024x536.png" />
	<meta property="og:image:width" content="1024" />
	<meta property="og:image:height" content="536" />
<meta name="twitter:card" content="summary_large_image" />
<meta name="twitter:label1" content="Becsült olvasási idő" />
	<meta name="twitter:data1" content="1 perc" />
<script type="application/ld+json" class="yoast-schema-graph">{"@context":"https://schema.org","@graph":[{"@type":"WebSite","@id":"https://www.obudainyar.hu/2022/#website","url":"https://www.obudainyar.hu/2022/","name":"\u00d3budai Ny\u00e1r 2022 | obuda.hu","description":"","potentialAction":[{"@type":"SearchAction","target":{"@type":"EntryPoint","urlTemplate":"https://www.obudainyar.hu/2022/?s={search_term_string}"},"query-input":"required name=search_term_string"}],"inLanguage":"hu"},{"@type":"ImageObject","@id":"https://www.obudainyar.hu/2022/esemeny/nemzetisegi-nap-roman-nemzetisegi-onkormanyzat/#primaryimage","inLanguage":"hu","url":"https://www.obudainyar.hu/2022/wp-content/uploads/2022/06/ONY_event_cover_1200x628-px_3-03.png","contentUrl":"https://www.obudainyar.hu/2022/wp-content/uploads/2022/06/ONY_event_cover_1200x628-px_3-03.png","width":5000,"height":2617},{"@type":"WebPage","@id":"https://www.obudainyar.hu/2022/esemeny/nemzetisegi-nap-roman-nemzetisegi-onkormanyzat/#webpage","url":"https://www.obudainyar.hu/2022/esemeny/nemzetisegi-nap-roman-nemzetisegi-onkormanyzat/","name":"Nemzetis\u00e9gi Nap - Rom\u00e1n Nemzetis\u00e9gi \u00d6nkorm\u00e1nyzat - \u00d3budai Ny\u00e1r 2022 | obuda.hu","isPartOf":{"@id":"https://www.obudainyar.hu/2022/#website"},"primaryImageOfPage":{"@id":"https://www.obudainyar.hu/2022/esemeny/nemzetisegi-nap-roman-nemzetisegi-onkormanyzat/#primaryimage"},"datePublished":"2022-06-21T13:45:51+00:00","dateModified":"2022-07-19T16:21:57+00:00","breadcrumb":{"@id":"https://www.obudainyar.hu/2022/esemeny/nemzetisegi-nap-roman-nemzetisegi-onkormanyzat/#breadcrumb"},"inLanguage":"hu","potentialAction":[{"@type":"ReadAction","target":["https://www.obudainyar.hu/2022/esemeny/nemzetisegi-nap-roman-nemzetisegi-onkormanyzat/"]}]},{"@type":"BreadcrumbList","@id":"https://www.obudainyar.hu/2022/esemeny/nemzetisegi-nap-roman-nemzetisegi-onkormanyzat/#breadcrumb","itemListElement":[{"@type":"ListItem","position":1,"name":"Kezd\u0151lap","item":"https://www.obudainyar.hu/2022/"},{"@type":"ListItem","position":2,"name":"Esem\u00e9nyek","item":"https://www.obudainyar.hu/2022/esemenyek/"},{"@type":"ListItem","position":3,"name":"Nemzetis\u00e9gi Nap &#8211; Rom\u00e1n Nemzetis\u00e9gi \u00d6nkorm\u00e1nyzat"}]}]}</script>
<!-- / Yoast SEO plugin. -->

Nemzetiségi Nap - Román Nemzetiségi Önkormányzat - Óbudai Nyár 2022 | obuda.hu

Aelia Sabina Alapfokú Művészeti Iskola fúvós tanszakának klarinétos növendéke

Óbudai Nyár 2022 | obuda.hu

Kezdőlap

Események
