{"id":2931,"date":"2022-06-21T15:51:42","date_gmt":"2022-06-21T13:51:42","guid":{"rendered":"https:\/\/www.obudainyar.hu\/2022\/?post_type=tribe_events&#038;p=2931"},"modified":"2022-07-19T19:12:38","modified_gmt":"2022-07-19T17:12:38","slug":"nemzetisegi-nap-iii-keruleti-gorog-onkormanyzat","status":"publish","type":"tribe_events","link":"https:\/\/www.obudainyar.hu\/2022\/esemeny\/nemzetisegi-nap-iii-keruleti-gorog-onkormanyzat\/","title":{"rendered":"Nemzetis\u00e9gi Nap &#8211; III. ker\u00fcleti G\u00f6r\u00f6g \u00d6nkorm\u00e1nyzat"},"content":{"rendered":"<p><span style=\"font-weight: 400;\">Ellinizmosz Egyes\u00fclet \u2013 Ellinizmosz T\u00e1ncegy\u00fcttes<\/span><\/p>\n<p><span style=\"font-weight: 400;\">Az egyes\u00fclet 2000-ben alakult a buda\u00f6rsi G\u00f6r\u00f6g \u00d6nkorm\u00e1nyzat kezdem\u00e9nyez\u00e9s\u00e9re \u00e9s t\u00e1mogat\u00e1s\u00e1val abb\u00f3l a c\u00e9lb\u00f3l, hogy meg\u0151rizze, bemutassa \u00e9s tov\u00e1bb \u00f6r\u00f6k\u00edtse az autentikus g\u00f6r\u00f6g n\u00e9pt\u00e1ncokat, valamint a g\u00f6r\u00f6g n\u00e9pszok\u00e1sokat.\u00a0<\/span><\/p>\n<p><span style=\"font-weight: 400;\">Tagjai valamennyien magyarorsz\u00e1gi g\u00f6r\u00f6g asszonyok, akik hetente k\u00e9t alkalommal tartj\u00e1k a t\u00e1ncpr\u00f3b\u00e1kat Jorgosz Antonopulosz anyaorsz\u00e1gi koreogr\u00e1fus, a csoport m\u0171v\u00e9szeti vezet\u0151je ir\u00e1ny\u00edt\u00e1s\u00e1val.\u00a0<\/span><\/p>\n<p><span style=\"font-weight: 400;\">Reperto\u00e1rjukon G\u00f6r\u00f6gorsz\u00e1g valamennyi t\u00e1jegys\u00e9g\u00e9nek t\u00e1ncai szerepelnek, melyet a t\u00e1jegys\u00e9gnek megfelel\u0151 n\u00e9pviseletben adnak el\u0151.\u00a0<\/span><\/p>\n<p><span style=\"font-weight: 400;\">Rendszeres fell\u00e9p\u0151i a magyarorsz\u00e1gi g\u00f6r\u00f6g kultur\u00e1lis rendezv\u00e9nyeknek. Fenn\u00e1ll\u00e1suk h\u00fasz \u00e9ve alatt sz\u00e1mos anyaorsz\u00e1gi \u00e9s egy\u00e9b k\u00fclhoni fell\u00e9p\u00e9s\u00fck is volt.<\/span><\/p>\n<p><span style=\"font-weight: 400;\">Az egyes\u00fclet 2015-ben PRO CULTURA MINITARIUM HUNGARIE (a Magyarorsz\u00e1gi Nemzetis\u00e9gek Kult\u00far\u00e1j\u00e1\u00e9rt) k\u00f6zm\u0171vel\u0151d\u00e9si d\u00edjban r\u00e9szesu\u0308lt, a g\u00f6r\u00f6g nemzetis\u00e9g anyanyelvi \u00e9s kultur\u00e1lis hagyom\u00e1nyainak megtart\u00e1sa \u00e9s tov\u00e1bb \u00f6r\u00f6k\u00edt\u00e9se \u00e9rdek\u00e9ben v\u00e9gzett kimagasl\u00f3 szakmai munk\u00e1ja elismer\u00e9sek\u00e9nt.<\/span><\/p>\n","protected":false},"excerpt":{"rendered":"<p>T\u00e1nccsoport<\/p>\n","protected":false},"author":7,"featured_media":3157,"comment_status":"open","ping_status":"closed","template":"","meta":[],"tags":[410,402,354,398,62],"tribe_events_cat":[338],"yoast_head":"<!-- This site is optimized with the Yoast SEO plugin v17.5 - https:\/\/yoast.com\/wordpress\/plugins\/seo\/ -->\n<title>Nemzetis\u00e9gi Nap - III. ker\u00fcleti G\u00f6r\u00f6g \u00d6nkorm\u00e1nyzat - \u00d3budai Ny\u00e1r 2022 | obuda.hu<\/title>\n<meta name=\"robots\" content=\"index, follow, max-snippet:-1, max-image-preview:large, max-video-preview:-1\" \/>\n<link rel=\"canonical\" href=\"https:\/\/www.obudainyar.hu\/2022\/esemeny\/nemzetisegi-nap-iii-keruleti-gorog-onkormanyzat\/\" \/>\n<meta property=\"og:locale\" content=\"hu_HU\" \/>\n<meta property=\"og:type\" content=\"article\" \/>\n<meta property=\"og:title\" content=\"Nemzetis\u00e9gi Nap - III. ker\u00fcleti G\u00f6r\u00f6g \u00d6nkorm\u00e1nyzat - \u00d3budai Ny\u00e1r 2022 | obuda.hu\" \/>\n<meta property=\"og:description\" content=\"T\u00e1nccsoport\" \/>\n<meta property=\"og:url\" content=\"https:\/\/www.obudainyar.hu\/2022\/esemeny\/nemzetisegi-nap-iii-keruleti-gorog-onkormanyzat\/\" \/>\n<meta property=\"og:site_name\" content=\"\u00d3budai Ny\u00e1r 2022 | obuda.hu\" \/>\n<meta property=\"article:modified_time\" content=\"2022-07-19T17:12:38+00:00\" \/>\n<meta property=\"og:image\" content=\"https:\/\/www.obudainyar.hu\/2022\/wp-content\/uploads\/2022\/06\/ONY_event_cover_1200x628-px_2-05.png\" \/>\n\t<meta property=\"og:image:width\" content=\"5000\" \/>\n\t<meta property=\"og:image:height\" content=\"2617\" \/>\n<meta name=\"twitter:card\" content=\"summary_large_image\" \/>\n<meta name=\"twitter:label1\" content=\"Becs\u00fclt olvas\u00e1si id\u0151\" \/>\n\t<meta name=\"twitter:data1\" content=\"1 perc\" \/>\n<script type=\"application\/ld+json\" class=\"yoast-schema-graph\">{\"@context\":\"https:\/\/schema.org\",\"@graph\":[{\"@type\":\"WebSite\",\"@id\":\"https:\/\/www.obudainyar.hu\/2022\/#website\",\"url\":\"https:\/\/www.obudainyar.hu\/2022\/\",\"name\":\"\\u00d3budai Ny\\u00e1r 2022 | obuda.hu\",\"description\":\"\",\"potentialAction\":[{\"@type\":\"SearchAction\",\"target\":{\"@type\":\"EntryPoint\",\"urlTemplate\":\"https:\/\/www.obudainyar.hu\/2022\/?s={search_term_string}\"},\"query-input\":\"required name=search_term_string\"}],\"inLanguage\":\"hu\"},{\"@type\":\"ImageObject\",\"@id\":\"https:\/\/www.obudainyar.hu\/2022\/esemeny\/nemzetisegi-nap-iii-keruleti-gorog-onkormanyzat\/#primaryimage\",\"inLanguage\":\"hu\",\"url\":\"https:\/\/www.obudainyar.hu\/2022\/wp-content\/uploads\/2022\/06\/ONY_event_cover_1200x628-px_2-05.png\",\"contentUrl\":\"https:\/\/www.obudainyar.hu\/2022\/wp-content\/uploads\/2022\/06\/ONY_event_cover_1200x628-px_2-05.png\",\"width\":5000,\"height\":2617},{\"@type\":\"WebPage\",\"@id\":\"https:\/\/www.obudainyar.hu\/2022\/esemeny\/nemzetisegi-nap-iii-keruleti-gorog-onkormanyzat\/#webpage\",\"url\":\"https:\/\/www.obudainyar.hu\/2022\/esemeny\/nemzetisegi-nap-iii-keruleti-gorog-onkormanyzat\/\",\"name\":\"Nemzetis\\u00e9gi Nap - III. ker\\u00fcleti G\\u00f6r\\u00f6g \\u00d6nkorm\\u00e1nyzat - \\u00d3budai Ny\\u00e1r 2022 | obuda.hu\",\"isPartOf\":{\"@id\":\"https:\/\/www.obudainyar.hu\/2022\/#website\"},\"primaryImageOfPage\":{\"@id\":\"https:\/\/www.obudainyar.hu\/2022\/esemeny\/nemzetisegi-nap-iii-keruleti-gorog-onkormanyzat\/#primaryimage\"},\"datePublished\":\"2022-06-21T13:51:42+00:00\",\"dateModified\":\"2022-07-19T17:12:38+00:00\",\"breadcrumb\":{\"@id\":\"https:\/\/www.obudainyar.hu\/2022\/esemeny\/nemzetisegi-nap-iii-keruleti-gorog-onkormanyzat\/#breadcrumb\"},\"inLanguage\":\"hu\",\"potentialAction\":[{\"@type\":\"ReadAction\",\"target\":[\"https:\/\/www.obudainyar.hu\/2022\/esemeny\/nemzetisegi-nap-iii-keruleti-gorog-onkormanyzat\/\"]}]},{\"@type\":\"BreadcrumbList\",\"@id\":\"https:\/\/www.obudainyar.hu\/2022\/esemeny\/nemzetisegi-nap-iii-keruleti-gorog-onkormanyzat\/#breadcrumb\",\"itemListElement\":[{\"@type\":\"ListItem\",\"position\":1,\"name\":\"Kezd\\u0151lap\",\"item\":\"https:\/\/www.obudainyar.hu\/2022\/\"},{\"@type\":\"ListItem\",\"position\":2,\"name\":\"Esem\\u00e9nyek\",\"item\":\"https:\/\/www.obudainyar.hu\/2022\/esemenyek\/\"},{\"@type\":\"ListItem\",\"position\":3,\"name\":\"Nemzetis\\u00e9gi Nap &#8211; III. ker\\u00fcleti G\\u00f6r\\u00f6g \\u00d6nkorm\\u00e1nyzat\"}]}]}<\/script>\n<!-- \/ Yoast SEO plugin. -->","yoast_head_json":{"title":"Nemzetis\u00e9gi Nap - III. ker\u00fcleti G\u00f6r\u00f6g \u00d6nkorm\u00e1nyzat - \u00d3budai Ny\u00e1r 2022 | obuda.hu","robots":{"index":"index","follow":"follow","max-snippet":"max-snippet:-1","max-image-preview":"max-image-preview:large","max-video-preview":"max-video-preview:-1"},"canonical":"https:\/\/www.obudainyar.hu\/2022\/esemeny\/nemzetisegi-nap-iii-keruleti-gorog-onkormanyzat\/","og_locale":"hu_HU","og_type":"article","og_title":"Nemzetis\u00e9gi Nap - III. ker\u00fcleti G\u00f6r\u00f6g \u00d6nkorm\u00e1nyzat - \u00d3budai Ny\u00e1r 2022 | obuda.hu","og_description":"T\u00e1nccsoport","og_url":"https:\/\/www.obudainyar.hu\/2022\/esemeny\/nemzetisegi-nap-iii-keruleti-gorog-onkormanyzat\/","og_site_name":"\u00d3budai Ny\u00e1r 2022 | obuda.hu","article_modified_time":"2022-07-19T17:12:38+00:00","og_image":[{"width":5000,"height":2617,"url":"https:\/\/www.obudainyar.hu\/2022\/wp-content\/uploads\/2022\/06\/ONY_event_cover_1200x628-px_2-05.png","type":"image\/png"}],"twitter_card":"summary_large_image","twitter_misc":{"Becs\u00fclt olvas\u00e1si id\u0151":"1 perc"},"schema":{"@context":"https:\/\/schema.org","@graph":[{"@type":"WebSite","@id":"https:\/\/www.obudainyar.hu\/2022\/#website","url":"https:\/\/www.obudainyar.hu\/2022\/","name":"\u00d3budai Ny\u00e1r 2022 | obuda.hu","description":"","potentialAction":[{"@type":"SearchAction","target":{"@type":"EntryPoint","urlTemplate":"https:\/\/www.obudainyar.hu\/2022\/?s={search_term_string}"},"query-input":"required name=search_term_string"}],"inLanguage":"hu"},{"@type":"ImageObject","@id":"https:\/\/www.obudainyar.hu\/2022\/esemeny\/nemzetisegi-nap-iii-keruleti-gorog-onkormanyzat\/#primaryimage","inLanguage":"hu","url":"https:\/\/www.obudainyar.hu\/2022\/wp-content\/uploads\/2022\/06\/ONY_event_cover_1200x628-px_2-05.png","contentUrl":"https:\/\/www.obudainyar.hu\/2022\/wp-content\/uploads\/2022\/06\/ONY_event_cover_1200x628-px_2-05.png","width":5000,"height":2617},{"@type":"WebPage","@id":"https:\/\/www.obudainyar.hu\/2022\/esemeny\/nemzetisegi-nap-iii-keruleti-gorog-onkormanyzat\/#webpage","url":"https:\/\/www.obudainyar.hu\/2022\/esemeny\/nemzetisegi-nap-iii-keruleti-gorog-onkormanyzat\/","name":"Nemzetis\u00e9gi Nap - III. ker\u00fcleti G\u00f6r\u00f6g \u00d6nkorm\u00e1nyzat - \u00d3budai Ny\u00e1r 2022 | obuda.hu","isPartOf":{"@id":"https:\/\/www.obudainyar.hu\/2022\/#website"},"primaryImageOfPage":{"@id":"https:\/\/www.obudainyar.hu\/2022\/esemeny\/nemzetisegi-nap-iii-keruleti-gorog-onkormanyzat\/#primaryimage"},"datePublished":"2022-06-21T13:51:42+00:00","dateModified":"2022-07-19T17:12:38+00:00","breadcrumb":{"@id":"https:\/\/www.obudainyar.hu\/2022\/esemeny\/nemzetisegi-nap-iii-keruleti-gorog-onkormanyzat\/#breadcrumb"},"inLanguage":"hu","potentialAction":[{"@type":"ReadAction","target":["https:\/\/www.obudainyar.hu\/2022\/esemeny\/nemzetisegi-nap-iii-keruleti-gorog-onkormanyzat\/"]}]},{"@type":"BreadcrumbList","@id":"https:\/\/www.obudainyar.hu\/2022\/esemeny\/nemzetisegi-nap-iii-keruleti-gorog-onkormanyzat\/#breadcrumb","itemListElement":[{"@type":"ListItem","position":1,"name":"Kezd\u0151lap","item":"https:\/\/www.obudainyar.hu\/2022\/"},{"@type":"ListItem","position":2,"name":"Esem\u00e9nyek","item":"https:\/\/www.obudainyar.hu\/2022\/esemenyek\/"},{"@type":"ListItem","position":3,"name":"Nemzetis\u00e9gi Nap &#8211; III. ker\u00fcleti G\u00f6r\u00f6g \u00d6nkorm\u00e1nyzat"}]}]}},"_links":{"self":[{"href":"https:\/\/www.obudainyar.hu\/2022\/wp-json\/wp\/v2\/tribe_events\/2931"}],"collection":[{"href":"https:\/\/www.obudainyar.hu\/2022\/wp-json\/wp\/v2\/tribe_events"}],"about":[{"href":"https:\/\/www.obudainyar.hu\/2022\/wp-json\/wp\/v2\/types\/tribe_events"}],"author":[{"embeddable":true,"href":"https:\/\/www.obudainyar.hu\/2022\/wp-json\/wp\/v2\/users\/7"}],"replies":[{"embeddable":true,"href":"https:\/\/www.obudainyar.hu\/2022\/wp-json\/wp\/v2\/comments?post=2931"}],"version-history":[{"count":1,"href":"https:\/\/www.obudainyar.hu\/2022\/wp-json\/wp\/v2\/tribe_events\/2931\/revisions"}],"predecessor-version":[{"id":2933,"href":"https:\/\/www.obudainyar.hu\/2022\/wp-json\/wp\/v2\/tribe_events\/2931\/revisions\/2933"}],"wp:featuredmedia":[{"embeddable":true,"href":"https:\/\/www.obudainyar.hu\/2022\/wp-json\/wp\/v2\/media\/3157"}],"wp:attachment":[{"href":"https:\/\/www.obudainyar.hu\/2022\/wp-json\/wp\/v2\/media?parent=2931"}],"wp:term":[{"taxonomy":"post_tag","embeddable":true,"href":"https:\/\/www.obudainyar.hu\/2022\/wp-json\/wp\/v2\/tags?post=2931"},{"taxonomy":"tribe_events_cat","embeddable":true,"href":"https:\/\/www.obudainyar.hu\/2022\/wp-json\/wp\/v2\/tribe_events_cat?post=2931"}],"curies":[{"name":"wp","href":"https:\/\/api.w.org\/{rel}","templated":true}]}}

Nemzetiségi Nap &#8211; III. kerületi Görög Önkormányzat

<p><span style="font-weight: 400;">Ellinizmosz Egyesület – Ellinizmosz Táncegyüttes</span></p>
<p><span style="font-weight: 400;">Az egyesület 2000-ben alakult a budaörsi Görög Önkormányzat kezdeményezésére és támogatásával abból a célból, hogy megőrizze, bemutassa és tovább örökítse az autentikus görög néptáncokat, valamint a görög népszokásokat. </span></p>
<p><span style="font-weight: 400;">Tagjai valamennyien magyarországi görög asszonyok, akik hetente két alkalommal tartják a táncpróbákat Jorgosz Antonopulosz anyaországi koreográfus, a csoport művészeti vezetője irányításával. </span></p>
<p><span style="font-weight: 400;">Repertoárjukon Görögország valamennyi tájegységének táncai szerepelnek, melyet a tájegységnek megfelelő népviseletben adnak elő. </span></p>
<p><span style="font-weight: 400;">Rendszeres fellépői a magyarországi görög kulturális rendezvényeknek. Fennállásuk húsz éve alatt számos anyaországi és egyéb külhoni fellépésük is volt.</span></p>
<p><span style="font-weight: 400;">Az egyesület 2015-ben PRO CULTURA MINITARIUM HUNGARIE (a Magyarországi Nemzetiségek Kultúrájáért) közművelődési díjban részesült, a görög nemzetiség anyanyelvi és kulturális hagyományainak megtartása és tovább örökítése érdekében végzett kimagasló szakmai munkája elismeréseként.</span></p>

<p>Tánccsoport</p>

<!-- This site is optimized with the Yoast SEO plugin v17.5 - https://yoast.com/wordpress/plugins/seo/ -->
<title>Nemzetiségi Nap - III. kerületi Görög Önkormányzat - Óbudai Nyár 2022 | obuda.hu</title>
<meta name="robots" content="index, follow, max-snippet:-1, max-image-preview:large, max-video-preview:-1" />
<link rel="canonical" href="https://www.obudainyar.hu/2022/esemeny/nemzetisegi-nap-iii-keruleti-gorog-onkormanyzat/" />
<meta property="og:locale" content="hu_HU" />
<meta property="og:type" content="article" />
<meta property="og:title" content="Nemzetiségi Nap - III. kerületi Görög Önkormányzat - Óbudai Nyár 2022 | obuda.hu" />
<meta property="og:description" content="Tánccsoport" />
<meta property="og:url" content="https://www.obudainyar.hu/2022/esemeny/nemzetisegi-nap-iii-keruleti-gorog-onkormanyzat/" />
<meta property="og:site_name" content="Óbudai Nyár 2022 | obuda.hu" />
<meta property="article:modified_time" content="2022-07-19T17:12:38+00:00" />
<meta property="og:image" content="https://www.obudainyar.hu/2022/wp-content/uploads/2022/06/ONY_event_cover_1200x628-px_2-05.png" />
	<meta property="og:image:width" content="5000" />
	<meta property="og:image:height" content="2617" />
<meta name="twitter:card" content="summary_large_image" />
<meta name="twitter:label1" content="Becsült olvasási idő" />
	<meta name="twitter:data1" content="1 perc" />
<script type="application/ld+json" class="yoast-schema-graph">{"@context":"https://schema.org","@graph":[{"@type":"WebSite","@id":"https://www.obudainyar.hu/2022/#website","url":"https://www.obudainyar.hu/2022/","name":"\u00d3budai Ny\u00e1r 2022 | obuda.hu","description":"","potentialAction":[{"@type":"SearchAction","target":{"@type":"EntryPoint","urlTemplate":"https://www.obudainyar.hu/2022/?s={search_term_string}"},"query-input":"required name=search_term_string"}],"inLanguage":"hu"},{"@type":"ImageObject","@id":"https://www.obudainyar.hu/2022/esemeny/nemzetisegi-nap-iii-keruleti-gorog-onkormanyzat/#primaryimage","inLanguage":"hu","url":"https://www.obudainyar.hu/2022/wp-content/uploads/2022/06/ONY_event_cover_1200x628-px_2-05.png","contentUrl":"https://www.obudainyar.hu/2022/wp-content/uploads/2022/06/ONY_event_cover_1200x628-px_2-05.png","width":5000,"height":2617},{"@type":"WebPage","@id":"https://www.obudainyar.hu/2022/esemeny/nemzetisegi-nap-iii-keruleti-gorog-onkormanyzat/#webpage","url":"https://www.obudainyar.hu/2022/esemeny/nemzetisegi-nap-iii-keruleti-gorog-onkormanyzat/","name":"Nemzetis\u00e9gi Nap - III. ker\u00fcleti G\u00f6r\u00f6g \u00d6nkorm\u00e1nyzat - \u00d3budai Ny\u00e1r 2022 | obuda.hu","isPartOf":{"@id":"https://www.obudainyar.hu/2022/#website"},"primaryImageOfPage":{"@id":"https://www.obudainyar.hu/2022/esemeny/nemzetisegi-nap-iii-keruleti-gorog-onkormanyzat/#primaryimage"},"datePublished":"2022-06-21T13:51:42+00:00","dateModified":"2022-07-19T17:12:38+00:00","breadcrumb":{"@id":"https://www.obudainyar.hu/2022/esemeny/nemzetisegi-nap-iii-keruleti-gorog-onkormanyzat/#breadcrumb"},"inLanguage":"hu","potentialAction":[{"@type":"ReadAction","target":["https://www.obudainyar.hu/2022/esemeny/nemzetisegi-nap-iii-keruleti-gorog-onkormanyzat/"]}]},{"@type":"BreadcrumbList","@id":"https://www.obudainyar.hu/2022/esemeny/nemzetisegi-nap-iii-keruleti-gorog-onkormanyzat/#breadcrumb","itemListElement":[{"@type":"ListItem","position":1,"name":"Kezd\u0151lap","item":"https://www.obudainyar.hu/2022/"},{"@type":"ListItem","position":2,"name":"Esem\u00e9nyek","item":"https://www.obudainyar.hu/2022/esemenyek/"},{"@type":"ListItem","position":3,"name":"Nemzetis\u00e9gi Nap &#8211; III. ker\u00fcleti G\u00f6r\u00f6g \u00d6nkorm\u00e1nyzat"}]}]}</script>
<!-- / Yoast SEO plugin. -->

Nemzetiségi Nap - III. kerületi Görög Önkormányzat - Óbudai Nyár 2022 | obuda.hu

Tánccsoport

Óbudai Nyár 2022 | obuda.hu

Kezdőlap

Események
