{"id":2937,"date":"2022-06-21T16:42:50","date_gmt":"2022-06-21T14:42:50","guid":{"rendered":"https:\/\/www.obudainyar.hu\/2022\/?post_type=tribe_events&#038;p=2937"},"modified":"2022-06-21T16:42:50","modified_gmt":"2022-06-21T14:42:50","slug":"nemzetisegi-nap-ukran-nemzetisegi-onkormanyzat","status":"publish","type":"tribe_events","link":"https:\/\/www.obudainyar.hu\/2022\/esemeny\/nemzetisegi-nap-ukran-nemzetisegi-onkormanyzat\/","title":{"rendered":"Nemzetis\u00e9gi Nap &#8211; Ukr\u00e1n Nemzetis\u00e9gi \u00d6nkorm\u00e1nyzat"},"content":{"rendered":"<p>K\u00e9zm\u0171ves foglalkoz\u00e1s gyerekeknek \u00e9s feln\u0151tteknek. Ukr\u00e1n n\u00e9pi fest\u00e9s \u2013 vibijka (dekorat\u00edv iparm\u0171v\u00e9szeti fajta), s\u00e1lk\u00e9sz\u00edt\u00e9s.<\/p>\n","protected":false},"excerpt":{"rendered":"<p>1.K\u00f3rus fell\u00e9pes<br \/>\n2.&#8221;Basolka&#8221; gyermek \u00e9nekst\u00fadi\u00f3<br \/>\n3. A Kijevi t\u00e1nc \u00e9s cirkusm\u0171v\u00e9szeti egyetem tanul\u00f3i<br \/>\n4. Ukr\u00e1n n\u00e9pdalok<\/p>\n","protected":false},"author":7,"featured_media":2939,"comment_status":"open","ping_status":"closed","template":"","meta":[],"tags":[52,402,398,62,411,63],"tribe_events_cat":[338],"yoast_head":"<!-- This site is optimized with the Yoast SEO plugin v17.5 - https:\/\/yoast.com\/wordpress\/plugins\/seo\/ -->\n<title>Nemzetis\u00e9gi Nap - Ukr\u00e1n Nemzetis\u00e9gi \u00d6nkorm\u00e1nyzat - \u00d3budai Ny\u00e1r 2022 | obuda.hu<\/title>\n<meta name=\"robots\" content=\"index, follow, max-snippet:-1, max-image-preview:large, max-video-preview:-1\" \/>\n<link rel=\"canonical\" href=\"https:\/\/www.obudainyar.hu\/2022\/esemeny\/nemzetisegi-nap-ukran-nemzetisegi-onkormanyzat\/\" \/>\n<meta property=\"og:locale\" content=\"hu_HU\" \/>\n<meta property=\"og:type\" content=\"article\" \/>\n<meta property=\"og:title\" content=\"Nemzetis\u00e9gi Nap - Ukr\u00e1n Nemzetis\u00e9gi \u00d6nkorm\u00e1nyzat - \u00d3budai Ny\u00e1r 2022 | obuda.hu\" \/>\n<meta property=\"og:description\" content=\"1.K\u00f3rus fell\u00e9pes  2.&quot;Basolka&quot; gyermek \u00e9nekst\u00fadi\u00f3 3. A Kijevi t\u00e1nc \u00e9s cirkusm\u0171v\u00e9szeti egyetem tanul\u00f3i 4. Ukr\u00e1n n\u00e9pdalok\" \/>\n<meta property=\"og:url\" content=\"https:\/\/www.obudainyar.hu\/2022\/esemeny\/nemzetisegi-nap-ukran-nemzetisegi-onkormanyzat\/\" \/>\n<meta property=\"og:site_name\" content=\"\u00d3budai Ny\u00e1r 2022 | obuda.hu\" \/>\n<meta property=\"og:image\" content=\"https:\/\/www.obudainyar.hu\/2022\/wp-content\/uploads\/2022\/06\/Logo_Obuda_FB_5-01.jpg\" \/>\n\t<meta property=\"og:image:width\" content=\"568\" \/>\n\t<meta property=\"og:image:height\" content=\"568\" \/>\n<meta name=\"twitter:card\" content=\"summary_large_image\" \/>\n<meta name=\"twitter:label1\" content=\"Becs\u00fclt olvas\u00e1si id\u0151\" \/>\n\t<meta name=\"twitter:data1\" content=\"1 perc\" \/>\n<script type=\"application\/ld+json\" class=\"yoast-schema-graph\">{\"@context\":\"https:\/\/schema.org\",\"@graph\":[{\"@type\":\"WebSite\",\"@id\":\"https:\/\/www.obudainyar.hu\/2022\/#website\",\"url\":\"https:\/\/www.obudainyar.hu\/2022\/\",\"name\":\"\\u00d3budai Ny\\u00e1r 2022 | obuda.hu\",\"description\":\"\",\"potentialAction\":[{\"@type\":\"SearchAction\",\"target\":{\"@type\":\"EntryPoint\",\"urlTemplate\":\"https:\/\/www.obudainyar.hu\/2022\/?s={search_term_string}\"},\"query-input\":\"required name=search_term_string\"}],\"inLanguage\":\"hu\"},{\"@type\":\"ImageObject\",\"@id\":\"https:\/\/www.obudainyar.hu\/2022\/esemeny\/nemzetisegi-nap-ukran-nemzetisegi-onkormanyzat\/#primaryimage\",\"inLanguage\":\"hu\",\"url\":\"https:\/\/www.obudainyar.hu\/2022\/wp-content\/uploads\/2022\/06\/Logo_Obuda_FB_5-01.jpg\",\"contentUrl\":\"https:\/\/www.obudainyar.hu\/2022\/wp-content\/uploads\/2022\/06\/Logo_Obuda_FB_5-01.jpg\",\"width\":568,\"height\":568},{\"@type\":\"WebPage\",\"@id\":\"https:\/\/www.obudainyar.hu\/2022\/esemeny\/nemzetisegi-nap-ukran-nemzetisegi-onkormanyzat\/#webpage\",\"url\":\"https:\/\/www.obudainyar.hu\/2022\/esemeny\/nemzetisegi-nap-ukran-nemzetisegi-onkormanyzat\/\",\"name\":\"Nemzetis\\u00e9gi Nap - Ukr\\u00e1n Nemzetis\\u00e9gi \\u00d6nkorm\\u00e1nyzat - \\u00d3budai Ny\\u00e1r 2022 | obuda.hu\",\"isPartOf\":{\"@id\":\"https:\/\/www.obudainyar.hu\/2022\/#website\"},\"primaryImageOfPage\":{\"@id\":\"https:\/\/www.obudainyar.hu\/2022\/esemeny\/nemzetisegi-nap-ukran-nemzetisegi-onkormanyzat\/#primaryimage\"},\"datePublished\":\"2022-06-21T14:42:50+00:00\",\"dateModified\":\"2022-06-21T14:42:50+00:00\",\"breadcrumb\":{\"@id\":\"https:\/\/www.obudainyar.hu\/2022\/esemeny\/nemzetisegi-nap-ukran-nemzetisegi-onkormanyzat\/#breadcrumb\"},\"inLanguage\":\"hu\",\"potentialAction\":[{\"@type\":\"ReadAction\",\"target\":[\"https:\/\/www.obudainyar.hu\/2022\/esemeny\/nemzetisegi-nap-ukran-nemzetisegi-onkormanyzat\/\"]}]},{\"@type\":\"BreadcrumbList\",\"@id\":\"https:\/\/www.obudainyar.hu\/2022\/esemeny\/nemzetisegi-nap-ukran-nemzetisegi-onkormanyzat\/#breadcrumb\",\"itemListElement\":[{\"@type\":\"ListItem\",\"position\":1,\"name\":\"Kezd\\u0151lap\",\"item\":\"https:\/\/www.obudainyar.hu\/2022\/\"},{\"@type\":\"ListItem\",\"position\":2,\"name\":\"Esem\\u00e9nyek\",\"item\":\"https:\/\/www.obudainyar.hu\/2022\/esemenyek\/\"},{\"@type\":\"ListItem\",\"position\":3,\"name\":\"Nemzetis\\u00e9gi Nap &#8211; Ukr\\u00e1n Nemzetis\\u00e9gi \\u00d6nkorm\\u00e1nyzat\"}]}]}<\/script>\n<!-- \/ Yoast SEO plugin. -->","yoast_head_json":{"title":"Nemzetis\u00e9gi Nap - Ukr\u00e1n Nemzetis\u00e9gi \u00d6nkorm\u00e1nyzat - \u00d3budai Ny\u00e1r 2022 | obuda.hu","robots":{"index":"index","follow":"follow","max-snippet":"max-snippet:-1","max-image-preview":"max-image-preview:large","max-video-preview":"max-video-preview:-1"},"canonical":"https:\/\/www.obudainyar.hu\/2022\/esemeny\/nemzetisegi-nap-ukran-nemzetisegi-onkormanyzat\/","og_locale":"hu_HU","og_type":"article","og_title":"Nemzetis\u00e9gi Nap - Ukr\u00e1n Nemzetis\u00e9gi \u00d6nkorm\u00e1nyzat - \u00d3budai Ny\u00e1r 2022 | obuda.hu","og_description":"1.K\u00f3rus fell\u00e9pes  2.\"Basolka\" gyermek \u00e9nekst\u00fadi\u00f3 3. A Kijevi t\u00e1nc \u00e9s cirkusm\u0171v\u00e9szeti egyetem tanul\u00f3i 4. Ukr\u00e1n n\u00e9pdalok","og_url":"https:\/\/www.obudainyar.hu\/2022\/esemeny\/nemzetisegi-nap-ukran-nemzetisegi-onkormanyzat\/","og_site_name":"\u00d3budai Ny\u00e1r 2022 | obuda.hu","og_image":[{"width":568,"height":568,"url":"https:\/\/www.obudainyar.hu\/2022\/wp-content\/uploads\/2022\/06\/Logo_Obuda_FB_5-01.jpg","type":"image\/jpeg"}],"twitter_card":"summary_large_image","twitter_misc":{"Becs\u00fclt olvas\u00e1si id\u0151":"1 perc"},"schema":{"@context":"https:\/\/schema.org","@graph":[{"@type":"WebSite","@id":"https:\/\/www.obudainyar.hu\/2022\/#website","url":"https:\/\/www.obudainyar.hu\/2022\/","name":"\u00d3budai Ny\u00e1r 2022 | obuda.hu","description":"","potentialAction":[{"@type":"SearchAction","target":{"@type":"EntryPoint","urlTemplate":"https:\/\/www.obudainyar.hu\/2022\/?s={search_term_string}"},"query-input":"required name=search_term_string"}],"inLanguage":"hu"},{"@type":"ImageObject","@id":"https:\/\/www.obudainyar.hu\/2022\/esemeny\/nemzetisegi-nap-ukran-nemzetisegi-onkormanyzat\/#primaryimage","inLanguage":"hu","url":"https:\/\/www.obudainyar.hu\/2022\/wp-content\/uploads\/2022\/06\/Logo_Obuda_FB_5-01.jpg","contentUrl":"https:\/\/www.obudainyar.hu\/2022\/wp-content\/uploads\/2022\/06\/Logo_Obuda_FB_5-01.jpg","width":568,"height":568},{"@type":"WebPage","@id":"https:\/\/www.obudainyar.hu\/2022\/esemeny\/nemzetisegi-nap-ukran-nemzetisegi-onkormanyzat\/#webpage","url":"https:\/\/www.obudainyar.hu\/2022\/esemeny\/nemzetisegi-nap-ukran-nemzetisegi-onkormanyzat\/","name":"Nemzetis\u00e9gi Nap - Ukr\u00e1n Nemzetis\u00e9gi \u00d6nkorm\u00e1nyzat - \u00d3budai Ny\u00e1r 2022 | obuda.hu","isPartOf":{"@id":"https:\/\/www.obudainyar.hu\/2022\/#website"},"primaryImageOfPage":{"@id":"https:\/\/www.obudainyar.hu\/2022\/esemeny\/nemzetisegi-nap-ukran-nemzetisegi-onkormanyzat\/#primaryimage"},"datePublished":"2022-06-21T14:42:50+00:00","dateModified":"2022-06-21T14:42:50+00:00","breadcrumb":{"@id":"https:\/\/www.obudainyar.hu\/2022\/esemeny\/nemzetisegi-nap-ukran-nemzetisegi-onkormanyzat\/#breadcrumb"},"inLanguage":"hu","potentialAction":[{"@type":"ReadAction","target":["https:\/\/www.obudainyar.hu\/2022\/esemeny\/nemzetisegi-nap-ukran-nemzetisegi-onkormanyzat\/"]}]},{"@type":"BreadcrumbList","@id":"https:\/\/www.obudainyar.hu\/2022\/esemeny\/nemzetisegi-nap-ukran-nemzetisegi-onkormanyzat\/#breadcrumb","itemListElement":[{"@type":"ListItem","position":1,"name":"Kezd\u0151lap","item":"https:\/\/www.obudainyar.hu\/2022\/"},{"@type":"ListItem","position":2,"name":"Esem\u00e9nyek","item":"https:\/\/www.obudainyar.hu\/2022\/esemenyek\/"},{"@type":"ListItem","position":3,"name":"Nemzetis\u00e9gi Nap &#8211; Ukr\u00e1n Nemzetis\u00e9gi \u00d6nkorm\u00e1nyzat"}]}]}},"_links":{"self":[{"href":"https:\/\/www.obudainyar.hu\/2022\/wp-json\/wp\/v2\/tribe_events\/2937"}],"collection":[{"href":"https:\/\/www.obudainyar.hu\/2022\/wp-json\/wp\/v2\/tribe_events"}],"about":[{"href":"https:\/\/www.obudainyar.hu\/2022\/wp-json\/wp\/v2\/types\/tribe_events"}],"author":[{"embeddable":true,"href":"https:\/\/www.obudainyar.hu\/2022\/wp-json\/wp\/v2\/users\/7"}],"replies":[{"embeddable":true,"href":"https:\/\/www.obudainyar.hu\/2022\/wp-json\/wp\/v2\/comments?post=2937"}],"version-history":[{"count":3,"href":"https:\/\/www.obudainyar.hu\/2022\/wp-json\/wp\/v2\/tribe_events\/2937\/revisions"}],"predecessor-version":[{"id":2941,"href":"https:\/\/www.obudainyar.hu\/2022\/wp-json\/wp\/v2\/tribe_events\/2937\/revisions\/2941"}],"wp:featuredmedia":[{"embeddable":true,"href":"https:\/\/www.obudainyar.hu\/2022\/wp-json\/wp\/v2\/media\/2939"}],"wp:attachment":[{"href":"https:\/\/www.obudainyar.hu\/2022\/wp-json\/wp\/v2\/media?parent=2937"}],"wp:term":[{"taxonomy":"post_tag","embeddable":true,"href":"https:\/\/www.obudainyar.hu\/2022\/wp-json\/wp\/v2\/tags?post=2937"},{"taxonomy":"tribe_events_cat","embeddable":true,"href":"https:\/\/www.obudainyar.hu\/2022\/wp-json\/wp\/v2\/tribe_events_cat?post=2937"}],"curies":[{"name":"wp","href":"https:\/\/api.w.org\/{rel}","templated":true}]}}

Nemzetiségi Nap &#8211; Ukrán Nemzetiségi Önkormányzat

<p>Kézműves foglalkozás gyerekeknek és felnőtteknek. Ukrán népi festés – vibijka (dekoratív iparművészeti fajta), sálkészítés.</p>

<p>1.Kórus fellépes<br />
2.&#8221;Basolka&#8221; gyermek énekstúdió<br />
3. A Kijevi tánc és cirkusművészeti egyetem tanulói<br />
4. Ukrán népdalok</p>

<!-- This site is optimized with the Yoast SEO plugin v17.5 - https://yoast.com/wordpress/plugins/seo/ -->
<title>Nemzetiségi Nap - Ukrán Nemzetiségi Önkormányzat - Óbudai Nyár 2022 | obuda.hu</title>
<meta name="robots" content="index, follow, max-snippet:-1, max-image-preview:large, max-video-preview:-1" />
<link rel="canonical" href="https://www.obudainyar.hu/2022/esemeny/nemzetisegi-nap-ukran-nemzetisegi-onkormanyzat/" />
<meta property="og:locale" content="hu_HU" />
<meta property="og:type" content="article" />
<meta property="og:title" content="Nemzetiségi Nap - Ukrán Nemzetiségi Önkormányzat - Óbudai Nyár 2022 | obuda.hu" />
<meta property="og:description" content="1.Kórus fellépes  2.&quot;Basolka&quot; gyermek énekstúdió 3. A Kijevi tánc és cirkusművészeti egyetem tanulói 4. Ukrán népdalok" />
<meta property="og:url" content="https://www.obudainyar.hu/2022/esemeny/nemzetisegi-nap-ukran-nemzetisegi-onkormanyzat/" />
<meta property="og:site_name" content="Óbudai Nyár 2022 | obuda.hu" />
<meta property="og:image" content="https://www.obudainyar.hu/2022/wp-content/uploads/2022/06/Logo_Obuda_FB_5-01.jpg" />
	<meta property="og:image:width" content="568" />
	<meta property="og:image:height" content="568" />
<meta name="twitter:card" content="summary_large_image" />
<meta name="twitter:label1" content="Becsült olvasási idő" />
	<meta name="twitter:data1" content="1 perc" />
<script type="application/ld+json" class="yoast-schema-graph">{"@context":"https://schema.org","@graph":[{"@type":"WebSite","@id":"https://www.obudainyar.hu/2022/#website","url":"https://www.obudainyar.hu/2022/","name":"\u00d3budai Ny\u00e1r 2022 | obuda.hu","description":"","potentialAction":[{"@type":"SearchAction","target":{"@type":"EntryPoint","urlTemplate":"https://www.obudainyar.hu/2022/?s={search_term_string}"},"query-input":"required name=search_term_string"}],"inLanguage":"hu"},{"@type":"ImageObject","@id":"https://www.obudainyar.hu/2022/esemeny/nemzetisegi-nap-ukran-nemzetisegi-onkormanyzat/#primaryimage","inLanguage":"hu","url":"https://www.obudainyar.hu/2022/wp-content/uploads/2022/06/Logo_Obuda_FB_5-01.jpg","contentUrl":"https://www.obudainyar.hu/2022/wp-content/uploads/2022/06/Logo_Obuda_FB_5-01.jpg","width":568,"height":568},{"@type":"WebPage","@id":"https://www.obudainyar.hu/2022/esemeny/nemzetisegi-nap-ukran-nemzetisegi-onkormanyzat/#webpage","url":"https://www.obudainyar.hu/2022/esemeny/nemzetisegi-nap-ukran-nemzetisegi-onkormanyzat/","name":"Nemzetis\u00e9gi Nap - Ukr\u00e1n Nemzetis\u00e9gi \u00d6nkorm\u00e1nyzat - \u00d3budai Ny\u00e1r 2022 | obuda.hu","isPartOf":{"@id":"https://www.obudainyar.hu/2022/#website"},"primaryImageOfPage":{"@id":"https://www.obudainyar.hu/2022/esemeny/nemzetisegi-nap-ukran-nemzetisegi-onkormanyzat/#primaryimage"},"datePublished":"2022-06-21T14:42:50+00:00","dateModified":"2022-06-21T14:42:50+00:00","breadcrumb":{"@id":"https://www.obudainyar.hu/2022/esemeny/nemzetisegi-nap-ukran-nemzetisegi-onkormanyzat/#breadcrumb"},"inLanguage":"hu","potentialAction":[{"@type":"ReadAction","target":["https://www.obudainyar.hu/2022/esemeny/nemzetisegi-nap-ukran-nemzetisegi-onkormanyzat/"]}]},{"@type":"BreadcrumbList","@id":"https://www.obudainyar.hu/2022/esemeny/nemzetisegi-nap-ukran-nemzetisegi-onkormanyzat/#breadcrumb","itemListElement":[{"@type":"ListItem","position":1,"name":"Kezd\u0151lap","item":"https://www.obudainyar.hu/2022/"},{"@type":"ListItem","position":2,"name":"Esem\u00e9nyek","item":"https://www.obudainyar.hu/2022/esemenyek/"},{"@type":"ListItem","position":3,"name":"Nemzetis\u00e9gi Nap &#8211; Ukr\u00e1n Nemzetis\u00e9gi \u00d6nkorm\u00e1nyzat"}]}]}</script>
<!-- / Yoast SEO plugin. -->

Nemzetiségi Nap - Ukrán Nemzetiségi Önkormányzat - Óbudai Nyár 2022 | obuda.hu

1.Kórus fellépes  2."Basolka" gyermek énekstúdió 3. A Kijevi tánc és cirkusművészeti egyetem tanulói 4. Ukrán népdalok

Óbudai Nyár 2022 | obuda.hu

Kezdőlap

Események
