{"id":2949,"date":"2022-06-21T17:20:05","date_gmt":"2022-06-21T15:20:05","guid":{"rendered":"https:\/\/www.obudainyar.hu\/2022\/?post_type=tribe_events&#038;p=2949"},"modified":"2022-06-21T17:20:05","modified_gmt":"2022-06-21T15:20:05","slug":"aelia-sabina-alapfoku-muveszeti-iskola-diakjainak-kiallitasa","status":"publish","type":"tribe_events","link":"https:\/\/www.obudainyar.hu\/2022\/esemeny\/aelia-sabina-alapfoku-muveszeti-iskola-diakjainak-kiallitasa\/","title":{"rendered":"Aelia Sabina Alapfok\u00fa M\u0171v\u00e9szeti Iskola di\u00e1kjainak ki\u00e1ll\u00edt\u00e1sa"},"content":{"rendered":"<p>Megtekinthet\u0151 a k\u00f6nyvt\u00e1r nyitvatart\u00e1si idej\u00e9ben.<\/p>\n","protected":false},"excerpt":{"rendered":"<p>M\u0171v\u00e9szeti ki\u00e1ll\u00edt\u00e1s a di\u00e1kok vizsgamunk\u00e1ib\u00f3l, versenyeken \u00e9s p\u00e1ly\u00e1zatokon helyez\u00e9st el\u00e9rt alkot\u00e1saib\u00f3l. <\/p>\n","protected":false},"author":7,"featured_media":0,"comment_status":"open","ping_status":"closed","template":"","meta":[],"tags":[52,28,25,353,398],"tribe_events_cat":[338],"yoast_head":"<!-- This site is optimized with the Yoast SEO plugin v17.5 - https:\/\/yoast.com\/wordpress\/plugins\/seo\/ -->\n<title>Aelia Sabina Alapfok\u00fa M\u0171v\u00e9szeti Iskola di\u00e1kjainak ki\u00e1ll\u00edt\u00e1sa - \u00d3budai Ny\u00e1r 2022 | obuda.hu<\/title>\n<meta name=\"robots\" content=\"index, follow, max-snippet:-1, max-image-preview:large, max-video-preview:-1\" \/>\n<link rel=\"canonical\" href=\"https:\/\/www.obudainyar.hu\/2022\/esemeny\/aelia-sabina-alapfoku-muveszeti-iskola-diakjainak-kiallitasa\/\" \/>\n<meta property=\"og:locale\" content=\"hu_HU\" \/>\n<meta property=\"og:type\" content=\"article\" \/>\n<meta property=\"og:title\" content=\"Aelia Sabina Alapfok\u00fa M\u0171v\u00e9szeti Iskola di\u00e1kjainak ki\u00e1ll\u00edt\u00e1sa - \u00d3budai Ny\u00e1r 2022 | obuda.hu\" \/>\n<meta property=\"og:description\" content=\"M\u0171v\u00e9szeti ki\u00e1ll\u00edt\u00e1s a di\u00e1kok vizsgamunk\u00e1ib\u00f3l, versenyeken \u00e9s p\u00e1ly\u00e1zatokon helyez\u00e9st el\u00e9rt alkot\u00e1saib\u00f3l.\" \/>\n<meta property=\"og:url\" content=\"https:\/\/www.obudainyar.hu\/2022\/esemeny\/aelia-sabina-alapfoku-muveszeti-iskola-diakjainak-kiallitasa\/\" \/>\n<meta property=\"og:site_name\" content=\"\u00d3budai Ny\u00e1r 2022 | obuda.hu\" \/>\n<meta property=\"og:image\" content=\"https:\/\/www.obudainyar.hu\/2022\/wp-content\/uploads\/2021\/11\/ONY22_hero2-01.jpg\" \/>\n\t<meta property=\"og:image:width\" content=\"1600\" \/>\n\t<meta property=\"og:image:height\" content=\"900\" \/>\n<meta name=\"twitter:card\" content=\"summary_large_image\" \/>\n<script type=\"application\/ld+json\" class=\"yoast-schema-graph\">{\"@context\":\"https:\/\/schema.org\",\"@graph\":[{\"@type\":\"WebSite\",\"@id\":\"https:\/\/www.obudainyar.hu\/2022\/#website\",\"url\":\"https:\/\/www.obudainyar.hu\/2022\/\",\"name\":\"\\u00d3budai Ny\\u00e1r 2022 | obuda.hu\",\"description\":\"\",\"potentialAction\":[{\"@type\":\"SearchAction\",\"target\":{\"@type\":\"EntryPoint\",\"urlTemplate\":\"https:\/\/www.obudainyar.hu\/2022\/?s={search_term_string}\"},\"query-input\":\"required name=search_term_string\"}],\"inLanguage\":\"hu\"},{\"@type\":\"WebPage\",\"@id\":\"https:\/\/www.obudainyar.hu\/2022\/esemeny\/aelia-sabina-alapfoku-muveszeti-iskola-diakjainak-kiallitasa\/#webpage\",\"url\":\"https:\/\/www.obudainyar.hu\/2022\/esemeny\/aelia-sabina-alapfoku-muveszeti-iskola-diakjainak-kiallitasa\/\",\"name\":\"Aelia Sabina Alapfok\\u00fa M\\u0171v\\u00e9szeti Iskola di\\u00e1kjainak ki\\u00e1ll\\u00edt\\u00e1sa - \\u00d3budai Ny\\u00e1r 2022 | obuda.hu\",\"isPartOf\":{\"@id\":\"https:\/\/www.obudainyar.hu\/2022\/#website\"},\"datePublished\":\"2022-06-21T15:20:05+00:00\",\"dateModified\":\"2022-06-21T15:20:05+00:00\",\"breadcrumb\":{\"@id\":\"https:\/\/www.obudainyar.hu\/2022\/esemeny\/aelia-sabina-alapfoku-muveszeti-iskola-diakjainak-kiallitasa\/#breadcrumb\"},\"inLanguage\":\"hu\",\"potentialAction\":[{\"@type\":\"ReadAction\",\"target\":[\"https:\/\/www.obudainyar.hu\/2022\/esemeny\/aelia-sabina-alapfoku-muveszeti-iskola-diakjainak-kiallitasa\/\"]}]},{\"@type\":\"BreadcrumbList\",\"@id\":\"https:\/\/www.obudainyar.hu\/2022\/esemeny\/aelia-sabina-alapfoku-muveszeti-iskola-diakjainak-kiallitasa\/#breadcrumb\",\"itemListElement\":[{\"@type\":\"ListItem\",\"position\":1,\"name\":\"Kezd\\u0151lap\",\"item\":\"https:\/\/www.obudainyar.hu\/2022\/\"},{\"@type\":\"ListItem\",\"position\":2,\"name\":\"Esem\\u00e9nyek\",\"item\":\"https:\/\/www.obudainyar.hu\/2022\/esemenyek\/\"},{\"@type\":\"ListItem\",\"position\":3,\"name\":\"Aelia Sabina Alapfok\\u00fa M\\u0171v\\u00e9szeti Iskola di\\u00e1kjainak ki\\u00e1ll\\u00edt\\u00e1sa\"}]}]}<\/script>\n<!-- \/ Yoast SEO plugin. -->","yoast_head_json":{"title":"Aelia Sabina Alapfok\u00fa M\u0171v\u00e9szeti Iskola di\u00e1kjainak ki\u00e1ll\u00edt\u00e1sa - \u00d3budai Ny\u00e1r 2022 | obuda.hu","robots":{"index":"index","follow":"follow","max-snippet":"max-snippet:-1","max-image-preview":"max-image-preview:large","max-video-preview":"max-video-preview:-1"},"canonical":"https:\/\/www.obudainyar.hu\/2022\/esemeny\/aelia-sabina-alapfoku-muveszeti-iskola-diakjainak-kiallitasa\/","og_locale":"hu_HU","og_type":"article","og_title":"Aelia Sabina Alapfok\u00fa M\u0171v\u00e9szeti Iskola di\u00e1kjainak ki\u00e1ll\u00edt\u00e1sa - \u00d3budai Ny\u00e1r 2022 | obuda.hu","og_description":"M\u0171v\u00e9szeti ki\u00e1ll\u00edt\u00e1s a di\u00e1kok vizsgamunk\u00e1ib\u00f3l, versenyeken \u00e9s p\u00e1ly\u00e1zatokon helyez\u00e9st el\u00e9rt alkot\u00e1saib\u00f3l.","og_url":"https:\/\/www.obudainyar.hu\/2022\/esemeny\/aelia-sabina-alapfoku-muveszeti-iskola-diakjainak-kiallitasa\/","og_site_name":"\u00d3budai Ny\u00e1r 2022 | obuda.hu","og_image":[{"width":1600,"height":900,"url":"https:\/\/www.obudainyar.hu\/2022\/wp-content\/uploads\/2021\/11\/ONY22_hero2-01.jpg","type":"image\/jpeg"}],"twitter_card":"summary_large_image","schema":{"@context":"https:\/\/schema.org","@graph":[{"@type":"WebSite","@id":"https:\/\/www.obudainyar.hu\/2022\/#website","url":"https:\/\/www.obudainyar.hu\/2022\/","name":"\u00d3budai Ny\u00e1r 2022 | obuda.hu","description":"","potentialAction":[{"@type":"SearchAction","target":{"@type":"EntryPoint","urlTemplate":"https:\/\/www.obudainyar.hu\/2022\/?s={search_term_string}"},"query-input":"required name=search_term_string"}],"inLanguage":"hu"},{"@type":"WebPage","@id":"https:\/\/www.obudainyar.hu\/2022\/esemeny\/aelia-sabina-alapfoku-muveszeti-iskola-diakjainak-kiallitasa\/#webpage","url":"https:\/\/www.obudainyar.hu\/2022\/esemeny\/aelia-sabina-alapfoku-muveszeti-iskola-diakjainak-kiallitasa\/","name":"Aelia Sabina Alapfok\u00fa M\u0171v\u00e9szeti Iskola di\u00e1kjainak ki\u00e1ll\u00edt\u00e1sa - \u00d3budai Ny\u00e1r 2022 | obuda.hu","isPartOf":{"@id":"https:\/\/www.obudainyar.hu\/2022\/#website"},"datePublished":"2022-06-21T15:20:05+00:00","dateModified":"2022-06-21T15:20:05+00:00","breadcrumb":{"@id":"https:\/\/www.obudainyar.hu\/2022\/esemeny\/aelia-sabina-alapfoku-muveszeti-iskola-diakjainak-kiallitasa\/#breadcrumb"},"inLanguage":"hu","potentialAction":[{"@type":"ReadAction","target":["https:\/\/www.obudainyar.hu\/2022\/esemeny\/aelia-sabina-alapfoku-muveszeti-iskola-diakjainak-kiallitasa\/"]}]},{"@type":"BreadcrumbList","@id":"https:\/\/www.obudainyar.hu\/2022\/esemeny\/aelia-sabina-alapfoku-muveszeti-iskola-diakjainak-kiallitasa\/#breadcrumb","itemListElement":[{"@type":"ListItem","position":1,"name":"Kezd\u0151lap","item":"https:\/\/www.obudainyar.hu\/2022\/"},{"@type":"ListItem","position":2,"name":"Esem\u00e9nyek","item":"https:\/\/www.obudainyar.hu\/2022\/esemenyek\/"},{"@type":"ListItem","position":3,"name":"Aelia Sabina Alapfok\u00fa M\u0171v\u00e9szeti Iskola di\u00e1kjainak ki\u00e1ll\u00edt\u00e1sa"}]}]}},"_links":{"self":[{"href":"https:\/\/www.obudainyar.hu\/2022\/wp-json\/wp\/v2\/tribe_events\/2949"}],"collection":[{"href":"https:\/\/www.obudainyar.hu\/2022\/wp-json\/wp\/v2\/tribe_events"}],"about":[{"href":"https:\/\/www.obudainyar.hu\/2022\/wp-json\/wp\/v2\/types\/tribe_events"}],"author":[{"embeddable":true,"href":"https:\/\/www.obudainyar.hu\/2022\/wp-json\/wp\/v2\/users\/7"}],"replies":[{"embeddable":true,"href":"https:\/\/www.obudainyar.hu\/2022\/wp-json\/wp\/v2\/comments?post=2949"}],"version-history":[{"count":2,"href":"https:\/\/www.obudainyar.hu\/2022\/wp-json\/wp\/v2\/tribe_events\/2949\/revisions"}],"predecessor-version":[{"id":2951,"href":"https:\/\/www.obudainyar.hu\/2022\/wp-json\/wp\/v2\/tribe_events\/2949\/revisions\/2951"}],"wp:attachment":[{"href":"https:\/\/www.obudainyar.hu\/2022\/wp-json\/wp\/v2\/media?parent=2949"}],"wp:term":[{"taxonomy":"post_tag","embeddable":true,"href":"https:\/\/www.obudainyar.hu\/2022\/wp-json\/wp\/v2\/tags?post=2949"},{"taxonomy":"tribe_events_cat","embeddable":true,"href":"https:\/\/www.obudainyar.hu\/2022\/wp-json\/wp\/v2\/tribe_events_cat?post=2949"}],"curies":[{"name":"wp","href":"https:\/\/api.w.org\/{rel}","templated":true}]}}

Aelia Sabina Alapfokú Művészeti Iskola diákjainak kiállítása

<p>Megtekinthető a könyvtár nyitvatartási idejében.</p>

<p>Művészeti kiállítás a diákok vizsgamunkáiból, versenyeken és pályázatokon helyezést elért alkotásaiból. </p>

<!-- This site is optimized with the Yoast SEO plugin v17.5 - https://yoast.com/wordpress/plugins/seo/ -->
<title>Aelia Sabina Alapfokú Művészeti Iskola diákjainak kiállítása - Óbudai Nyár 2022 | obuda.hu</title>
<meta name="robots" content="index, follow, max-snippet:-1, max-image-preview:large, max-video-preview:-1" />
<link rel="canonical" href="https://www.obudainyar.hu/2022/esemeny/aelia-sabina-alapfoku-muveszeti-iskola-diakjainak-kiallitasa/" />
<meta property="og:locale" content="hu_HU" />
<meta property="og:type" content="article" />
<meta property="og:title" content="Aelia Sabina Alapfokú Művészeti Iskola diákjainak kiállítása - Óbudai Nyár 2022 | obuda.hu" />
<meta property="og:description" content="Művészeti kiállítás a diákok vizsgamunkáiból, versenyeken és pályázatokon helyezést elért alkotásaiból." />
<meta property="og:url" content="https://www.obudainyar.hu/2022/esemeny/aelia-sabina-alapfoku-muveszeti-iskola-diakjainak-kiallitasa/" />
<meta property="og:site_name" content="Óbudai Nyár 2022 | obuda.hu" />
<meta property="og:image" content="https://www.obudainyar.hu/2022/wp-content/uploads/2021/11/ONY22_hero2-01.jpg" />
	<meta property="og:image:width" content="1600" />
	<meta property="og:image:height" content="900" />
<meta name="twitter:card" content="summary_large_image" />
<script type="application/ld+json" class="yoast-schema-graph">{"@context":"https://schema.org","@graph":[{"@type":"WebSite","@id":"https://www.obudainyar.hu/2022/#website","url":"https://www.obudainyar.hu/2022/","name":"\u00d3budai Ny\u00e1r 2022 | obuda.hu","description":"","potentialAction":[{"@type":"SearchAction","target":{"@type":"EntryPoint","urlTemplate":"https://www.obudainyar.hu/2022/?s={search_term_string}"},"query-input":"required name=search_term_string"}],"inLanguage":"hu"},{"@type":"WebPage","@id":"https://www.obudainyar.hu/2022/esemeny/aelia-sabina-alapfoku-muveszeti-iskola-diakjainak-kiallitasa/#webpage","url":"https://www.obudainyar.hu/2022/esemeny/aelia-sabina-alapfoku-muveszeti-iskola-diakjainak-kiallitasa/","name":"Aelia Sabina Alapfok\u00fa M\u0171v\u00e9szeti Iskola di\u00e1kjainak ki\u00e1ll\u00edt\u00e1sa - \u00d3budai Ny\u00e1r 2022 | obuda.hu","isPartOf":{"@id":"https://www.obudainyar.hu/2022/#website"},"datePublished":"2022-06-21T15:20:05+00:00","dateModified":"2022-06-21T15:20:05+00:00","breadcrumb":{"@id":"https://www.obudainyar.hu/2022/esemeny/aelia-sabina-alapfoku-muveszeti-iskola-diakjainak-kiallitasa/#breadcrumb"},"inLanguage":"hu","potentialAction":[{"@type":"ReadAction","target":["https://www.obudainyar.hu/2022/esemeny/aelia-sabina-alapfoku-muveszeti-iskola-diakjainak-kiallitasa/"]}]},{"@type":"BreadcrumbList","@id":"https://www.obudainyar.hu/2022/esemeny/aelia-sabina-alapfoku-muveszeti-iskola-diakjainak-kiallitasa/#breadcrumb","itemListElement":[{"@type":"ListItem","position":1,"name":"Kezd\u0151lap","item":"https://www.obudainyar.hu/2022/"},{"@type":"ListItem","position":2,"name":"Esem\u00e9nyek","item":"https://www.obudainyar.hu/2022/esemenyek/"},{"@type":"ListItem","position":3,"name":"Aelia Sabina Alapfok\u00fa M\u0171v\u00e9szeti Iskola di\u00e1kjainak ki\u00e1ll\u00edt\u00e1sa"}]}]}</script>
<!-- / Yoast SEO plugin. -->

Aelia Sabina Alapfokú Művészeti Iskola diákjainak kiállítása - Óbudai Nyár 2022 | obuda.hu

Művészeti kiállítás a diákok vizsgamunkáiból, versenyeken és pályázatokon helyezést elért alkotásaiból.

Óbudai Nyár 2022 | obuda.hu

Kezdőlap

Események
