{"id":2956,"date":"2022-06-21T17:28:20","date_gmt":"2022-06-21T15:28:20","guid":{"rendered":"https:\/\/www.obudainyar.hu\/2022\/?post_type=tribe_events&#038;p=2956"},"modified":"2022-06-22T09:14:55","modified_gmt":"2022-06-22T07:14:55","slug":"holgyvalasz-a-svab-konyha","status":"publish","type":"tribe_events","link":"https:\/\/www.obudainyar.hu\/2022\/esemeny\/holgyvalasz-a-svab-konyha\/","title":{"rendered":"H\u00f6lgyv\u00e1lasz: A sv\u00e1b konyha"},"content":{"rendered":"<p><span style=\"font-weight: 400;\">H\u00f6lgyv\u00e1lasz c\u00edm\u0171 el\u0151ad\u00e1ssorozatunk megh\u00edvott vend\u00e9ge Rup\u00e1ner-Gall\u00e9 Marg\u00f3, <\/span><span style=\"font-weight: 400;\">a Rup\u00e1ner-konyha gasztroblog szerz\u0151je. A <\/span><span style=\"font-weight: 400;\">k\u00f3stol\u00f3val egybek\u00f6t\u00f6tt el\u0151ad\u00e1s\u00e1b\u00f3l megtudhatjuk, hogy milyen teremt\u0151 ereje van egy-egy \u00edznek, \u00e9telnek, receptnek, amit a szeretteink el\u00e9 tesz\u00fcnk. Megismerhetj\u00fck, hogyan k\u00e9sz\u00fcl egy igazi sv\u00e1b lep\u00e9ny, mi f\u00e1n terem a k\u00fatkifli, mi a titka a legegyszer\u0171bb cs\u00e1sz\u00e1rmorzs\u00e1nak, vagy annak, hogy a h\u00e1jas gy\u00f6ny\u00f6r\u0171 leveles legyen, hogyan var\u00e1zsolhatunk hatalmas, mesebeli p\u00fcnk\u00f6sdi kal\u00e1csot az \u00fcnnepi asztalra, mosolyg\u00f3 pirosra s\u00fclt kiflit, pog\u00e1cs\u00e1t a vend\u00e9gek el\u00e9.\u00a0<\/span><\/p>\n","protected":false},"excerpt":{"rendered":"<p>Receptek Hart\u00e1r\u00f3l az egyszer\u0171s\u00e9g \u00e9s a takar\u00e9koss\u00e1g jegy\u00e9ben. Rup\u00e1ner-Gall\u00e9 Marg\u00f3 gasztroblogger k\u00f3stol\u00f3val egybek\u00f6t\u00f6tt el\u0151ad\u00e1sa<\/p>\n","protected":false},"author":7,"featured_media":2972,"comment_status":"open","ping_status":"closed","template":"","meta":[],"tags":[50,156,22,416,398],"tribe_events_cat":[338],"yoast_head":"<!-- This site is optimized with the Yoast SEO plugin v17.5 - https:\/\/yoast.com\/wordpress\/plugins\/seo\/ -->\n<title>H\u00f6lgyv\u00e1lasz: A sv\u00e1b konyha - \u00d3budai Ny\u00e1r 2022 | obuda.hu<\/title>\n<meta name=\"robots\" content=\"index, follow, max-snippet:-1, max-image-preview:large, max-video-preview:-1\" \/>\n<link rel=\"canonical\" href=\"https:\/\/www.obudainyar.hu\/2022\/esemeny\/holgyvalasz-a-svab-konyha\/\" \/>\n<meta property=\"og:locale\" content=\"hu_HU\" \/>\n<meta property=\"og:type\" content=\"article\" \/>\n<meta property=\"og:title\" content=\"H\u00f6lgyv\u00e1lasz: A sv\u00e1b konyha - \u00d3budai Ny\u00e1r 2022 | obuda.hu\" \/>\n<meta property=\"og:description\" content=\"Receptek Hart\u00e1r\u00f3l az egyszer\u0171s\u00e9g \u00e9s a takar\u00e9koss\u00e1g jegy\u00e9ben. Rup\u00e1ner-Gall\u00e9 Marg\u00f3 gasztroblogger k\u00f3stol\u00f3val egybek\u00f6t\u00f6tt el\u0151ad\u00e1sa\" \/>\n<meta property=\"og:url\" content=\"https:\/\/www.obudainyar.hu\/2022\/esemeny\/holgyvalasz-a-svab-konyha\/\" \/>\n<meta property=\"og:site_name\" content=\"\u00d3budai Ny\u00e1r 2022 | obuda.hu\" \/>\n<meta property=\"article:modified_time\" content=\"2022-06-22T07:14:55+00:00\" \/>\n<meta property=\"og:image\" content=\"https:\/\/www.obudainyar.hu\/2022\/wp-content\/uploads\/2022\/06\/Svab-konyha.jpg\" \/>\n\t<meta property=\"og:image:width\" content=\"1920\" \/>\n\t<meta property=\"og:image:height\" content=\"1280\" \/>\n<meta name=\"twitter:card\" content=\"summary_large_image\" \/>\n<meta name=\"twitter:label1\" content=\"Becs\u00fclt olvas\u00e1si id\u0151\" \/>\n\t<meta name=\"twitter:data1\" content=\"1 perc\" \/>\n<script type=\"application\/ld+json\" class=\"yoast-schema-graph\">{\"@context\":\"https:\/\/schema.org\",\"@graph\":[{\"@type\":\"WebSite\",\"@id\":\"https:\/\/www.obudainyar.hu\/2022\/#website\",\"url\":\"https:\/\/www.obudainyar.hu\/2022\/\",\"name\":\"\\u00d3budai Ny\\u00e1r 2022 | obuda.hu\",\"description\":\"\",\"potentialAction\":[{\"@type\":\"SearchAction\",\"target\":{\"@type\":\"EntryPoint\",\"urlTemplate\":\"https:\/\/www.obudainyar.hu\/2022\/?s={search_term_string}\"},\"query-input\":\"required name=search_term_string\"}],\"inLanguage\":\"hu\"},{\"@type\":\"ImageObject\",\"@id\":\"https:\/\/www.obudainyar.hu\/2022\/esemeny\/holgyvalasz-a-svab-konyha\/#primaryimage\",\"inLanguage\":\"hu\",\"url\":\"https:\/\/www.obudainyar.hu\/2022\/wp-content\/uploads\/2022\/06\/Svab-konyha.jpg\",\"contentUrl\":\"https:\/\/www.obudainyar.hu\/2022\/wp-content\/uploads\/2022\/06\/Svab-konyha.jpg\",\"width\":1920,\"height\":1280},{\"@type\":\"WebPage\",\"@id\":\"https:\/\/www.obudainyar.hu\/2022\/esemeny\/holgyvalasz-a-svab-konyha\/#webpage\",\"url\":\"https:\/\/www.obudainyar.hu\/2022\/esemeny\/holgyvalasz-a-svab-konyha\/\",\"name\":\"H\\u00f6lgyv\\u00e1lasz: A sv\\u00e1b konyha - \\u00d3budai Ny\\u00e1r 2022 | obuda.hu\",\"isPartOf\":{\"@id\":\"https:\/\/www.obudainyar.hu\/2022\/#website\"},\"primaryImageOfPage\":{\"@id\":\"https:\/\/www.obudainyar.hu\/2022\/esemeny\/holgyvalasz-a-svab-konyha\/#primaryimage\"},\"datePublished\":\"2022-06-21T15:28:20+00:00\",\"dateModified\":\"2022-06-22T07:14:55+00:00\",\"breadcrumb\":{\"@id\":\"https:\/\/www.obudainyar.hu\/2022\/esemeny\/holgyvalasz-a-svab-konyha\/#breadcrumb\"},\"inLanguage\":\"hu\",\"potentialAction\":[{\"@type\":\"ReadAction\",\"target\":[\"https:\/\/www.obudainyar.hu\/2022\/esemeny\/holgyvalasz-a-svab-konyha\/\"]}]},{\"@type\":\"BreadcrumbList\",\"@id\":\"https:\/\/www.obudainyar.hu\/2022\/esemeny\/holgyvalasz-a-svab-konyha\/#breadcrumb\",\"itemListElement\":[{\"@type\":\"ListItem\",\"position\":1,\"name\":\"Kezd\\u0151lap\",\"item\":\"https:\/\/www.obudainyar.hu\/2022\/\"},{\"@type\":\"ListItem\",\"position\":2,\"name\":\"Esem\\u00e9nyek\",\"item\":\"https:\/\/www.obudainyar.hu\/2022\/esemenyek\/\"},{\"@type\":\"ListItem\",\"position\":3,\"name\":\"H\\u00f6lgyv\\u00e1lasz: A sv\\u00e1b konyha\"}]}]}<\/script>\n<!-- \/ Yoast SEO plugin. -->","yoast_head_json":{"title":"H\u00f6lgyv\u00e1lasz: A sv\u00e1b konyha - \u00d3budai Ny\u00e1r 2022 | obuda.hu","robots":{"index":"index","follow":"follow","max-snippet":"max-snippet:-1","max-image-preview":"max-image-preview:large","max-video-preview":"max-video-preview:-1"},"canonical":"https:\/\/www.obudainyar.hu\/2022\/esemeny\/holgyvalasz-a-svab-konyha\/","og_locale":"hu_HU","og_type":"article","og_title":"H\u00f6lgyv\u00e1lasz: A sv\u00e1b konyha - \u00d3budai Ny\u00e1r 2022 | obuda.hu","og_description":"Receptek Hart\u00e1r\u00f3l az egyszer\u0171s\u00e9g \u00e9s a takar\u00e9koss\u00e1g jegy\u00e9ben. Rup\u00e1ner-Gall\u00e9 Marg\u00f3 gasztroblogger k\u00f3stol\u00f3val egybek\u00f6t\u00f6tt el\u0151ad\u00e1sa","og_url":"https:\/\/www.obudainyar.hu\/2022\/esemeny\/holgyvalasz-a-svab-konyha\/","og_site_name":"\u00d3budai Ny\u00e1r 2022 | obuda.hu","article_modified_time":"2022-06-22T07:14:55+00:00","og_image":[{"width":1920,"height":1280,"url":"https:\/\/www.obudainyar.hu\/2022\/wp-content\/uploads\/2022\/06\/Svab-konyha.jpg","type":"image\/jpeg"}],"twitter_card":"summary_large_image","twitter_misc":{"Becs\u00fclt olvas\u00e1si id\u0151":"1 perc"},"schema":{"@context":"https:\/\/schema.org","@graph":[{"@type":"WebSite","@id":"https:\/\/www.obudainyar.hu\/2022\/#website","url":"https:\/\/www.obudainyar.hu\/2022\/","name":"\u00d3budai Ny\u00e1r 2022 | obuda.hu","description":"","potentialAction":[{"@type":"SearchAction","target":{"@type":"EntryPoint","urlTemplate":"https:\/\/www.obudainyar.hu\/2022\/?s={search_term_string}"},"query-input":"required name=search_term_string"}],"inLanguage":"hu"},{"@type":"ImageObject","@id":"https:\/\/www.obudainyar.hu\/2022\/esemeny\/holgyvalasz-a-svab-konyha\/#primaryimage","inLanguage":"hu","url":"https:\/\/www.obudainyar.hu\/2022\/wp-content\/uploads\/2022\/06\/Svab-konyha.jpg","contentUrl":"https:\/\/www.obudainyar.hu\/2022\/wp-content\/uploads\/2022\/06\/Svab-konyha.jpg","width":1920,"height":1280},{"@type":"WebPage","@id":"https:\/\/www.obudainyar.hu\/2022\/esemeny\/holgyvalasz-a-svab-konyha\/#webpage","url":"https:\/\/www.obudainyar.hu\/2022\/esemeny\/holgyvalasz-a-svab-konyha\/","name":"H\u00f6lgyv\u00e1lasz: A sv\u00e1b konyha - \u00d3budai Ny\u00e1r 2022 | obuda.hu","isPartOf":{"@id":"https:\/\/www.obudainyar.hu\/2022\/#website"},"primaryImageOfPage":{"@id":"https:\/\/www.obudainyar.hu\/2022\/esemeny\/holgyvalasz-a-svab-konyha\/#primaryimage"},"datePublished":"2022-06-21T15:28:20+00:00","dateModified":"2022-06-22T07:14:55+00:00","breadcrumb":{"@id":"https:\/\/www.obudainyar.hu\/2022\/esemeny\/holgyvalasz-a-svab-konyha\/#breadcrumb"},"inLanguage":"hu","potentialAction":[{"@type":"ReadAction","target":["https:\/\/www.obudainyar.hu\/2022\/esemeny\/holgyvalasz-a-svab-konyha\/"]}]},{"@type":"BreadcrumbList","@id":"https:\/\/www.obudainyar.hu\/2022\/esemeny\/holgyvalasz-a-svab-konyha\/#breadcrumb","itemListElement":[{"@type":"ListItem","position":1,"name":"Kezd\u0151lap","item":"https:\/\/www.obudainyar.hu\/2022\/"},{"@type":"ListItem","position":2,"name":"Esem\u00e9nyek","item":"https:\/\/www.obudainyar.hu\/2022\/esemenyek\/"},{"@type":"ListItem","position":3,"name":"H\u00f6lgyv\u00e1lasz: A sv\u00e1b konyha"}]}]}},"_links":{"self":[{"href":"https:\/\/www.obudainyar.hu\/2022\/wp-json\/wp\/v2\/tribe_events\/2956"}],"collection":[{"href":"https:\/\/www.obudainyar.hu\/2022\/wp-json\/wp\/v2\/tribe_events"}],"about":[{"href":"https:\/\/www.obudainyar.hu\/2022\/wp-json\/wp\/v2\/types\/tribe_events"}],"author":[{"embeddable":true,"href":"https:\/\/www.obudainyar.hu\/2022\/wp-json\/wp\/v2\/users\/7"}],"replies":[{"embeddable":true,"href":"https:\/\/www.obudainyar.hu\/2022\/wp-json\/wp\/v2\/comments?post=2956"}],"version-history":[{"count":1,"href":"https:\/\/www.obudainyar.hu\/2022\/wp-json\/wp\/v2\/tribe_events\/2956\/revisions"}],"predecessor-version":[{"id":2957,"href":"https:\/\/www.obudainyar.hu\/2022\/wp-json\/wp\/v2\/tribe_events\/2956\/revisions\/2957"}],"wp:featuredmedia":[{"embeddable":true,"href":"https:\/\/www.obudainyar.hu\/2022\/wp-json\/wp\/v2\/media\/2972"}],"wp:attachment":[{"href":"https:\/\/www.obudainyar.hu\/2022\/wp-json\/wp\/v2\/media?parent=2956"}],"wp:term":[{"taxonomy":"post_tag","embeddable":true,"href":"https:\/\/www.obudainyar.hu\/2022\/wp-json\/wp\/v2\/tags?post=2956"},{"taxonomy":"tribe_events_cat","embeddable":true,"href":"https:\/\/www.obudainyar.hu\/2022\/wp-json\/wp\/v2\/tribe_events_cat?post=2956"}],"curies":[{"name":"wp","href":"https:\/\/api.w.org\/{rel}","templated":true}]}}

Hölgyválasz: A sváb konyha

<p><span style="font-weight: 400;">Hölgyválasz című előadássorozatunk meghívott vendége Rupáner-Gallé Margó, </span><span style="font-weight: 400;">a Rupáner-konyha gasztroblog szerzője. A </span><span style="font-weight: 400;">kóstolóval egybekötött előadásából megtudhatjuk, hogy milyen teremtő ereje van egy-egy íznek, ételnek, receptnek, amit a szeretteink elé teszünk. Megismerhetjük, hogyan készül egy igazi sváb lepény, mi fán terem a kútkifli, mi a titka a legegyszerűbb császármorzsának, vagy annak, hogy a hájas gyönyörű leveles legyen, hogyan varázsolhatunk hatalmas, mesebeli pünkösdi kalácsot az ünnepi asztalra, mosolygó pirosra sült kiflit, pogácsát a vendégek elé. </span></p>

<p>Receptek Hartáról az egyszerűség és a takarékosság jegyében. Rupáner-Gallé Margó gasztroblogger kóstolóval egybekötött előadása</p>

<!-- This site is optimized with the Yoast SEO plugin v17.5 - https://yoast.com/wordpress/plugins/seo/ -->
<title>Hölgyválasz: A sváb konyha - Óbudai Nyár 2022 | obuda.hu</title>
<meta name="robots" content="index, follow, max-snippet:-1, max-image-preview:large, max-video-preview:-1" />
<link rel="canonical" href="https://www.obudainyar.hu/2022/esemeny/holgyvalasz-a-svab-konyha/" />
<meta property="og:locale" content="hu_HU" />
<meta property="og:type" content="article" />
<meta property="og:title" content="Hölgyválasz: A sváb konyha - Óbudai Nyár 2022 | obuda.hu" />
<meta property="og:description" content="Receptek Hartáról az egyszerűség és a takarékosság jegyében. Rupáner-Gallé Margó gasztroblogger kóstolóval egybekötött előadása" />
<meta property="og:url" content="https://www.obudainyar.hu/2022/esemeny/holgyvalasz-a-svab-konyha/" />
<meta property="og:site_name" content="Óbudai Nyár 2022 | obuda.hu" />
<meta property="article:modified_time" content="2022-06-22T07:14:55+00:00" />
<meta property="og:image" content="https://www.obudainyar.hu/2022/wp-content/uploads/2022/06/Svab-konyha.jpg" />
	<meta property="og:image:width" content="1920" />
	<meta property="og:image:height" content="1280" />
<meta name="twitter:card" content="summary_large_image" />
<meta name="twitter:label1" content="Becsült olvasási idő" />
	<meta name="twitter:data1" content="1 perc" />
<script type="application/ld+json" class="yoast-schema-graph">{"@context":"https://schema.org","@graph":[{"@type":"WebSite","@id":"https://www.obudainyar.hu/2022/#website","url":"https://www.obudainyar.hu/2022/","name":"\u00d3budai Ny\u00e1r 2022 | obuda.hu","description":"","potentialAction":[{"@type":"SearchAction","target":{"@type":"EntryPoint","urlTemplate":"https://www.obudainyar.hu/2022/?s={search_term_string}"},"query-input":"required name=search_term_string"}],"inLanguage":"hu"},{"@type":"ImageObject","@id":"https://www.obudainyar.hu/2022/esemeny/holgyvalasz-a-svab-konyha/#primaryimage","inLanguage":"hu","url":"https://www.obudainyar.hu/2022/wp-content/uploads/2022/06/Svab-konyha.jpg","contentUrl":"https://www.obudainyar.hu/2022/wp-content/uploads/2022/06/Svab-konyha.jpg","width":1920,"height":1280},{"@type":"WebPage","@id":"https://www.obudainyar.hu/2022/esemeny/holgyvalasz-a-svab-konyha/#webpage","url":"https://www.obudainyar.hu/2022/esemeny/holgyvalasz-a-svab-konyha/","name":"H\u00f6lgyv\u00e1lasz: A sv\u00e1b konyha - \u00d3budai Ny\u00e1r 2022 | obuda.hu","isPartOf":{"@id":"https://www.obudainyar.hu/2022/#website"},"primaryImageOfPage":{"@id":"https://www.obudainyar.hu/2022/esemeny/holgyvalasz-a-svab-konyha/#primaryimage"},"datePublished":"2022-06-21T15:28:20+00:00","dateModified":"2022-06-22T07:14:55+00:00","breadcrumb":{"@id":"https://www.obudainyar.hu/2022/esemeny/holgyvalasz-a-svab-konyha/#breadcrumb"},"inLanguage":"hu","potentialAction":[{"@type":"ReadAction","target":["https://www.obudainyar.hu/2022/esemeny/holgyvalasz-a-svab-konyha/"]}]},{"@type":"BreadcrumbList","@id":"https://www.obudainyar.hu/2022/esemeny/holgyvalasz-a-svab-konyha/#breadcrumb","itemListElement":[{"@type":"ListItem","position":1,"name":"Kezd\u0151lap","item":"https://www.obudainyar.hu/2022/"},{"@type":"ListItem","position":2,"name":"Esem\u00e9nyek","item":"https://www.obudainyar.hu/2022/esemenyek/"},{"@type":"ListItem","position":3,"name":"H\u00f6lgyv\u00e1lasz: A sv\u00e1b konyha"}]}]}</script>
<!-- / Yoast SEO plugin. -->

Hölgyválasz: A sváb konyha - Óbudai Nyár 2022 | obuda.hu

Receptek Hartáról az egyszerűség és a takarékosság jegyében. Rupáner-Gallé Margó gasztroblogger kóstolóval egybekötött előadása

Óbudai Nyár 2022 | obuda.hu

Kezdőlap

Események
