{"id":2960,"date":"2022-06-21T17:34:51","date_gmt":"2022-06-21T15:34:51","guid":{"rendered":"https:\/\/www.obudainyar.hu\/2022\/?post_type=tribe_events&#038;p=2960"},"modified":"2022-06-22T09:42:40","modified_gmt":"2022-06-22T07:42:40","slug":"koto-tabor-kezdoknek-2","status":"publish","type":"tribe_events","link":"https:\/\/www.obudainyar.hu\/2022\/esemeny\/koto-tabor-kezdoknek-2\/","title":{"rendered":"K\u00f6t\u0151 t\u00e1bor kezd\u0151knek"},"content":{"rendered":"<p><span style=\"font-weight: 400;\">Minden h\u00e9ten \u00faj alaptechnik\u00e1t ismerhetsz meg, melynek seg\u00edts\u00e9g\u00e9vel \u00f6n\u00e1ll\u00f3an is k\u00e9sz\u00edthetsz egyedi darabokat.\u00a0<\/span><\/p>\n<p><span style=\"font-weight: 400;\">2. h\u00e9t: 2022. j\u00fanius 28.-j\u00falius 1. (keddt\u0151l-p\u00e9ntekig) 12.00-13.00 \u00f3ra.<\/span><\/p>\n<p><span style=\"font-weight: 400;\">A h\u00e9t t\u00e9m\u00e1ja: ford\u00edtott szem, lek\u00f6t\u00e9s.\u00a0<\/span><\/p>\n","protected":false},"excerpt":{"rendered":"<p>Ha szeretn\u00e9l megtanulni k\u00f6tni, vagy szeretn\u00e9d felid\u00e9zni a r\u00e9gen tanultakat, de \u00e9v k\u00f6zben nem volt r\u00e1 alkalmad, akkor v\u00e1runk t\u00e9ged ny\u00e1ri k\u00f6t\u0151t\u00e1borunkban! <\/p>\n","protected":false},"author":7,"featured_media":2978,"comment_status":"open","ping_status":"closed","template":"","meta":[],"tags":[419,13,417,398,418],"tribe_events_cat":[338],"yoast_head":"<!-- This site is optimized with the Yoast SEO plugin v17.5 - https:\/\/yoast.com\/wordpress\/plugins\/seo\/ -->\n<title>K\u00f6t\u0151 t\u00e1bor kezd\u0151knek - \u00d3budai Ny\u00e1r 2022 | obuda.hu<\/title>\n<meta name=\"robots\" content=\"index, follow, max-snippet:-1, max-image-preview:large, max-video-preview:-1\" \/>\n<link rel=\"canonical\" href=\"https:\/\/www.obudainyar.hu\/2022\/esemeny\/koto-tabor-kezdoknek-2\/\" \/>\n<meta property=\"og:locale\" content=\"hu_HU\" \/>\n<meta property=\"og:type\" content=\"article\" \/>\n<meta property=\"og:title\" content=\"K\u00f6t\u0151 t\u00e1bor kezd\u0151knek - \u00d3budai Ny\u00e1r 2022 | obuda.hu\" \/>\n<meta property=\"og:description\" content=\"Ha szeretn\u00e9l megtanulni k\u00f6tni, vagy szeretn\u00e9d felid\u00e9zni a r\u00e9gen tanultakat, de \u00e9v k\u00f6zben nem volt r\u00e1 alkalmad, akkor v\u00e1runk t\u00e9ged ny\u00e1ri k\u00f6t\u0151t\u00e1borunkban!\" \/>\n<meta property=\"og:url\" content=\"https:\/\/www.obudainyar.hu\/2022\/esemeny\/koto-tabor-kezdoknek-2\/\" \/>\n<meta property=\"og:site_name\" content=\"\u00d3budai Ny\u00e1r 2022 | obuda.hu\" \/>\n<meta property=\"article:modified_time\" content=\"2022-06-22T07:42:40+00:00\" \/>\n<meta property=\"og:image\" content=\"https:\/\/www.obudainyar.hu\/2022\/wp-content\/uploads\/2022\/06\/Koto-tabor.jpg\" \/>\n\t<meta property=\"og:image:width\" content=\"1920\" \/>\n\t<meta property=\"og:image:height\" content=\"1280\" \/>\n<meta name=\"twitter:card\" content=\"summary_large_image\" \/>\n<script type=\"application\/ld+json\" class=\"yoast-schema-graph\">{\"@context\":\"https:\/\/schema.org\",\"@graph\":[{\"@type\":\"WebSite\",\"@id\":\"https:\/\/www.obudainyar.hu\/2022\/#website\",\"url\":\"https:\/\/www.obudainyar.hu\/2022\/\",\"name\":\"\\u00d3budai Ny\\u00e1r 2022 | obuda.hu\",\"description\":\"\",\"potentialAction\":[{\"@type\":\"SearchAction\",\"target\":{\"@type\":\"EntryPoint\",\"urlTemplate\":\"https:\/\/www.obudainyar.hu\/2022\/?s={search_term_string}\"},\"query-input\":\"required name=search_term_string\"}],\"inLanguage\":\"hu\"},{\"@type\":\"ImageObject\",\"@id\":\"https:\/\/www.obudainyar.hu\/2022\/esemeny\/koto-tabor-kezdoknek-2\/#primaryimage\",\"inLanguage\":\"hu\",\"url\":\"https:\/\/www.obudainyar.hu\/2022\/wp-content\/uploads\/2022\/06\/Koto-tabor.jpg\",\"contentUrl\":\"https:\/\/www.obudainyar.hu\/2022\/wp-content\/uploads\/2022\/06\/Koto-tabor.jpg\",\"width\":1920,\"height\":1280},{\"@type\":\"WebPage\",\"@id\":\"https:\/\/www.obudainyar.hu\/2022\/esemeny\/koto-tabor-kezdoknek-2\/#webpage\",\"url\":\"https:\/\/www.obudainyar.hu\/2022\/esemeny\/koto-tabor-kezdoknek-2\/\",\"name\":\"K\\u00f6t\\u0151 t\\u00e1bor kezd\\u0151knek - \\u00d3budai Ny\\u00e1r 2022 | obuda.hu\",\"isPartOf\":{\"@id\":\"https:\/\/www.obudainyar.hu\/2022\/#website\"},\"primaryImageOfPage\":{\"@id\":\"https:\/\/www.obudainyar.hu\/2022\/esemeny\/koto-tabor-kezdoknek-2\/#primaryimage\"},\"datePublished\":\"2022-06-21T15:34:51+00:00\",\"dateModified\":\"2022-06-22T07:42:40+00:00\",\"breadcrumb\":{\"@id\":\"https:\/\/www.obudainyar.hu\/2022\/esemeny\/koto-tabor-kezdoknek-2\/#breadcrumb\"},\"inLanguage\":\"hu\",\"potentialAction\":[{\"@type\":\"ReadAction\",\"target\":[\"https:\/\/www.obudainyar.hu\/2022\/esemeny\/koto-tabor-kezdoknek-2\/\"]}]},{\"@type\":\"BreadcrumbList\",\"@id\":\"https:\/\/www.obudainyar.hu\/2022\/esemeny\/koto-tabor-kezdoknek-2\/#breadcrumb\",\"itemListElement\":[{\"@type\":\"ListItem\",\"position\":1,\"name\":\"Kezd\\u0151lap\",\"item\":\"https:\/\/www.obudainyar.hu\/2022\/\"},{\"@type\":\"ListItem\",\"position\":2,\"name\":\"Esem\\u00e9nyek\",\"item\":\"https:\/\/www.obudainyar.hu\/2022\/esemenyek\/\"},{\"@type\":\"ListItem\",\"position\":3,\"name\":\"K\\u00f6t\\u0151 t\\u00e1bor kezd\\u0151knek\"}]}]}<\/script>\n<!-- \/ Yoast SEO plugin. -->","yoast_head_json":{"title":"K\u00f6t\u0151 t\u00e1bor kezd\u0151knek - \u00d3budai Ny\u00e1r 2022 | obuda.hu","robots":{"index":"index","follow":"follow","max-snippet":"max-snippet:-1","max-image-preview":"max-image-preview:large","max-video-preview":"max-video-preview:-1"},"canonical":"https:\/\/www.obudainyar.hu\/2022\/esemeny\/koto-tabor-kezdoknek-2\/","og_locale":"hu_HU","og_type":"article","og_title":"K\u00f6t\u0151 t\u00e1bor kezd\u0151knek - \u00d3budai Ny\u00e1r 2022 | obuda.hu","og_description":"Ha szeretn\u00e9l megtanulni k\u00f6tni, vagy szeretn\u00e9d felid\u00e9zni a r\u00e9gen tanultakat, de \u00e9v k\u00f6zben nem volt r\u00e1 alkalmad, akkor v\u00e1runk t\u00e9ged ny\u00e1ri k\u00f6t\u0151t\u00e1borunkban!","og_url":"https:\/\/www.obudainyar.hu\/2022\/esemeny\/koto-tabor-kezdoknek-2\/","og_site_name":"\u00d3budai Ny\u00e1r 2022 | obuda.hu","article_modified_time":"2022-06-22T07:42:40+00:00","og_image":[{"width":1920,"height":1280,"url":"https:\/\/www.obudainyar.hu\/2022\/wp-content\/uploads\/2022\/06\/Koto-tabor.jpg","type":"image\/jpeg"}],"twitter_card":"summary_large_image","schema":{"@context":"https:\/\/schema.org","@graph":[{"@type":"WebSite","@id":"https:\/\/www.obudainyar.hu\/2022\/#website","url":"https:\/\/www.obudainyar.hu\/2022\/","name":"\u00d3budai Ny\u00e1r 2022 | obuda.hu","description":"","potentialAction":[{"@type":"SearchAction","target":{"@type":"EntryPoint","urlTemplate":"https:\/\/www.obudainyar.hu\/2022\/?s={search_term_string}"},"query-input":"required name=search_term_string"}],"inLanguage":"hu"},{"@type":"ImageObject","@id":"https:\/\/www.obudainyar.hu\/2022\/esemeny\/koto-tabor-kezdoknek-2\/#primaryimage","inLanguage":"hu","url":"https:\/\/www.obudainyar.hu\/2022\/wp-content\/uploads\/2022\/06\/Koto-tabor.jpg","contentUrl":"https:\/\/www.obudainyar.hu\/2022\/wp-content\/uploads\/2022\/06\/Koto-tabor.jpg","width":1920,"height":1280},{"@type":"WebPage","@id":"https:\/\/www.obudainyar.hu\/2022\/esemeny\/koto-tabor-kezdoknek-2\/#webpage","url":"https:\/\/www.obudainyar.hu\/2022\/esemeny\/koto-tabor-kezdoknek-2\/","name":"K\u00f6t\u0151 t\u00e1bor kezd\u0151knek - \u00d3budai Ny\u00e1r 2022 | obuda.hu","isPartOf":{"@id":"https:\/\/www.obudainyar.hu\/2022\/#website"},"primaryImageOfPage":{"@id":"https:\/\/www.obudainyar.hu\/2022\/esemeny\/koto-tabor-kezdoknek-2\/#primaryimage"},"datePublished":"2022-06-21T15:34:51+00:00","dateModified":"2022-06-22T07:42:40+00:00","breadcrumb":{"@id":"https:\/\/www.obudainyar.hu\/2022\/esemeny\/koto-tabor-kezdoknek-2\/#breadcrumb"},"inLanguage":"hu","potentialAction":[{"@type":"ReadAction","target":["https:\/\/www.obudainyar.hu\/2022\/esemeny\/koto-tabor-kezdoknek-2\/"]}]},{"@type":"BreadcrumbList","@id":"https:\/\/www.obudainyar.hu\/2022\/esemeny\/koto-tabor-kezdoknek-2\/#breadcrumb","itemListElement":[{"@type":"ListItem","position":1,"name":"Kezd\u0151lap","item":"https:\/\/www.obudainyar.hu\/2022\/"},{"@type":"ListItem","position":2,"name":"Esem\u00e9nyek","item":"https:\/\/www.obudainyar.hu\/2022\/esemenyek\/"},{"@type":"ListItem","position":3,"name":"K\u00f6t\u0151 t\u00e1bor kezd\u0151knek"}]}]}},"_links":{"self":[{"href":"https:\/\/www.obudainyar.hu\/2022\/wp-json\/wp\/v2\/tribe_events\/2960"}],"collection":[{"href":"https:\/\/www.obudainyar.hu\/2022\/wp-json\/wp\/v2\/tribe_events"}],"about":[{"href":"https:\/\/www.obudainyar.hu\/2022\/wp-json\/wp\/v2\/types\/tribe_events"}],"author":[{"embeddable":true,"href":"https:\/\/www.obudainyar.hu\/2022\/wp-json\/wp\/v2\/users\/7"}],"replies":[{"embeddable":true,"href":"https:\/\/www.obudainyar.hu\/2022\/wp-json\/wp\/v2\/comments?post=2960"}],"version-history":[{"count":1,"href":"https:\/\/www.obudainyar.hu\/2022\/wp-json\/wp\/v2\/tribe_events\/2960\/revisions"}],"predecessor-version":[{"id":2961,"href":"https:\/\/www.obudainyar.hu\/2022\/wp-json\/wp\/v2\/tribe_events\/2960\/revisions\/2961"}],"wp:featuredmedia":[{"embeddable":true,"href":"https:\/\/www.obudainyar.hu\/2022\/wp-json\/wp\/v2\/media\/2978"}],"wp:attachment":[{"href":"https:\/\/www.obudainyar.hu\/2022\/wp-json\/wp\/v2\/media?parent=2960"}],"wp:term":[{"taxonomy":"post_tag","embeddable":true,"href":"https:\/\/www.obudainyar.hu\/2022\/wp-json\/wp\/v2\/tags?post=2960"},{"taxonomy":"tribe_events_cat","embeddable":true,"href":"https:\/\/www.obudainyar.hu\/2022\/wp-json\/wp\/v2\/tribe_events_cat?post=2960"}],"curies":[{"name":"wp","href":"https:\/\/api.w.org\/{rel}","templated":true}]}}

Kötő tábor kezdőknek

<p><span style="font-weight: 400;">Minden héten új alaptechnikát ismerhetsz meg, melynek segítségével önállóan is készíthetsz egyedi darabokat. </span></p>
<p><span style="font-weight: 400;">2. hét: 2022. június 28.-július 1. (keddtől-péntekig) 12.00-13.00 óra.</span></p>
<p><span style="font-weight: 400;">A hét témája: fordított szem, lekötés. </span></p>

<p>Ha szeretnél megtanulni kötni, vagy szeretnéd felidézni a régen tanultakat, de év közben nem volt rá alkalmad, akkor várunk téged nyári kötőtáborunkban! </p>

<!-- This site is optimized with the Yoast SEO plugin v17.5 - https://yoast.com/wordpress/plugins/seo/ -->
<title>Kötő tábor kezdőknek - Óbudai Nyár 2022 | obuda.hu</title>
<meta name="robots" content="index, follow, max-snippet:-1, max-image-preview:large, max-video-preview:-1" />
<link rel="canonical" href="https://www.obudainyar.hu/2022/esemeny/koto-tabor-kezdoknek-2/" />
<meta property="og:locale" content="hu_HU" />
<meta property="og:type" content="article" />
<meta property="og:title" content="Kötő tábor kezdőknek - Óbudai Nyár 2022 | obuda.hu" />
<meta property="og:description" content="Ha szeretnél megtanulni kötni, vagy szeretnéd felidézni a régen tanultakat, de év közben nem volt rá alkalmad, akkor várunk téged nyári kötőtáborunkban!" />
<meta property="og:url" content="https://www.obudainyar.hu/2022/esemeny/koto-tabor-kezdoknek-2/" />
<meta property="og:site_name" content="Óbudai Nyár 2022 | obuda.hu" />
<meta property="article:modified_time" content="2022-06-22T07:42:40+00:00" />
<meta property="og:image" content="https://www.obudainyar.hu/2022/wp-content/uploads/2022/06/Koto-tabor.jpg" />
	<meta property="og:image:width" content="1920" />
	<meta property="og:image:height" content="1280" />
<meta name="twitter:card" content="summary_large_image" />
<script type="application/ld+json" class="yoast-schema-graph">{"@context":"https://schema.org","@graph":[{"@type":"WebSite","@id":"https://www.obudainyar.hu/2022/#website","url":"https://www.obudainyar.hu/2022/","name":"\u00d3budai Ny\u00e1r 2022 | obuda.hu","description":"","potentialAction":[{"@type":"SearchAction","target":{"@type":"EntryPoint","urlTemplate":"https://www.obudainyar.hu/2022/?s={search_term_string}"},"query-input":"required name=search_term_string"}],"inLanguage":"hu"},{"@type":"ImageObject","@id":"https://www.obudainyar.hu/2022/esemeny/koto-tabor-kezdoknek-2/#primaryimage","inLanguage":"hu","url":"https://www.obudainyar.hu/2022/wp-content/uploads/2022/06/Koto-tabor.jpg","contentUrl":"https://www.obudainyar.hu/2022/wp-content/uploads/2022/06/Koto-tabor.jpg","width":1920,"height":1280},{"@type":"WebPage","@id":"https://www.obudainyar.hu/2022/esemeny/koto-tabor-kezdoknek-2/#webpage","url":"https://www.obudainyar.hu/2022/esemeny/koto-tabor-kezdoknek-2/","name":"K\u00f6t\u0151 t\u00e1bor kezd\u0151knek - \u00d3budai Ny\u00e1r 2022 | obuda.hu","isPartOf":{"@id":"https://www.obudainyar.hu/2022/#website"},"primaryImageOfPage":{"@id":"https://www.obudainyar.hu/2022/esemeny/koto-tabor-kezdoknek-2/#primaryimage"},"datePublished":"2022-06-21T15:34:51+00:00","dateModified":"2022-06-22T07:42:40+00:00","breadcrumb":{"@id":"https://www.obudainyar.hu/2022/esemeny/koto-tabor-kezdoknek-2/#breadcrumb"},"inLanguage":"hu","potentialAction":[{"@type":"ReadAction","target":["https://www.obudainyar.hu/2022/esemeny/koto-tabor-kezdoknek-2/"]}]},{"@type":"BreadcrumbList","@id":"https://www.obudainyar.hu/2022/esemeny/koto-tabor-kezdoknek-2/#breadcrumb","itemListElement":[{"@type":"ListItem","position":1,"name":"Kezd\u0151lap","item":"https://www.obudainyar.hu/2022/"},{"@type":"ListItem","position":2,"name":"Esem\u00e9nyek","item":"https://www.obudainyar.hu/2022/esemenyek/"},{"@type":"ListItem","position":3,"name":"K\u00f6t\u0151 t\u00e1bor kezd\u0151knek"}]}]}</script>
<!-- / Yoast SEO plugin. -->

Kötő tábor kezdőknek - Óbudai Nyár 2022 | obuda.hu

Ha szeretnél megtanulni kötni, vagy szeretnéd felidézni a régen tanultakat, de év közben nem volt rá alkalmad, akkor várunk téged nyári kötőtáborunkban!

Óbudai Nyár 2022 | obuda.hu

Kezdőlap

Események
