{"id":2987,"date":"2022-06-22T11:47:47","date_gmt":"2022-06-22T09:47:47","guid":{"rendered":"https:\/\/www.obudainyar.hu\/2022\/?post_type=tribe_events&#038;p=2987"},"modified":"2022-06-29T13:52:28","modified_gmt":"2022-06-29T11:52:28","slug":"holgyvalasz","status":"publish","type":"tribe_events","link":"https:\/\/www.obudainyar.hu\/2022\/esemeny\/holgyvalasz\/","title":{"rendered":"H\u00f6lgyv\u00e1lasz: F\u00e1bi\u00e1n Janka"},"content":{"rendered":"<p><span style=\"font-weight: 400;\">F\u00e1bi\u00e1n Janka olyan nagy siker\u0171 k\u00f6nyvek szerz\u0151je, mint az \u00c1ghfay t\u00f6rt\u00e9netek, S\u00e1rosi Fel\u00edcia t\u00f6rt\u00e9nete, vagy az Emma-sorozat.\u00a0A szerz\u0151 besz\u00e9lget\u0151partnere Budai Csilla, k\u00f6nyvt\u00e1runk munkat\u00e1rsa.<\/span><\/p>\n","protected":false},"excerpt":{"rendered":"<p>K\u00f6z\u00f6ns\u00e9gtal\u00e1lkoz\u00f3 F\u00e1bi\u00e1n Janka \u00edr\u00f3n\u0151vel<\/p>\n","protected":false},"author":7,"featured_media":3066,"comment_status":"open","ping_status":"closed","template":"","meta":[],"tags":[430,8,46,421,350,398],"tribe_events_cat":[338],"yoast_head":"<!-- This site is optimized with the Yoast SEO plugin v17.5 - https:\/\/yoast.com\/wordpress\/plugins\/seo\/ -->\n<title>H\u00f6lgyv\u00e1lasz: F\u00e1bi\u00e1n Janka - \u00d3budai Ny\u00e1r 2022 | obuda.hu<\/title>\n<meta name=\"robots\" content=\"index, follow, max-snippet:-1, max-image-preview:large, max-video-preview:-1\" \/>\n<link rel=\"canonical\" href=\"https:\/\/www.obudainyar.hu\/2022\/esemeny\/holgyvalasz\/\" \/>\n<meta property=\"og:locale\" content=\"hu_HU\" \/>\n<meta property=\"og:type\" content=\"article\" \/>\n<meta property=\"og:title\" content=\"H\u00f6lgyv\u00e1lasz: F\u00e1bi\u00e1n Janka - \u00d3budai Ny\u00e1r 2022 | obuda.hu\" \/>\n<meta property=\"og:description\" content=\"K\u00f6z\u00f6ns\u00e9gtal\u00e1lkoz\u00f3 F\u00e1bi\u00e1n Janka \u00edr\u00f3n\u0151vel\" \/>\n<meta property=\"og:url\" content=\"https:\/\/www.obudainyar.hu\/2022\/esemeny\/holgyvalasz\/\" \/>\n<meta property=\"og:site_name\" content=\"\u00d3budai Ny\u00e1r 2022 | obuda.hu\" \/>\n<meta property=\"article:modified_time\" content=\"2022-06-29T11:52:28+00:00\" \/>\n<meta property=\"og:image\" content=\"https:\/\/www.obudainyar.hu\/2022\/wp-content\/uploads\/2022\/06\/fabian_janka.jpg\" \/>\n\t<meta property=\"og:image:width\" content=\"518\" \/>\n\t<meta property=\"og:image:height\" content=\"773\" \/>\n<meta name=\"twitter:card\" content=\"summary_large_image\" \/>\n<meta name=\"twitter:label1\" content=\"Becs\u00fclt olvas\u00e1si id\u0151\" \/>\n\t<meta name=\"twitter:data1\" content=\"1 perc\" \/>\n<script type=\"application\/ld+json\" class=\"yoast-schema-graph\">{\"@context\":\"https:\/\/schema.org\",\"@graph\":[{\"@type\":\"WebSite\",\"@id\":\"https:\/\/www.obudainyar.hu\/2022\/#website\",\"url\":\"https:\/\/www.obudainyar.hu\/2022\/\",\"name\":\"\\u00d3budai Ny\\u00e1r 2022 | obuda.hu\",\"description\":\"\",\"potentialAction\":[{\"@type\":\"SearchAction\",\"target\":{\"@type\":\"EntryPoint\",\"urlTemplate\":\"https:\/\/www.obudainyar.hu\/2022\/?s={search_term_string}\"},\"query-input\":\"required name=search_term_string\"}],\"inLanguage\":\"hu\"},{\"@type\":\"ImageObject\",\"@id\":\"https:\/\/www.obudainyar.hu\/2022\/esemeny\/holgyvalasz\/#primaryimage\",\"inLanguage\":\"hu\",\"url\":\"https:\/\/www.obudainyar.hu\/2022\/wp-content\/uploads\/2022\/06\/fabian_janka.jpg\",\"contentUrl\":\"https:\/\/www.obudainyar.hu\/2022\/wp-content\/uploads\/2022\/06\/fabian_janka.jpg\",\"width\":518,\"height\":773},{\"@type\":\"WebPage\",\"@id\":\"https:\/\/www.obudainyar.hu\/2022\/esemeny\/holgyvalasz\/#webpage\",\"url\":\"https:\/\/www.obudainyar.hu\/2022\/esemeny\/holgyvalasz\/\",\"name\":\"H\\u00f6lgyv\\u00e1lasz: F\\u00e1bi\\u00e1n Janka - \\u00d3budai Ny\\u00e1r 2022 | obuda.hu\",\"isPartOf\":{\"@id\":\"https:\/\/www.obudainyar.hu\/2022\/#website\"},\"primaryImageOfPage\":{\"@id\":\"https:\/\/www.obudainyar.hu\/2022\/esemeny\/holgyvalasz\/#primaryimage\"},\"datePublished\":\"2022-06-22T09:47:47+00:00\",\"dateModified\":\"2022-06-29T11:52:28+00:00\",\"breadcrumb\":{\"@id\":\"https:\/\/www.obudainyar.hu\/2022\/esemeny\/holgyvalasz\/#breadcrumb\"},\"inLanguage\":\"hu\",\"potentialAction\":[{\"@type\":\"ReadAction\",\"target\":[\"https:\/\/www.obudainyar.hu\/2022\/esemeny\/holgyvalasz\/\"]}]},{\"@type\":\"BreadcrumbList\",\"@id\":\"https:\/\/www.obudainyar.hu\/2022\/esemeny\/holgyvalasz\/#breadcrumb\",\"itemListElement\":[{\"@type\":\"ListItem\",\"position\":1,\"name\":\"Kezd\\u0151lap\",\"item\":\"https:\/\/www.obudainyar.hu\/2022\/\"},{\"@type\":\"ListItem\",\"position\":2,\"name\":\"Esem\\u00e9nyek\",\"item\":\"https:\/\/www.obudainyar.hu\/2022\/esemenyek\/\"},{\"@type\":\"ListItem\",\"position\":3,\"name\":\"H\\u00f6lgyv\\u00e1lasz: F\\u00e1bi\\u00e1n Janka\"}]}]}<\/script>\n<!-- \/ Yoast SEO plugin. -->","yoast_head_json":{"title":"H\u00f6lgyv\u00e1lasz: F\u00e1bi\u00e1n Janka - \u00d3budai Ny\u00e1r 2022 | obuda.hu","robots":{"index":"index","follow":"follow","max-snippet":"max-snippet:-1","max-image-preview":"max-image-preview:large","max-video-preview":"max-video-preview:-1"},"canonical":"https:\/\/www.obudainyar.hu\/2022\/esemeny\/holgyvalasz\/","og_locale":"hu_HU","og_type":"article","og_title":"H\u00f6lgyv\u00e1lasz: F\u00e1bi\u00e1n Janka - \u00d3budai Ny\u00e1r 2022 | obuda.hu","og_description":"K\u00f6z\u00f6ns\u00e9gtal\u00e1lkoz\u00f3 F\u00e1bi\u00e1n Janka \u00edr\u00f3n\u0151vel","og_url":"https:\/\/www.obudainyar.hu\/2022\/esemeny\/holgyvalasz\/","og_site_name":"\u00d3budai Ny\u00e1r 2022 | obuda.hu","article_modified_time":"2022-06-29T11:52:28+00:00","og_image":[{"width":518,"height":773,"url":"https:\/\/www.obudainyar.hu\/2022\/wp-content\/uploads\/2022\/06\/fabian_janka.jpg","type":"image\/jpeg"}],"twitter_card":"summary_large_image","twitter_misc":{"Becs\u00fclt olvas\u00e1si id\u0151":"1 perc"},"schema":{"@context":"https:\/\/schema.org","@graph":[{"@type":"WebSite","@id":"https:\/\/www.obudainyar.hu\/2022\/#website","url":"https:\/\/www.obudainyar.hu\/2022\/","name":"\u00d3budai Ny\u00e1r 2022 | obuda.hu","description":"","potentialAction":[{"@type":"SearchAction","target":{"@type":"EntryPoint","urlTemplate":"https:\/\/www.obudainyar.hu\/2022\/?s={search_term_string}"},"query-input":"required name=search_term_string"}],"inLanguage":"hu"},{"@type":"ImageObject","@id":"https:\/\/www.obudainyar.hu\/2022\/esemeny\/holgyvalasz\/#primaryimage","inLanguage":"hu","url":"https:\/\/www.obudainyar.hu\/2022\/wp-content\/uploads\/2022\/06\/fabian_janka.jpg","contentUrl":"https:\/\/www.obudainyar.hu\/2022\/wp-content\/uploads\/2022\/06\/fabian_janka.jpg","width":518,"height":773},{"@type":"WebPage","@id":"https:\/\/www.obudainyar.hu\/2022\/esemeny\/holgyvalasz\/#webpage","url":"https:\/\/www.obudainyar.hu\/2022\/esemeny\/holgyvalasz\/","name":"H\u00f6lgyv\u00e1lasz: F\u00e1bi\u00e1n Janka - \u00d3budai Ny\u00e1r 2022 | obuda.hu","isPartOf":{"@id":"https:\/\/www.obudainyar.hu\/2022\/#website"},"primaryImageOfPage":{"@id":"https:\/\/www.obudainyar.hu\/2022\/esemeny\/holgyvalasz\/#primaryimage"},"datePublished":"2022-06-22T09:47:47+00:00","dateModified":"2022-06-29T11:52:28+00:00","breadcrumb":{"@id":"https:\/\/www.obudainyar.hu\/2022\/esemeny\/holgyvalasz\/#breadcrumb"},"inLanguage":"hu","potentialAction":[{"@type":"ReadAction","target":["https:\/\/www.obudainyar.hu\/2022\/esemeny\/holgyvalasz\/"]}]},{"@type":"BreadcrumbList","@id":"https:\/\/www.obudainyar.hu\/2022\/esemeny\/holgyvalasz\/#breadcrumb","itemListElement":[{"@type":"ListItem","position":1,"name":"Kezd\u0151lap","item":"https:\/\/www.obudainyar.hu\/2022\/"},{"@type":"ListItem","position":2,"name":"Esem\u00e9nyek","item":"https:\/\/www.obudainyar.hu\/2022\/esemenyek\/"},{"@type":"ListItem","position":3,"name":"H\u00f6lgyv\u00e1lasz: F\u00e1bi\u00e1n Janka"}]}]}},"_links":{"self":[{"href":"https:\/\/www.obudainyar.hu\/2022\/wp-json\/wp\/v2\/tribe_events\/2987"}],"collection":[{"href":"https:\/\/www.obudainyar.hu\/2022\/wp-json\/wp\/v2\/tribe_events"}],"about":[{"href":"https:\/\/www.obudainyar.hu\/2022\/wp-json\/wp\/v2\/types\/tribe_events"}],"author":[{"embeddable":true,"href":"https:\/\/www.obudainyar.hu\/2022\/wp-json\/wp\/v2\/users\/7"}],"replies":[{"embeddable":true,"href":"https:\/\/www.obudainyar.hu\/2022\/wp-json\/wp\/v2\/comments?post=2987"}],"version-history":[{"count":3,"href":"https:\/\/www.obudainyar.hu\/2022\/wp-json\/wp\/v2\/tribe_events\/2987\/revisions"}],"predecessor-version":[{"id":3073,"href":"https:\/\/www.obudainyar.hu\/2022\/wp-json\/wp\/v2\/tribe_events\/2987\/revisions\/3073"}],"wp:featuredmedia":[{"embeddable":true,"href":"https:\/\/www.obudainyar.hu\/2022\/wp-json\/wp\/v2\/media\/3066"}],"wp:attachment":[{"href":"https:\/\/www.obudainyar.hu\/2022\/wp-json\/wp\/v2\/media?parent=2987"}],"wp:term":[{"taxonomy":"post_tag","embeddable":true,"href":"https:\/\/www.obudainyar.hu\/2022\/wp-json\/wp\/v2\/tags?post=2987"},{"taxonomy":"tribe_events_cat","embeddable":true,"href":"https:\/\/www.obudainyar.hu\/2022\/wp-json\/wp\/v2\/tribe_events_cat?post=2987"}],"curies":[{"name":"wp","href":"https:\/\/api.w.org\/{rel}","templated":true}]}}

Hölgyválasz: Fábián Janka

<p><span style="font-weight: 400;">Fábián Janka olyan nagy sikerű könyvek szerzője, mint az Ághfay történetek, Sárosi Felícia története, vagy az Emma-sorozat. A szerző beszélgetőpartnere Budai Csilla, könyvtárunk munkatársa.</span></p>

<p>Közönségtalálkozó Fábián Janka írónővel</p>

<!-- This site is optimized with the Yoast SEO plugin v17.5 - https://yoast.com/wordpress/plugins/seo/ -->
<title>Hölgyválasz: Fábián Janka - Óbudai Nyár 2022 | obuda.hu</title>
<meta name="robots" content="index, follow, max-snippet:-1, max-image-preview:large, max-video-preview:-1" />
<link rel="canonical" href="https://www.obudainyar.hu/2022/esemeny/holgyvalasz/" />
<meta property="og:locale" content="hu_HU" />
<meta property="og:type" content="article" />
<meta property="og:title" content="Hölgyválasz: Fábián Janka - Óbudai Nyár 2022 | obuda.hu" />
<meta property="og:description" content="Közönségtalálkozó Fábián Janka írónővel" />
<meta property="og:url" content="https://www.obudainyar.hu/2022/esemeny/holgyvalasz/" />
<meta property="og:site_name" content="Óbudai Nyár 2022 | obuda.hu" />
<meta property="article:modified_time" content="2022-06-29T11:52:28+00:00" />
<meta property="og:image" content="https://www.obudainyar.hu/2022/wp-content/uploads/2022/06/fabian_janka.jpg" />
	<meta property="og:image:width" content="518" />
	<meta property="og:image:height" content="773" />
<meta name="twitter:card" content="summary_large_image" />
<meta name="twitter:label1" content="Becsült olvasási idő" />
	<meta name="twitter:data1" content="1 perc" />
<script type="application/ld+json" class="yoast-schema-graph">{"@context":"https://schema.org","@graph":[{"@type":"WebSite","@id":"https://www.obudainyar.hu/2022/#website","url":"https://www.obudainyar.hu/2022/","name":"\u00d3budai Ny\u00e1r 2022 | obuda.hu","description":"","potentialAction":[{"@type":"SearchAction","target":{"@type":"EntryPoint","urlTemplate":"https://www.obudainyar.hu/2022/?s={search_term_string}"},"query-input":"required name=search_term_string"}],"inLanguage":"hu"},{"@type":"ImageObject","@id":"https://www.obudainyar.hu/2022/esemeny/holgyvalasz/#primaryimage","inLanguage":"hu","url":"https://www.obudainyar.hu/2022/wp-content/uploads/2022/06/fabian_janka.jpg","contentUrl":"https://www.obudainyar.hu/2022/wp-content/uploads/2022/06/fabian_janka.jpg","width":518,"height":773},{"@type":"WebPage","@id":"https://www.obudainyar.hu/2022/esemeny/holgyvalasz/#webpage","url":"https://www.obudainyar.hu/2022/esemeny/holgyvalasz/","name":"H\u00f6lgyv\u00e1lasz: F\u00e1bi\u00e1n Janka - \u00d3budai Ny\u00e1r 2022 | obuda.hu","isPartOf":{"@id":"https://www.obudainyar.hu/2022/#website"},"primaryImageOfPage":{"@id":"https://www.obudainyar.hu/2022/esemeny/holgyvalasz/#primaryimage"},"datePublished":"2022-06-22T09:47:47+00:00","dateModified":"2022-06-29T11:52:28+00:00","breadcrumb":{"@id":"https://www.obudainyar.hu/2022/esemeny/holgyvalasz/#breadcrumb"},"inLanguage":"hu","potentialAction":[{"@type":"ReadAction","target":["https://www.obudainyar.hu/2022/esemeny/holgyvalasz/"]}]},{"@type":"BreadcrumbList","@id":"https://www.obudainyar.hu/2022/esemeny/holgyvalasz/#breadcrumb","itemListElement":[{"@type":"ListItem","position":1,"name":"Kezd\u0151lap","item":"https://www.obudainyar.hu/2022/"},{"@type":"ListItem","position":2,"name":"Esem\u00e9nyek","item":"https://www.obudainyar.hu/2022/esemenyek/"},{"@type":"ListItem","position":3,"name":"H\u00f6lgyv\u00e1lasz: F\u00e1bi\u00e1n Janka"}]}]}</script>
<!-- / Yoast SEO plugin. -->

Hölgyválasz: Fábián Janka - Óbudai Nyár 2022 | obuda.hu

Közönségtalálkozó Fábián Janka írónővel

Óbudai Nyár 2022 | obuda.hu

Kezdőlap

Események
