{"id":3090,"date":"2022-07-04T10:58:51","date_gmt":"2022-07-04T08:58:51","guid":{"rendered":"https:\/\/www.obudainyar.hu\/2022\/?post_type=tribe_events&#038;p=3090"},"modified":"2022-07-05T10:18:22","modified_gmt":"2022-07-05T08:18:22","slug":"patrick-suskind-a-nagybogo","status":"publish","type":"tribe_events","link":"https:\/\/www.obudainyar.hu\/2022\/esemeny\/patrick-suskind-a-nagybogo\/","title":{"rendered":"Patrick S\u00fcskind: A nagyb\u0151g\u0151"},"content":{"rendered":"<p>\u201cMert a zene emberi dolog. Mindig lesz zene, minden\u00fctt. Keleten, nyugaton, d\u00e9len, m\u00e9g \u00e9szakon is. Afrik\u00e1ban, Skandin\u00e1vi\u00e1ban, Braz\u00edli\u00e1ban, minden\u00fctt. Mert a zene metafizikai jelens\u00e9g. Azaz a puszta fizikai l\u00e9ten t\u00fal, am\u00f6g\u00f6tt is l\u00e9tez\u0151 valami. A zene \u00f6r\u00f6k.\u201d<br \/>\n\/Patrick S\u00fcskind: A nagyb\u0151g\u0151 \u2013 r\u00e9szlet\/<\/p>\n<p>Az el\u0151ad\u00e1s sz\u00e1m\u00e1ra <strong>Indali Kl\u00e1ra<\/strong> ford\u00edt\u00e1s\u00e1t felhaszn\u00e1lva <strong>Ivanyos Ambrus<\/strong> k\u00e9sz\u00edtett friss, mai hangon megsz\u00f3lal\u00f3 sz\u00f6veget.<\/p>\n<p>&nbsp;<\/p>\n<p>El\u0151adja:<strong> KLEM VIKTOR<\/strong><\/p>\n<p>Rendez\u0151:<strong> Radnai M\u00e1rk<br \/>\n<\/strong>Produkci\u00f3s munkat\u00e1rs:<strong> Mag\u00f3cs Mil\u00e1n<br \/>\n<\/strong>Technika:<strong> Kolozsv\u00e1ri G\u00e9za<\/strong><strong><br \/>\n<\/strong><\/p>\n<p>Az el\u0151ad\u00e1s id\u0151tartama: 60 perc<\/p>\n<p>A sz\u00ednh\u00e1zi el\u0151ad\u00e1st az \u00d3budai T\u00e1rsask\u00f6r kertj\u00e9ben rendezik meg.<\/p>\n<p>Rossz id\u0151 eset\u00e9n az el\u0151ad\u00e1st a\u00a0 Till Ott\u00f3 teremben tartj\u00e1k meg<\/p>\n<p>&nbsp;<\/p>\n","protected":false},"excerpt":{"rendered":"<p>A nagyb\u0151g\u0151 egy k\u00f6zvetlen besz\u00e9lget\u00e9s a zen\u00e9sz \u00e9s a n\u00e9z\u0151 k\u00f6z\u00f6tt. A nagyb\u0151g\u0151s \u0151szint\u00e9n vall az \u00e9let\u00e9r\u0151l, szerelm\u00e9r\u0151l, a zen\u00e9hez, t\u00e1rsadalomhoz f\u0171z\u0151d\u0151 viszony\u00e1r\u00f3l, gyenges\u00e9geir\u0151l, vagy \u00e9ppen j\u00e1tszik a hangszer\u00e9n Patrick S\u00fcskind monodr\u00e1m\u00e1j\u00e1ban. <\/p>\n","protected":false},"author":4,"featured_media":3095,"comment_status":"open","ping_status":"closed","template":"","meta":[],"tags":[443,444,398,77,442,69],"tribe_events_cat":[],"yoast_head":"<!-- This site is optimized with the Yoast SEO plugin v17.5 - https:\/\/yoast.com\/wordpress\/plugins\/seo\/ -->\n<title>Patrick S\u00fcskind: A nagyb\u0151g\u0151 - \u00d3budai Ny\u00e1r 2022 | obuda.hu<\/title>\n<meta name=\"robots\" content=\"index, follow, max-snippet:-1, max-image-preview:large, max-video-preview:-1\" \/>\n<link rel=\"canonical\" href=\"https:\/\/www.obudainyar.hu\/2022\/esemeny\/patrick-suskind-a-nagybogo\/\" \/>\n<meta property=\"og:locale\" content=\"hu_HU\" \/>\n<meta property=\"og:type\" content=\"article\" \/>\n<meta property=\"og:title\" content=\"Patrick S\u00fcskind: A nagyb\u0151g\u0151 - \u00d3budai Ny\u00e1r 2022 | obuda.hu\" \/>\n<meta property=\"og:description\" content=\"A nagyb\u0151g\u0151 egy k\u00f6zvetlen besz\u00e9lget\u00e9s a zen\u00e9sz \u00e9s a n\u00e9z\u0151 k\u00f6z\u00f6tt. A nagyb\u0151g\u0151s \u0151szint\u00e9n vall az \u00e9let\u00e9r\u0151l, szerelm\u00e9r\u0151l, a zen\u00e9hez, t\u00e1rsadalomhoz f\u0171z\u0151d\u0151 viszony\u00e1r\u00f3l, gyenges\u00e9geir\u0151l, vagy \u00e9ppen j\u00e1tszik a hangszer\u00e9n Patrick S\u00fcskind monodr\u00e1m\u00e1j\u00e1ban.\" \/>\n<meta property=\"og:url\" content=\"https:\/\/www.obudainyar.hu\/2022\/esemeny\/patrick-suskind-a-nagybogo\/\" \/>\n<meta property=\"og:site_name\" content=\"\u00d3budai Ny\u00e1r 2022 | obuda.hu\" \/>\n<meta property=\"article:modified_time\" content=\"2022-07-05T08:18:22+00:00\" \/>\n<meta property=\"og:image\" content=\"https:\/\/www.obudainyar.hu\/2022\/wp-content\/uploads\/2022\/07\/viktorbogo3-scaled_jpg_kicsi_369906005.jpg\" \/>\n\t<meta property=\"og:image:width\" content=\"300\" \/>\n\t<meta property=\"og:image:height\" content=\"200\" \/>\n<meta name=\"twitter:card\" content=\"summary_large_image\" \/>\n<meta name=\"twitter:label1\" content=\"Becs\u00fclt olvas\u00e1si id\u0151\" \/>\n\t<meta name=\"twitter:data1\" content=\"1 perc\" \/>\n<script type=\"application\/ld+json\" class=\"yoast-schema-graph\">{\"@context\":\"https:\/\/schema.org\",\"@graph\":[{\"@type\":\"WebSite\",\"@id\":\"https:\/\/www.obudainyar.hu\/2022\/#website\",\"url\":\"https:\/\/www.obudainyar.hu\/2022\/\",\"name\":\"\\u00d3budai Ny\\u00e1r 2022 | obuda.hu\",\"description\":\"\",\"potentialAction\":[{\"@type\":\"SearchAction\",\"target\":{\"@type\":\"EntryPoint\",\"urlTemplate\":\"https:\/\/www.obudainyar.hu\/2022\/?s={search_term_string}\"},\"query-input\":\"required name=search_term_string\"}],\"inLanguage\":\"hu\"},{\"@type\":\"ImageObject\",\"@id\":\"https:\/\/www.obudainyar.hu\/2022\/esemeny\/patrick-suskind-a-nagybogo\/#primaryimage\",\"inLanguage\":\"hu\",\"url\":\"https:\/\/www.obudainyar.hu\/2022\/wp-content\/uploads\/2022\/07\/viktorbogo3-scaled_jpg_kicsi_369906005.jpg\",\"contentUrl\":\"https:\/\/www.obudainyar.hu\/2022\/wp-content\/uploads\/2022\/07\/viktorbogo3-scaled_jpg_kicsi_369906005.jpg\",\"width\":300,\"height\":200},{\"@type\":\"WebPage\",\"@id\":\"https:\/\/www.obudainyar.hu\/2022\/esemeny\/patrick-suskind-a-nagybogo\/#webpage\",\"url\":\"https:\/\/www.obudainyar.hu\/2022\/esemeny\/patrick-suskind-a-nagybogo\/\",\"name\":\"Patrick S\\u00fcskind: A nagyb\\u0151g\\u0151 - \\u00d3budai Ny\\u00e1r 2022 | obuda.hu\",\"isPartOf\":{\"@id\":\"https:\/\/www.obudainyar.hu\/2022\/#website\"},\"primaryImageOfPage\":{\"@id\":\"https:\/\/www.obudainyar.hu\/2022\/esemeny\/patrick-suskind-a-nagybogo\/#primaryimage\"},\"datePublished\":\"2022-07-04T08:58:51+00:00\",\"dateModified\":\"2022-07-05T08:18:22+00:00\",\"breadcrumb\":{\"@id\":\"https:\/\/www.obudainyar.hu\/2022\/esemeny\/patrick-suskind-a-nagybogo\/#breadcrumb\"},\"inLanguage\":\"hu\",\"potentialAction\":[{\"@type\":\"ReadAction\",\"target\":[\"https:\/\/www.obudainyar.hu\/2022\/esemeny\/patrick-suskind-a-nagybogo\/\"]}]},{\"@type\":\"BreadcrumbList\",\"@id\":\"https:\/\/www.obudainyar.hu\/2022\/esemeny\/patrick-suskind-a-nagybogo\/#breadcrumb\",\"itemListElement\":[{\"@type\":\"ListItem\",\"position\":1,\"name\":\"Kezd\\u0151lap\",\"item\":\"https:\/\/www.obudainyar.hu\/2022\/\"},{\"@type\":\"ListItem\",\"position\":2,\"name\":\"Esem\\u00e9nyek\",\"item\":\"https:\/\/www.obudainyar.hu\/2022\/esemenyek\/\"},{\"@type\":\"ListItem\",\"position\":3,\"name\":\"Patrick S\\u00fcskind: A nagyb\\u0151g\\u0151\"}]}]}<\/script>\n<!-- \/ Yoast SEO plugin. -->","yoast_head_json":{"title":"Patrick S\u00fcskind: A nagyb\u0151g\u0151 - \u00d3budai Ny\u00e1r 2022 | obuda.hu","robots":{"index":"index","follow":"follow","max-snippet":"max-snippet:-1","max-image-preview":"max-image-preview:large","max-video-preview":"max-video-preview:-1"},"canonical":"https:\/\/www.obudainyar.hu\/2022\/esemeny\/patrick-suskind-a-nagybogo\/","og_locale":"hu_HU","og_type":"article","og_title":"Patrick S\u00fcskind: A nagyb\u0151g\u0151 - \u00d3budai Ny\u00e1r 2022 | obuda.hu","og_description":"A nagyb\u0151g\u0151 egy k\u00f6zvetlen besz\u00e9lget\u00e9s a zen\u00e9sz \u00e9s a n\u00e9z\u0151 k\u00f6z\u00f6tt. A nagyb\u0151g\u0151s \u0151szint\u00e9n vall az \u00e9let\u00e9r\u0151l, szerelm\u00e9r\u0151l, a zen\u00e9hez, t\u00e1rsadalomhoz f\u0171z\u0151d\u0151 viszony\u00e1r\u00f3l, gyenges\u00e9geir\u0151l, vagy \u00e9ppen j\u00e1tszik a hangszer\u00e9n Patrick S\u00fcskind monodr\u00e1m\u00e1j\u00e1ban.","og_url":"https:\/\/www.obudainyar.hu\/2022\/esemeny\/patrick-suskind-a-nagybogo\/","og_site_name":"\u00d3budai Ny\u00e1r 2022 | obuda.hu","article_modified_time":"2022-07-05T08:18:22+00:00","og_image":[{"width":300,"height":200,"url":"https:\/\/www.obudainyar.hu\/2022\/wp-content\/uploads\/2022\/07\/viktorbogo3-scaled_jpg_kicsi_369906005.jpg","type":"image\/jpeg"}],"twitter_card":"summary_large_image","twitter_misc":{"Becs\u00fclt olvas\u00e1si id\u0151":"1 perc"},"schema":{"@context":"https:\/\/schema.org","@graph":[{"@type":"WebSite","@id":"https:\/\/www.obudainyar.hu\/2022\/#website","url":"https:\/\/www.obudainyar.hu\/2022\/","name":"\u00d3budai Ny\u00e1r 2022 | obuda.hu","description":"","potentialAction":[{"@type":"SearchAction","target":{"@type":"EntryPoint","urlTemplate":"https:\/\/www.obudainyar.hu\/2022\/?s={search_term_string}"},"query-input":"required name=search_term_string"}],"inLanguage":"hu"},{"@type":"ImageObject","@id":"https:\/\/www.obudainyar.hu\/2022\/esemeny\/patrick-suskind-a-nagybogo\/#primaryimage","inLanguage":"hu","url":"https:\/\/www.obudainyar.hu\/2022\/wp-content\/uploads\/2022\/07\/viktorbogo3-scaled_jpg_kicsi_369906005.jpg","contentUrl":"https:\/\/www.obudainyar.hu\/2022\/wp-content\/uploads\/2022\/07\/viktorbogo3-scaled_jpg_kicsi_369906005.jpg","width":300,"height":200},{"@type":"WebPage","@id":"https:\/\/www.obudainyar.hu\/2022\/esemeny\/patrick-suskind-a-nagybogo\/#webpage","url":"https:\/\/www.obudainyar.hu\/2022\/esemeny\/patrick-suskind-a-nagybogo\/","name":"Patrick S\u00fcskind: A nagyb\u0151g\u0151 - \u00d3budai Ny\u00e1r 2022 | obuda.hu","isPartOf":{"@id":"https:\/\/www.obudainyar.hu\/2022\/#website"},"primaryImageOfPage":{"@id":"https:\/\/www.obudainyar.hu\/2022\/esemeny\/patrick-suskind-a-nagybogo\/#primaryimage"},"datePublished":"2022-07-04T08:58:51+00:00","dateModified":"2022-07-05T08:18:22+00:00","breadcrumb":{"@id":"https:\/\/www.obudainyar.hu\/2022\/esemeny\/patrick-suskind-a-nagybogo\/#breadcrumb"},"inLanguage":"hu","potentialAction":[{"@type":"ReadAction","target":["https:\/\/www.obudainyar.hu\/2022\/esemeny\/patrick-suskind-a-nagybogo\/"]}]},{"@type":"BreadcrumbList","@id":"https:\/\/www.obudainyar.hu\/2022\/esemeny\/patrick-suskind-a-nagybogo\/#breadcrumb","itemListElement":[{"@type":"ListItem","position":1,"name":"Kezd\u0151lap","item":"https:\/\/www.obudainyar.hu\/2022\/"},{"@type":"ListItem","position":2,"name":"Esem\u00e9nyek","item":"https:\/\/www.obudainyar.hu\/2022\/esemenyek\/"},{"@type":"ListItem","position":3,"name":"Patrick S\u00fcskind: A nagyb\u0151g\u0151"}]}]}},"_links":{"self":[{"href":"https:\/\/www.obudainyar.hu\/2022\/wp-json\/wp\/v2\/tribe_events\/3090"}],"collection":[{"href":"https:\/\/www.obudainyar.hu\/2022\/wp-json\/wp\/v2\/tribe_events"}],"about":[{"href":"https:\/\/www.obudainyar.hu\/2022\/wp-json\/wp\/v2\/types\/tribe_events"}],"author":[{"embeddable":true,"href":"https:\/\/www.obudainyar.hu\/2022\/wp-json\/wp\/v2\/users\/4"}],"replies":[{"embeddable":true,"href":"https:\/\/www.obudainyar.hu\/2022\/wp-json\/wp\/v2\/comments?post=3090"}],"version-history":[{"count":8,"href":"https:\/\/www.obudainyar.hu\/2022\/wp-json\/wp\/v2\/tribe_events\/3090\/revisions"}],"predecessor-version":[{"id":3101,"href":"https:\/\/www.obudainyar.hu\/2022\/wp-json\/wp\/v2\/tribe_events\/3090\/revisions\/3101"}],"wp:featuredmedia":[{"embeddable":true,"href":"https:\/\/www.obudainyar.hu\/2022\/wp-json\/wp\/v2\/media\/3095"}],"wp:attachment":[{"href":"https:\/\/www.obudainyar.hu\/2022\/wp-json\/wp\/v2\/media?parent=3090"}],"wp:term":[{"taxonomy":"post_tag","embeddable":true,"href":"https:\/\/www.obudainyar.hu\/2022\/wp-json\/wp\/v2\/tags?post=3090"},{"taxonomy":"tribe_events_cat","embeddable":true,"href":"https:\/\/www.obudainyar.hu\/2022\/wp-json\/wp\/v2\/tribe_events_cat?post=3090"}],"curies":[{"name":"wp","href":"https:\/\/api.w.org\/{rel}","templated":true}]}}

Patrick Süskind: A nagybőgő

<p>“Mert a zene emberi dolog. Mindig lesz zene, mindenütt. Keleten, nyugaton, délen, még északon is. Afrikában, Skandináviában, Brazíliában, mindenütt. Mert a zene metafizikai jelenség. Azaz a puszta fizikai léten túl, amögött is létező valami. A zene örök.”<br />
/Patrick Süskind: A nagybőgő – részlet/</p>
<p>Az előadás számára <strong>Indali Klára</strong> fordítását felhasználva <strong>Ivanyos Ambrus</strong> készített friss, mai hangon megszólaló szöveget.</p>
<p>&nbsp;</p>
<p>Előadja:<strong> KLEM VIKTOR</strong></p>
<p>Rendező:<strong> Radnai Márk<br />
</strong>Produkciós munkatárs:<strong> Magócs Milán<br />
</strong>Technika:<strong> Kolozsvári Géza</strong><strong><br />
</strong></p>
<p>Az előadás időtartama: 60 perc</p>
<p>A színházi előadást az Óbudai Társaskör kertjében rendezik meg.</p>
<p>Rossz idő esetén az előadást a  Till Ottó teremben tartják meg</p>
<p>&nbsp;</p>

<p>A nagybőgő egy közvetlen beszélgetés a zenész és a néző között. A nagybőgős őszintén vall az életéről, szerelméről, a zenéhez, társadalomhoz fűződő viszonyáról, gyengeségeiről, vagy éppen játszik a hangszerén Patrick Süskind monodrámájában. </p>

<!-- This site is optimized with the Yoast SEO plugin v17.5 - https://yoast.com/wordpress/plugins/seo/ -->
<title>Patrick Süskind: A nagybőgő - Óbudai Nyár 2022 | obuda.hu</title>
<meta name="robots" content="index, follow, max-snippet:-1, max-image-preview:large, max-video-preview:-1" />
<link rel="canonical" href="https://www.obudainyar.hu/2022/esemeny/patrick-suskind-a-nagybogo/" />
<meta property="og:locale" content="hu_HU" />
<meta property="og:type" content="article" />
<meta property="og:title" content="Patrick Süskind: A nagybőgő - Óbudai Nyár 2022 | obuda.hu" />
<meta property="og:description" content="A nagybőgő egy közvetlen beszélgetés a zenész és a néző között. A nagybőgős őszintén vall az életéről, szerelméről, a zenéhez, társadalomhoz fűződő viszonyáról, gyengeségeiről, vagy éppen játszik a hangszerén Patrick Süskind monodrámájában." />
<meta property="og:url" content="https://www.obudainyar.hu/2022/esemeny/patrick-suskind-a-nagybogo/" />
<meta property="og:site_name" content="Óbudai Nyár 2022 | obuda.hu" />
<meta property="article:modified_time" content="2022-07-05T08:18:22+00:00" />
<meta property="og:image" content="https://www.obudainyar.hu/2022/wp-content/uploads/2022/07/viktorbogo3-scaled_jpg_kicsi_369906005.jpg" />
	<meta property="og:image:width" content="300" />
	<meta property="og:image:height" content="200" />
<meta name="twitter:card" content="summary_large_image" />
<meta name="twitter:label1" content="Becsült olvasási idő" />
	<meta name="twitter:data1" content="1 perc" />
<script type="application/ld+json" class="yoast-schema-graph">{"@context":"https://schema.org","@graph":[{"@type":"WebSite","@id":"https://www.obudainyar.hu/2022/#website","url":"https://www.obudainyar.hu/2022/","name":"\u00d3budai Ny\u00e1r 2022 | obuda.hu","description":"","potentialAction":[{"@type":"SearchAction","target":{"@type":"EntryPoint","urlTemplate":"https://www.obudainyar.hu/2022/?s={search_term_string}"},"query-input":"required name=search_term_string"}],"inLanguage":"hu"},{"@type":"ImageObject","@id":"https://www.obudainyar.hu/2022/esemeny/patrick-suskind-a-nagybogo/#primaryimage","inLanguage":"hu","url":"https://www.obudainyar.hu/2022/wp-content/uploads/2022/07/viktorbogo3-scaled_jpg_kicsi_369906005.jpg","contentUrl":"https://www.obudainyar.hu/2022/wp-content/uploads/2022/07/viktorbogo3-scaled_jpg_kicsi_369906005.jpg","width":300,"height":200},{"@type":"WebPage","@id":"https://www.obudainyar.hu/2022/esemeny/patrick-suskind-a-nagybogo/#webpage","url":"https://www.obudainyar.hu/2022/esemeny/patrick-suskind-a-nagybogo/","name":"Patrick S\u00fcskind: A nagyb\u0151g\u0151 - \u00d3budai Ny\u00e1r 2022 | obuda.hu","isPartOf":{"@id":"https://www.obudainyar.hu/2022/#website"},"primaryImageOfPage":{"@id":"https://www.obudainyar.hu/2022/esemeny/patrick-suskind-a-nagybogo/#primaryimage"},"datePublished":"2022-07-04T08:58:51+00:00","dateModified":"2022-07-05T08:18:22+00:00","breadcrumb":{"@id":"https://www.obudainyar.hu/2022/esemeny/patrick-suskind-a-nagybogo/#breadcrumb"},"inLanguage":"hu","potentialAction":[{"@type":"ReadAction","target":["https://www.obudainyar.hu/2022/esemeny/patrick-suskind-a-nagybogo/"]}]},{"@type":"BreadcrumbList","@id":"https://www.obudainyar.hu/2022/esemeny/patrick-suskind-a-nagybogo/#breadcrumb","itemListElement":[{"@type":"ListItem","position":1,"name":"Kezd\u0151lap","item":"https://www.obudainyar.hu/2022/"},{"@type":"ListItem","position":2,"name":"Esem\u00e9nyek","item":"https://www.obudainyar.hu/2022/esemenyek/"},{"@type":"ListItem","position":3,"name":"Patrick S\u00fcskind: A nagyb\u0151g\u0151"}]}]}</script>
<!-- / Yoast SEO plugin. -->

Patrick Süskind: A nagybőgő - Óbudai Nyár 2022 | obuda.hu

A nagybőgő egy közvetlen beszélgetés a zenész és a néző között. A nagybőgős őszintén vall az életéről, szerelméről, a zenéhez, társadalomhoz fűződő viszonyáról, gyengeségeiről, vagy éppen játszik a hangszerén Patrick Süskind monodrámájában.

Óbudai Nyár 2022 | obuda.hu

Kezdőlap

Események
