{"id":3103,"date":"2022-07-04T11:31:36","date_gmt":"2022-07-04T09:31:36","guid":{"rendered":"https:\/\/www.obudainyar.hu\/2022\/?post_type=tribe_events&#038;p=3103"},"modified":"2022-07-04T12:42:34","modified_gmt":"2022-07-04T10:42:34","slug":"szakcsi-lakatos-bela-magyar-jazz-quintett","status":"publish","type":"tribe_events","link":"https:\/\/www.obudainyar.hu\/2022\/esemeny\/szakcsi-lakatos-bela-magyar-jazz-quintett\/","title":{"rendered":"Szakcsi Lakatos B\u00e9la &#8211; Magyar Jazz Quintet"},"content":{"rendered":"<p>A most bemutatkoz\u00f3 Magyar Jazz Quintet friss hangz\u00e1s ut\u00e1n kutat, a kompoz\u00edci\u00f3kra Robert Glasper, Miles Davis, Joe Zawinul gyakoroltak hat\u00e1st. Szakcsi Lakatos B\u00e9la a Fender-zongora hat\u00e1rait feszegeti,Fekete-Kov\u00e1cs Korn\u00e9l \u00e9s Fenyvesi M\u00e1rton j\u00e1t\u00e9k\u00e1t elektronikus effektek teszik 21. sz\u00e1zadiv\u00e1, m\u00edg K\u0151szegi Imre a k\u00fcl\u00f6n erre a projektre k\u00e9sz\u00edttetett cint\u00e1ny\u00e9rokkal \u00e9s kieg\u00e9sz\u00edt\u0151kkel teszi m\u00e9g sz\u00ednesebb\u00e9 j\u00e1t\u00e9k\u00e1t.<\/p>\n<p><strong>Szakcsi Lakatos B\u00e9la<\/strong> \u2013 Fender Rhodes, billenty\u0171k<br \/>\n<strong>Fekete-Kov\u00e1cs Korn\u00e9l<\/strong> \u2013 trombita<br \/>\n<strong>Fenyvesi M\u00e1rton<\/strong> \u2013 git\u00e1r<br \/>\n<strong>Orb\u00e1n Gy\u00f6rgy<\/strong> \u2013 b\u0151g\u0151<br \/>\n<strong>K\u0151szegi Imre<\/strong> \u2013 dob<\/p>\n<p>M\u0171sorukon Herbie Hancock, Zawinul, Miles Davis, Coltrane t\u00e9m\u00e1ib\u00f3l kiindul\u00f3, egyedi \u00e9s izgalmas hangz\u00e1sokban, formai megold\u00e1sokban szipork\u00e1z\u00f3 sz\u00e1mok mellett saj\u00e1t kompoz\u00edci\u00f3k szerepelnek.<\/p>\n<p>&nbsp;<\/p>\n<p>&nbsp;<\/p>\n","protected":false},"excerpt":{"rendered":"<p>A Magyar Jazz Quintet m\u0171sor\u00e1n a jazz t\u00f6rt\u00e9net\u00e9nek legnagyobb  klasszikusait sz\u00f3lalnak meg egyedi \u00e9s izgalmas feldolgoz\u00e1sban.<\/p>\n","protected":false},"author":4,"featured_media":0,"comment_status":"open","ping_status":"closed","template":"","meta":[],"tags":[247,445,398,77,446],"tribe_events_cat":[],"yoast_head":"<!-- This site is optimized with the Yoast SEO plugin v17.5 - https:\/\/yoast.com\/wordpress\/plugins\/seo\/ -->\n<title>Szakcsi Lakatos B\u00e9la - Magyar Jazz Quintet - \u00d3budai Ny\u00e1r 2022 | obuda.hu<\/title>\n<meta name=\"robots\" content=\"index, follow, max-snippet:-1, max-image-preview:large, max-video-preview:-1\" \/>\n<link rel=\"canonical\" href=\"https:\/\/www.obudainyar.hu\/2022\/esemeny\/szakcsi-lakatos-bela-magyar-jazz-quintett\/\" \/>\n<meta property=\"og:locale\" content=\"hu_HU\" \/>\n<meta property=\"og:type\" content=\"article\" \/>\n<meta property=\"og:title\" content=\"Szakcsi Lakatos B\u00e9la - Magyar Jazz Quintet - \u00d3budai Ny\u00e1r 2022 | obuda.hu\" \/>\n<meta property=\"og:description\" content=\"A Magyar Jazz Quintet m\u0171sor\u00e1n a jazz t\u00f6rt\u00e9net\u00e9nek legnagyobb klasszikusait sz\u00f3lalnak meg egyedi \u00e9s izgalmas feldolgoz\u00e1sban.\" \/>\n<meta property=\"og:url\" content=\"https:\/\/www.obudainyar.hu\/2022\/esemeny\/szakcsi-lakatos-bela-magyar-jazz-quintett\/\" \/>\n<meta property=\"og:site_name\" content=\"\u00d3budai Ny\u00e1r 2022 | obuda.hu\" \/>\n<meta property=\"article:modified_time\" content=\"2022-07-04T10:42:34+00:00\" \/>\n<meta property=\"og:image\" content=\"https:\/\/www.obudainyar.hu\/2022\/wp-content\/uploads\/2021\/11\/ONY22_hero2-01.jpg\" \/>\n\t<meta property=\"og:image:width\" content=\"1600\" \/>\n\t<meta property=\"og:image:height\" content=\"900\" \/>\n<meta name=\"twitter:card\" content=\"summary_large_image\" \/>\n<meta name=\"twitter:label1\" content=\"Becs\u00fclt olvas\u00e1si id\u0151\" \/>\n\t<meta name=\"twitter:data1\" content=\"1 perc\" \/>\n<script type=\"application\/ld+json\" class=\"yoast-schema-graph\">{\"@context\":\"https:\/\/schema.org\",\"@graph\":[{\"@type\":\"WebSite\",\"@id\":\"https:\/\/www.obudainyar.hu\/2022\/#website\",\"url\":\"https:\/\/www.obudainyar.hu\/2022\/\",\"name\":\"\\u00d3budai Ny\\u00e1r 2022 | obuda.hu\",\"description\":\"\",\"potentialAction\":[{\"@type\":\"SearchAction\",\"target\":{\"@type\":\"EntryPoint\",\"urlTemplate\":\"https:\/\/www.obudainyar.hu\/2022\/?s={search_term_string}\"},\"query-input\":\"required name=search_term_string\"}],\"inLanguage\":\"hu\"},{\"@type\":\"WebPage\",\"@id\":\"https:\/\/www.obudainyar.hu\/2022\/esemeny\/szakcsi-lakatos-bela-magyar-jazz-quintett\/#webpage\",\"url\":\"https:\/\/www.obudainyar.hu\/2022\/esemeny\/szakcsi-lakatos-bela-magyar-jazz-quintett\/\",\"name\":\"Szakcsi Lakatos B\\u00e9la - Magyar Jazz Quintet - \\u00d3budai Ny\\u00e1r 2022 | obuda.hu\",\"isPartOf\":{\"@id\":\"https:\/\/www.obudainyar.hu\/2022\/#website\"},\"datePublished\":\"2022-07-04T09:31:36+00:00\",\"dateModified\":\"2022-07-04T10:42:34+00:00\",\"breadcrumb\":{\"@id\":\"https:\/\/www.obudainyar.hu\/2022\/esemeny\/szakcsi-lakatos-bela-magyar-jazz-quintett\/#breadcrumb\"},\"inLanguage\":\"hu\",\"potentialAction\":[{\"@type\":\"ReadAction\",\"target\":[\"https:\/\/www.obudainyar.hu\/2022\/esemeny\/szakcsi-lakatos-bela-magyar-jazz-quintett\/\"]}]},{\"@type\":\"BreadcrumbList\",\"@id\":\"https:\/\/www.obudainyar.hu\/2022\/esemeny\/szakcsi-lakatos-bela-magyar-jazz-quintett\/#breadcrumb\",\"itemListElement\":[{\"@type\":\"ListItem\",\"position\":1,\"name\":\"Kezd\\u0151lap\",\"item\":\"https:\/\/www.obudainyar.hu\/2022\/\"},{\"@type\":\"ListItem\",\"position\":2,\"name\":\"Esem\\u00e9nyek\",\"item\":\"https:\/\/www.obudainyar.hu\/2022\/esemenyek\/\"},{\"@type\":\"ListItem\",\"position\":3,\"name\":\"Szakcsi Lakatos B\\u00e9la &#8211; Magyar Jazz Quintet\"}]}]}<\/script>\n<!-- \/ Yoast SEO plugin. -->","yoast_head_json":{"title":"Szakcsi Lakatos B\u00e9la - Magyar Jazz Quintet - \u00d3budai Ny\u00e1r 2022 | obuda.hu","robots":{"index":"index","follow":"follow","max-snippet":"max-snippet:-1","max-image-preview":"max-image-preview:large","max-video-preview":"max-video-preview:-1"},"canonical":"https:\/\/www.obudainyar.hu\/2022\/esemeny\/szakcsi-lakatos-bela-magyar-jazz-quintett\/","og_locale":"hu_HU","og_type":"article","og_title":"Szakcsi Lakatos B\u00e9la - Magyar Jazz Quintet - \u00d3budai Ny\u00e1r 2022 | obuda.hu","og_description":"A Magyar Jazz Quintet m\u0171sor\u00e1n a jazz t\u00f6rt\u00e9net\u00e9nek legnagyobb klasszikusait sz\u00f3lalnak meg egyedi \u00e9s izgalmas feldolgoz\u00e1sban.","og_url":"https:\/\/www.obudainyar.hu\/2022\/esemeny\/szakcsi-lakatos-bela-magyar-jazz-quintett\/","og_site_name":"\u00d3budai Ny\u00e1r 2022 | obuda.hu","article_modified_time":"2022-07-04T10:42:34+00:00","og_image":[{"width":1600,"height":900,"url":"https:\/\/www.obudainyar.hu\/2022\/wp-content\/uploads\/2021\/11\/ONY22_hero2-01.jpg","type":"image\/jpeg"}],"twitter_card":"summary_large_image","twitter_misc":{"Becs\u00fclt olvas\u00e1si id\u0151":"1 perc"},"schema":{"@context":"https:\/\/schema.org","@graph":[{"@type":"WebSite","@id":"https:\/\/www.obudainyar.hu\/2022\/#website","url":"https:\/\/www.obudainyar.hu\/2022\/","name":"\u00d3budai Ny\u00e1r 2022 | obuda.hu","description":"","potentialAction":[{"@type":"SearchAction","target":{"@type":"EntryPoint","urlTemplate":"https:\/\/www.obudainyar.hu\/2022\/?s={search_term_string}"},"query-input":"required name=search_term_string"}],"inLanguage":"hu"},{"@type":"WebPage","@id":"https:\/\/www.obudainyar.hu\/2022\/esemeny\/szakcsi-lakatos-bela-magyar-jazz-quintett\/#webpage","url":"https:\/\/www.obudainyar.hu\/2022\/esemeny\/szakcsi-lakatos-bela-magyar-jazz-quintett\/","name":"Szakcsi Lakatos B\u00e9la - Magyar Jazz Quintet - \u00d3budai Ny\u00e1r 2022 | obuda.hu","isPartOf":{"@id":"https:\/\/www.obudainyar.hu\/2022\/#website"},"datePublished":"2022-07-04T09:31:36+00:00","dateModified":"2022-07-04T10:42:34+00:00","breadcrumb":{"@id":"https:\/\/www.obudainyar.hu\/2022\/esemeny\/szakcsi-lakatos-bela-magyar-jazz-quintett\/#breadcrumb"},"inLanguage":"hu","potentialAction":[{"@type":"ReadAction","target":["https:\/\/www.obudainyar.hu\/2022\/esemeny\/szakcsi-lakatos-bela-magyar-jazz-quintett\/"]}]},{"@type":"BreadcrumbList","@id":"https:\/\/www.obudainyar.hu\/2022\/esemeny\/szakcsi-lakatos-bela-magyar-jazz-quintett\/#breadcrumb","itemListElement":[{"@type":"ListItem","position":1,"name":"Kezd\u0151lap","item":"https:\/\/www.obudainyar.hu\/2022\/"},{"@type":"ListItem","position":2,"name":"Esem\u00e9nyek","item":"https:\/\/www.obudainyar.hu\/2022\/esemenyek\/"},{"@type":"ListItem","position":3,"name":"Szakcsi Lakatos B\u00e9la &#8211; Magyar Jazz Quintet"}]}]}},"_links":{"self":[{"href":"https:\/\/www.obudainyar.hu\/2022\/wp-json\/wp\/v2\/tribe_events\/3103"}],"collection":[{"href":"https:\/\/www.obudainyar.hu\/2022\/wp-json\/wp\/v2\/tribe_events"}],"about":[{"href":"https:\/\/www.obudainyar.hu\/2022\/wp-json\/wp\/v2\/types\/tribe_events"}],"author":[{"embeddable":true,"href":"https:\/\/www.obudainyar.hu\/2022\/wp-json\/wp\/v2\/users\/4"}],"replies":[{"embeddable":true,"href":"https:\/\/www.obudainyar.hu\/2022\/wp-json\/wp\/v2\/comments?post=3103"}],"version-history":[{"count":4,"href":"https:\/\/www.obudainyar.hu\/2022\/wp-json\/wp\/v2\/tribe_events\/3103\/revisions"}],"predecessor-version":[{"id":3109,"href":"https:\/\/www.obudainyar.hu\/2022\/wp-json\/wp\/v2\/tribe_events\/3103\/revisions\/3109"}],"wp:attachment":[{"href":"https:\/\/www.obudainyar.hu\/2022\/wp-json\/wp\/v2\/media?parent=3103"}],"wp:term":[{"taxonomy":"post_tag","embeddable":true,"href":"https:\/\/www.obudainyar.hu\/2022\/wp-json\/wp\/v2\/tags?post=3103"},{"taxonomy":"tribe_events_cat","embeddable":true,"href":"https:\/\/www.obudainyar.hu\/2022\/wp-json\/wp\/v2\/tribe_events_cat?post=3103"}],"curies":[{"name":"wp","href":"https:\/\/api.w.org\/{rel}","templated":true}]}}

Szakcsi Lakatos Béla &#8211; Magyar Jazz Quintet

<p>A most bemutatkozó Magyar Jazz Quintet friss hangzás után kutat, a kompozíciókra Robert Glasper, Miles Davis, Joe Zawinul gyakoroltak hatást. Szakcsi Lakatos Béla a Fender-zongora határait feszegeti,Fekete-Kovács Kornél és Fenyvesi Márton játékát elektronikus effektek teszik 21. századivá, míg Kőszegi Imre a külön erre a projektre készíttetett cintányérokkal és kiegészítőkkel teszi még színesebbé játékát.</p>
<p><strong>Szakcsi Lakatos Béla</strong> – Fender Rhodes, billentyűk<br />
<strong>Fekete-Kovács Kornél</strong> – trombita<br />
<strong>Fenyvesi Márton</strong> – gitár<br />
<strong>Orbán György</strong> – bőgő<br />
<strong>Kőszegi Imre</strong> – dob</p>
<p>Műsorukon Herbie Hancock, Zawinul, Miles Davis, Coltrane témáiból kiinduló, egyedi és izgalmas hangzásokban, formai megoldásokban sziporkázó számok mellett saját kompozíciók szerepelnek.</p>
<p>&nbsp;</p>
<p>&nbsp;</p>

<p>A Magyar Jazz Quintet műsorán a jazz történetének legnagyobb  klasszikusait szólalnak meg egyedi és izgalmas feldolgozásban.</p>

<!-- This site is optimized with the Yoast SEO plugin v17.5 - https://yoast.com/wordpress/plugins/seo/ -->
<title>Szakcsi Lakatos Béla - Magyar Jazz Quintet - Óbudai Nyár 2022 | obuda.hu</title>
<meta name="robots" content="index, follow, max-snippet:-1, max-image-preview:large, max-video-preview:-1" />
<link rel="canonical" href="https://www.obudainyar.hu/2022/esemeny/szakcsi-lakatos-bela-magyar-jazz-quintett/" />
<meta property="og:locale" content="hu_HU" />
<meta property="og:type" content="article" />
<meta property="og:title" content="Szakcsi Lakatos Béla - Magyar Jazz Quintet - Óbudai Nyár 2022 | obuda.hu" />
<meta property="og:description" content="A Magyar Jazz Quintet műsorán a jazz történetének legnagyobb klasszikusait szólalnak meg egyedi és izgalmas feldolgozásban." />
<meta property="og:url" content="https://www.obudainyar.hu/2022/esemeny/szakcsi-lakatos-bela-magyar-jazz-quintett/" />
<meta property="og:site_name" content="Óbudai Nyár 2022 | obuda.hu" />
<meta property="article:modified_time" content="2022-07-04T10:42:34+00:00" />
<meta property="og:image" content="https://www.obudainyar.hu/2022/wp-content/uploads/2021/11/ONY22_hero2-01.jpg" />
	<meta property="og:image:width" content="1600" />
	<meta property="og:image:height" content="900" />
<meta name="twitter:card" content="summary_large_image" />
<meta name="twitter:label1" content="Becsült olvasási idő" />
	<meta name="twitter:data1" content="1 perc" />
<script type="application/ld+json" class="yoast-schema-graph">{"@context":"https://schema.org","@graph":[{"@type":"WebSite","@id":"https://www.obudainyar.hu/2022/#website","url":"https://www.obudainyar.hu/2022/","name":"\u00d3budai Ny\u00e1r 2022 | obuda.hu","description":"","potentialAction":[{"@type":"SearchAction","target":{"@type":"EntryPoint","urlTemplate":"https://www.obudainyar.hu/2022/?s={search_term_string}"},"query-input":"required name=search_term_string"}],"inLanguage":"hu"},{"@type":"WebPage","@id":"https://www.obudainyar.hu/2022/esemeny/szakcsi-lakatos-bela-magyar-jazz-quintett/#webpage","url":"https://www.obudainyar.hu/2022/esemeny/szakcsi-lakatos-bela-magyar-jazz-quintett/","name":"Szakcsi Lakatos B\u00e9la - Magyar Jazz Quintet - \u00d3budai Ny\u00e1r 2022 | obuda.hu","isPartOf":{"@id":"https://www.obudainyar.hu/2022/#website"},"datePublished":"2022-07-04T09:31:36+00:00","dateModified":"2022-07-04T10:42:34+00:00","breadcrumb":{"@id":"https://www.obudainyar.hu/2022/esemeny/szakcsi-lakatos-bela-magyar-jazz-quintett/#breadcrumb"},"inLanguage":"hu","potentialAction":[{"@type":"ReadAction","target":["https://www.obudainyar.hu/2022/esemeny/szakcsi-lakatos-bela-magyar-jazz-quintett/"]}]},{"@type":"BreadcrumbList","@id":"https://www.obudainyar.hu/2022/esemeny/szakcsi-lakatos-bela-magyar-jazz-quintett/#breadcrumb","itemListElement":[{"@type":"ListItem","position":1,"name":"Kezd\u0151lap","item":"https://www.obudainyar.hu/2022/"},{"@type":"ListItem","position":2,"name":"Esem\u00e9nyek","item":"https://www.obudainyar.hu/2022/esemenyek/"},{"@type":"ListItem","position":3,"name":"Szakcsi Lakatos B\u00e9la &#8211; Magyar Jazz Quintet"}]}]}</script>
<!-- / Yoast SEO plugin. -->

Szakcsi Lakatos Béla - Magyar Jazz Quintet - Óbudai Nyár 2022 | obuda.hu

A Magyar Jazz Quintet műsorán a jazz történetének legnagyobb klasszikusait szólalnak meg egyedi és izgalmas feldolgozásban.

Óbudai Nyár 2022 | obuda.hu

Kezdőlap

Események
