{"id":3216,"date":"2022-08-05T09:40:13","date_gmt":"2022-08-05T07:40:13","guid":{"rendered":"https:\/\/www.obudainyar.hu\/2022\/?post_type=tribe_events&#038;p=3216"},"modified":"2022-08-26T17:48:19","modified_gmt":"2022-08-26T15:48:19","slug":"3216","status":"publish","type":"tribe_events","link":"https:\/\/www.obudainyar.hu\/2022\/esemeny\/3216\/","title":{"rendered":"H\u00e9k\u00e1s B\u00e9k\u00e1s"},"content":{"rendered":"<p><strong>H\u00e1ziasszony: V\u00e1g\u00f3 Piros\u00a0<\/strong><\/p>\n<p><strong>M\u0171soron t\u00f6bbek k\u00f6z\u00f6tt:<\/strong><\/p>\n<p>10:00\u00a0\u00a0\u00a0 Ludas Matyi<\/p>\n<p>11:30\u00a0\u00a0\u00a0 Szeleburdi mesesz\u00ednh\u00e1z<\/p>\n<p>14:00\u00a0\u00a0\u00a0 a Bon Bon\u00a0zenekar koncertje<\/p>\n<p>16:00\u00a0\u00a0\u00a0 Tolvai Reni\u00a0koncertje<\/p>\n<p>17:00\u00a0\u00a0\u00a0 Kir\u00e1ly Viktor koncert<\/p>\n<p>19:00\u00a0\u00a0\u00a0 TNT nagykoncert<\/p>\n<p><strong>\u00a0<\/strong><\/p>\n<p><strong>A gyerekeket hinta, l\u00e9gv\u00e1r, l\u00e1davas\u00fat, horg\u00e1sz\u00e1s, bungee jumping \u00e9s arcfest\u00e9s v\u00e1rja.<\/strong><\/p>\n<p>&nbsp;<\/p>\n<p>A sz\u00ednes csal\u00e1di programok mellett gasztro\u00e9lm\u00e9nyekkel is v\u00e1rjuk \u00d6n\u00f6ket: glut\u00e9nmentes L\u00e1ng F\u00e1nkkal, l\u00e1ngossal, h\u00e1zi r\u00e9tessel, \u00e9dess\u00e9gekkel, sz\u00f6rp\u00f6kkel.<\/p>\n<p>&nbsp;<\/p>\n<p>Tartsanak vel\u00fcnk, b\u00facs\u00faztassuk egy\u00fctt a nyarat! J\u00f3 sz\u00f3rakoz\u00e1st k\u00edv\u00e1nunk!<\/p>\n<p>&nbsp;<\/p>\n<p>&nbsp;<\/p>\n","protected":false},"excerpt":{"rendered":"<p>Legyen a ny\u00e1rz\u00e1r\u00f3 m\u00e9lt\u00f3 befejez\u00e9se az idei \u00e9lm\u00e9nyeknek! A H\u00e9k\u00e1s-B\u00e9k\u00e1s izgalmas koncertjeivel, gyerekprogramjaival, \u00ednycsikland\u00f3 \u00e9tel \u00e9s ital k\u00edn\u00e1lattal v\u00e1rjuk \u00d6n\u00f6ket a Csob\u00e1nka t\u00e9ren.<\/p>\n","protected":false},"author":4,"featured_media":3217,"comment_status":"open","ping_status":"closed","template":"","meta":[],"tags":[],"tribe_events_cat":[338],"yoast_head":"<!-- This site is optimized with the Yoast SEO plugin v17.5 - https:\/\/yoast.com\/wordpress\/plugins\/seo\/ -->\n<title>H\u00e9k\u00e1s B\u00e9k\u00e1s - \u00d3budai Ny\u00e1r 2022 | obuda.hu<\/title>\n<meta name=\"robots\" content=\"index, follow, max-snippet:-1, max-image-preview:large, max-video-preview:-1\" \/>\n<link rel=\"canonical\" href=\"https:\/\/www.obudainyar.hu\/2022\/esemeny\/3216\/\" \/>\n<meta property=\"og:locale\" content=\"hu_HU\" \/>\n<meta property=\"og:type\" content=\"article\" \/>\n<meta property=\"og:title\" content=\"H\u00e9k\u00e1s B\u00e9k\u00e1s - \u00d3budai Ny\u00e1r 2022 | obuda.hu\" \/>\n<meta property=\"og:description\" content=\"Legyen a ny\u00e1rz\u00e1r\u00f3 m\u00e9lt\u00f3 befejez\u00e9se az idei \u00e9lm\u00e9nyeknek! A H\u00e9k\u00e1s-B\u00e9k\u00e1s izgalmas koncertjeivel, gyerekprogramjaival, \u00ednycsikland\u00f3 \u00e9tel \u00e9s ital k\u00edn\u00e1lattal v\u00e1rjuk \u00d6n\u00f6ket a Csob\u00e1nka t\u00e9ren.\" \/>\n<meta property=\"og:url\" content=\"https:\/\/www.obudainyar.hu\/2022\/esemeny\/3216\/\" \/>\n<meta property=\"og:site_name\" content=\"\u00d3budai Ny\u00e1r 2022 | obuda.hu\" \/>\n<meta property=\"article:modified_time\" content=\"2022-08-26T15:48:19+00:00\" \/>\n<meta property=\"og:image\" content=\"https:\/\/www.obudainyar.hu\/2022\/wp-content\/uploads\/2022\/08\/He\u0301ka\u0301sBe\u0301ka\u0301s_hero-ma\u0301solat1-scaled.jpg\" \/>\n\t<meta property=\"og:image:width\" content=\"2560\" \/>\n\t<meta property=\"og:image:height\" content=\"1440\" \/>\n<meta name=\"twitter:card\" content=\"summary_large_image\" \/>\n<meta name=\"twitter:label1\" content=\"Becs\u00fclt olvas\u00e1si id\u0151\" \/>\n\t<meta name=\"twitter:data1\" content=\"1 perc\" \/>\n<script type=\"application\/ld+json\" class=\"yoast-schema-graph\">{\"@context\":\"https:\/\/schema.org\",\"@graph\":[{\"@type\":\"WebSite\",\"@id\":\"https:\/\/www.obudainyar.hu\/2022\/#website\",\"url\":\"https:\/\/www.obudainyar.hu\/2022\/\",\"name\":\"\\u00d3budai Ny\\u00e1r 2022 | obuda.hu\",\"description\":\"\",\"potentialAction\":[{\"@type\":\"SearchAction\",\"target\":{\"@type\":\"EntryPoint\",\"urlTemplate\":\"https:\/\/www.obudainyar.hu\/2022\/?s={search_term_string}\"},\"query-input\":\"required name=search_term_string\"}],\"inLanguage\":\"hu\"},{\"@type\":\"ImageObject\",\"@id\":\"https:\/\/www.obudainyar.hu\/2022\/esemeny\/3216\/#primaryimage\",\"inLanguage\":\"hu\",\"url\":\"https:\/\/www.obudainyar.hu\/2022\/wp-content\/uploads\/2022\/08\/He\\u0301ka\\u0301sBe\\u0301ka\\u0301s_hero-ma\\u0301solat1-scaled.jpg\",\"contentUrl\":\"https:\/\/www.obudainyar.hu\/2022\/wp-content\/uploads\/2022\/08\/He\\u0301ka\\u0301sBe\\u0301ka\\u0301s_hero-ma\\u0301solat1-scaled.jpg\",\"width\":2560,\"height\":1440},{\"@type\":\"WebPage\",\"@id\":\"https:\/\/www.obudainyar.hu\/2022\/esemeny\/3216\/#webpage\",\"url\":\"https:\/\/www.obudainyar.hu\/2022\/esemeny\/3216\/\",\"name\":\"H\\u00e9k\\u00e1s B\\u00e9k\\u00e1s - \\u00d3budai Ny\\u00e1r 2022 | obuda.hu\",\"isPartOf\":{\"@id\":\"https:\/\/www.obudainyar.hu\/2022\/#website\"},\"primaryImageOfPage\":{\"@id\":\"https:\/\/www.obudainyar.hu\/2022\/esemeny\/3216\/#primaryimage\"},\"datePublished\":\"2022-08-05T07:40:13+00:00\",\"dateModified\":\"2022-08-26T15:48:19+00:00\",\"breadcrumb\":{\"@id\":\"https:\/\/www.obudainyar.hu\/2022\/esemeny\/3216\/#breadcrumb\"},\"inLanguage\":\"hu\",\"potentialAction\":[{\"@type\":\"ReadAction\",\"target\":[\"https:\/\/www.obudainyar.hu\/2022\/esemeny\/3216\/\"]}]},{\"@type\":\"BreadcrumbList\",\"@id\":\"https:\/\/www.obudainyar.hu\/2022\/esemeny\/3216\/#breadcrumb\",\"itemListElement\":[{\"@type\":\"ListItem\",\"position\":1,\"name\":\"Kezd\\u0151lap\",\"item\":\"https:\/\/www.obudainyar.hu\/2022\/\"},{\"@type\":\"ListItem\",\"position\":2,\"name\":\"Esem\\u00e9nyek\",\"item\":\"https:\/\/www.obudainyar.hu\/2022\/esemenyek\/\"},{\"@type\":\"ListItem\",\"position\":3,\"name\":\"H\\u00e9k\\u00e1s B\\u00e9k\\u00e1s\"}]}]}<\/script>\n<!-- \/ Yoast SEO plugin. -->","yoast_head_json":{"title":"H\u00e9k\u00e1s B\u00e9k\u00e1s - \u00d3budai Ny\u00e1r 2022 | obuda.hu","robots":{"index":"index","follow":"follow","max-snippet":"max-snippet:-1","max-image-preview":"max-image-preview:large","max-video-preview":"max-video-preview:-1"},"canonical":"https:\/\/www.obudainyar.hu\/2022\/esemeny\/3216\/","og_locale":"hu_HU","og_type":"article","og_title":"H\u00e9k\u00e1s B\u00e9k\u00e1s - \u00d3budai Ny\u00e1r 2022 | obuda.hu","og_description":"Legyen a ny\u00e1rz\u00e1r\u00f3 m\u00e9lt\u00f3 befejez\u00e9se az idei \u00e9lm\u00e9nyeknek! A H\u00e9k\u00e1s-B\u00e9k\u00e1s izgalmas koncertjeivel, gyerekprogramjaival, \u00ednycsikland\u00f3 \u00e9tel \u00e9s ital k\u00edn\u00e1lattal v\u00e1rjuk \u00d6n\u00f6ket a Csob\u00e1nka t\u00e9ren.","og_url":"https:\/\/www.obudainyar.hu\/2022\/esemeny\/3216\/","og_site_name":"\u00d3budai Ny\u00e1r 2022 | obuda.hu","article_modified_time":"2022-08-26T15:48:19+00:00","og_image":[{"width":2560,"height":1440,"url":"https:\/\/www.obudainyar.hu\/2022\/wp-content\/uploads\/2022\/08\/He\u0301ka\u0301sBe\u0301ka\u0301s_hero-ma\u0301solat1-scaled.jpg","type":"image\/jpeg"}],"twitter_card":"summary_large_image","twitter_misc":{"Becs\u00fclt olvas\u00e1si id\u0151":"1 perc"},"schema":{"@context":"https:\/\/schema.org","@graph":[{"@type":"WebSite","@id":"https:\/\/www.obudainyar.hu\/2022\/#website","url":"https:\/\/www.obudainyar.hu\/2022\/","name":"\u00d3budai Ny\u00e1r 2022 | obuda.hu","description":"","potentialAction":[{"@type":"SearchAction","target":{"@type":"EntryPoint","urlTemplate":"https:\/\/www.obudainyar.hu\/2022\/?s={search_term_string}"},"query-input":"required name=search_term_string"}],"inLanguage":"hu"},{"@type":"ImageObject","@id":"https:\/\/www.obudainyar.hu\/2022\/esemeny\/3216\/#primaryimage","inLanguage":"hu","url":"https:\/\/www.obudainyar.hu\/2022\/wp-content\/uploads\/2022\/08\/He\u0301ka\u0301sBe\u0301ka\u0301s_hero-ma\u0301solat1-scaled.jpg","contentUrl":"https:\/\/www.obudainyar.hu\/2022\/wp-content\/uploads\/2022\/08\/He\u0301ka\u0301sBe\u0301ka\u0301s_hero-ma\u0301solat1-scaled.jpg","width":2560,"height":1440},{"@type":"WebPage","@id":"https:\/\/www.obudainyar.hu\/2022\/esemeny\/3216\/#webpage","url":"https:\/\/www.obudainyar.hu\/2022\/esemeny\/3216\/","name":"H\u00e9k\u00e1s B\u00e9k\u00e1s - \u00d3budai Ny\u00e1r 2022 | obuda.hu","isPartOf":{"@id":"https:\/\/www.obudainyar.hu\/2022\/#website"},"primaryImageOfPage":{"@id":"https:\/\/www.obudainyar.hu\/2022\/esemeny\/3216\/#primaryimage"},"datePublished":"2022-08-05T07:40:13+00:00","dateModified":"2022-08-26T15:48:19+00:00","breadcrumb":{"@id":"https:\/\/www.obudainyar.hu\/2022\/esemeny\/3216\/#breadcrumb"},"inLanguage":"hu","potentialAction":[{"@type":"ReadAction","target":["https:\/\/www.obudainyar.hu\/2022\/esemeny\/3216\/"]}]},{"@type":"BreadcrumbList","@id":"https:\/\/www.obudainyar.hu\/2022\/esemeny\/3216\/#breadcrumb","itemListElement":[{"@type":"ListItem","position":1,"name":"Kezd\u0151lap","item":"https:\/\/www.obudainyar.hu\/2022\/"},{"@type":"ListItem","position":2,"name":"Esem\u00e9nyek","item":"https:\/\/www.obudainyar.hu\/2022\/esemenyek\/"},{"@type":"ListItem","position":3,"name":"H\u00e9k\u00e1s B\u00e9k\u00e1s"}]}]}},"_links":{"self":[{"href":"https:\/\/www.obudainyar.hu\/2022\/wp-json\/wp\/v2\/tribe_events\/3216"}],"collection":[{"href":"https:\/\/www.obudainyar.hu\/2022\/wp-json\/wp\/v2\/tribe_events"}],"about":[{"href":"https:\/\/www.obudainyar.hu\/2022\/wp-json\/wp\/v2\/types\/tribe_events"}],"author":[{"embeddable":true,"href":"https:\/\/www.obudainyar.hu\/2022\/wp-json\/wp\/v2\/users\/4"}],"replies":[{"embeddable":true,"href":"https:\/\/www.obudainyar.hu\/2022\/wp-json\/wp\/v2\/comments?post=3216"}],"version-history":[{"count":6,"href":"https:\/\/www.obudainyar.hu\/2022\/wp-json\/wp\/v2\/tribe_events\/3216\/revisions"}],"predecessor-version":[{"id":3321,"href":"https:\/\/www.obudainyar.hu\/2022\/wp-json\/wp\/v2\/tribe_events\/3216\/revisions\/3321"}],"wp:featuredmedia":[{"embeddable":true,"href":"https:\/\/www.obudainyar.hu\/2022\/wp-json\/wp\/v2\/media\/3217"}],"wp:attachment":[{"href":"https:\/\/www.obudainyar.hu\/2022\/wp-json\/wp\/v2\/media?parent=3216"}],"wp:term":[{"taxonomy":"post_tag","embeddable":true,"href":"https:\/\/www.obudainyar.hu\/2022\/wp-json\/wp\/v2\/tags?post=3216"},{"taxonomy":"tribe_events_cat","embeddable":true,"href":"https:\/\/www.obudainyar.hu\/2022\/wp-json\/wp\/v2\/tribe_events_cat?post=3216"}],"curies":[{"name":"wp","href":"https:\/\/api.w.org\/{rel}","templated":true}]}}

Hékás Békás

<p><strong>Háziasszony: Vágó Piros </strong></p>
<p><strong>Műsoron többek között:</strong></p>
<p>10:00    Ludas Matyi</p>
<p>11:30    Szeleburdi meseszínház</p>
<p>14:00    a Bon Bon zenekar koncertje</p>
<p>16:00    Tolvai Reni koncertje</p>
<p>17:00    Király Viktor koncert</p>
<p>19:00    TNT nagykoncert</p>
<p><strong> </strong></p>
<p><strong>A gyerekeket hinta, légvár, ládavasút, horgászás, bungee jumping és arcfestés várja.</strong></p>
<p>&nbsp;</p>
<p>A színes családi programok mellett gasztroélményekkel is várjuk Önöket: gluténmentes Láng Fánkkal, lángossal, házi rétessel, édességekkel, szörpökkel.</p>
<p>&nbsp;</p>
<p>Tartsanak velünk, búcsúztassuk együtt a nyarat! Jó szórakozást kívánunk!</p>
<p>&nbsp;</p>
<p>&nbsp;</p>

<p>Legyen a nyárzáró méltó befejezése az idei élményeknek! A Hékás-Békás izgalmas koncertjeivel, gyerekprogramjaival, ínycsiklandó étel és ital kínálattal várjuk Önöket a Csobánka téren.</p>

<!-- This site is optimized with the Yoast SEO plugin v17.5 - https://yoast.com/wordpress/plugins/seo/ -->
<title>Hékás Békás - Óbudai Nyár 2022 | obuda.hu</title>
<meta name="robots" content="index, follow, max-snippet:-1, max-image-preview:large, max-video-preview:-1" />
<link rel="canonical" href="https://www.obudainyar.hu/2022/esemeny/3216/" />
<meta property="og:locale" content="hu_HU" />
<meta property="og:type" content="article" />
<meta property="og:title" content="Hékás Békás - Óbudai Nyár 2022 | obuda.hu" />
<meta property="og:description" content="Legyen a nyárzáró méltó befejezése az idei élményeknek! A Hékás-Békás izgalmas koncertjeivel, gyerekprogramjaival, ínycsiklandó étel és ital kínálattal várjuk Önöket a Csobánka téren." />
<meta property="og:url" content="https://www.obudainyar.hu/2022/esemeny/3216/" />
<meta property="og:site_name" content="Óbudai Nyár 2022 | obuda.hu" />
<meta property="article:modified_time" content="2022-08-26T15:48:19+00:00" />
<meta property="og:image" content="https://www.obudainyar.hu/2022/wp-content/uploads/2022/08/HékásBékás_hero-másolat1-scaled.jpg" />
	<meta property="og:image:width" content="2560" />
	<meta property="og:image:height" content="1440" />
<meta name="twitter:card" content="summary_large_image" />
<meta name="twitter:label1" content="Becsült olvasási idő" />
	<meta name="twitter:data1" content="1 perc" />
<script type="application/ld+json" class="yoast-schema-graph">{"@context":"https://schema.org","@graph":[{"@type":"WebSite","@id":"https://www.obudainyar.hu/2022/#website","url":"https://www.obudainyar.hu/2022/","name":"\u00d3budai Ny\u00e1r 2022 | obuda.hu","description":"","potentialAction":[{"@type":"SearchAction","target":{"@type":"EntryPoint","urlTemplate":"https://www.obudainyar.hu/2022/?s={search_term_string}"},"query-input":"required name=search_term_string"}],"inLanguage":"hu"},{"@type":"ImageObject","@id":"https://www.obudainyar.hu/2022/esemeny/3216/#primaryimage","inLanguage":"hu","url":"https://www.obudainyar.hu/2022/wp-content/uploads/2022/08/He\u0301ka\u0301sBe\u0301ka\u0301s_hero-ma\u0301solat1-scaled.jpg","contentUrl":"https://www.obudainyar.hu/2022/wp-content/uploads/2022/08/He\u0301ka\u0301sBe\u0301ka\u0301s_hero-ma\u0301solat1-scaled.jpg","width":2560,"height":1440},{"@type":"WebPage","@id":"https://www.obudainyar.hu/2022/esemeny/3216/#webpage","url":"https://www.obudainyar.hu/2022/esemeny/3216/","name":"H\u00e9k\u00e1s B\u00e9k\u00e1s - \u00d3budai Ny\u00e1r 2022 | obuda.hu","isPartOf":{"@id":"https://www.obudainyar.hu/2022/#website"},"primaryImageOfPage":{"@id":"https://www.obudainyar.hu/2022/esemeny/3216/#primaryimage"},"datePublished":"2022-08-05T07:40:13+00:00","dateModified":"2022-08-26T15:48:19+00:00","breadcrumb":{"@id":"https://www.obudainyar.hu/2022/esemeny/3216/#breadcrumb"},"inLanguage":"hu","potentialAction":[{"@type":"ReadAction","target":["https://www.obudainyar.hu/2022/esemeny/3216/"]}]},{"@type":"BreadcrumbList","@id":"https://www.obudainyar.hu/2022/esemeny/3216/#breadcrumb","itemListElement":[{"@type":"ListItem","position":1,"name":"Kezd\u0151lap","item":"https://www.obudainyar.hu/2022/"},{"@type":"ListItem","position":2,"name":"Esem\u00e9nyek","item":"https://www.obudainyar.hu/2022/esemenyek/"},{"@type":"ListItem","position":3,"name":"H\u00e9k\u00e1s B\u00e9k\u00e1s"}]}]}</script>
<!-- / Yoast SEO plugin. -->

Hékás Békás - Óbudai Nyár 2022 | obuda.hu

Legyen a nyárzáró méltó befejezése az idei élményeknek! A Hékás-Békás izgalmas koncertjeivel, gyerekprogramjaival, ínycsiklandó étel és ital kínálattal várjuk Önöket a Csobánka téren.

Óbudai Nyár 2022 | obuda.hu

Kezdőlap

Események
