{"id":3361,"date":"2022-08-31T12:35:08","date_gmt":"2022-08-31T10:35:08","guid":{"rendered":"https:\/\/www.obudainyar.hu\/2022\/?post_type=tribe_events&#038;p=3361"},"modified":"2022-09-13T10:03:24","modified_gmt":"2022-09-13T08:03:24","slug":"csillaghegy-a-mi-kis-falunk-csillaghegyi-utcabal","status":"publish","type":"tribe_events","link":"https:\/\/www.obudainyar.hu\/2022\/esemeny\/csillaghegy-a-mi-kis-falunk-csillaghegyi-utcabal\/","title":{"rendered":"Csillaghegy a mi kis falunk &#8211; Csillaghegyi utcab\u00e1l"},"content":{"rendered":"<p>A kicsiknek a Csillaghegyi K\u00f6z\u00f6ss\u00e9gi H\u00e1zban v\u00e1ltozatos gyerekprogramokat k\u00edn\u00e1lunk, a feln\u0151ttek pedig a k\u00f6z\u00f6ss\u00e9gi h\u00e1z udvar\u00e1n 10.00 \u00e9s 14.00 \u00f3ra k\u00f6z\u00f6tt f\u0151z\u0151versenyen is kipr\u00f3b\u00e1lhatj\u00e1k magukat.<\/p>\n<p><strong>Az esem\u00e9ny h\u00e1zigazd\u00e1ja: Hars\u00e1nyi Levente<\/strong><\/p>\n<p>R\u00c9SZLETES PROGRAM:<br \/>\n10:00 \u00f3ra Bubor\u00e9k Zenekar<\/p>\n<p>11:30 \u00f3ra Iszkiri Zenekar<\/p>\n<p>12:30 \u00f3ra Csillaghegy tort\u00e1ja a Cserfalvi Cukr\u00e1szda \u00e9s<br \/>\n\u00d3buda-B\u00e9k\u00e1smegyer \u00d6nkorm\u00e1nyzat j\u00f3volt\u00e1b\u00f3l<\/p>\n<p>13:30 \u00f3ra Lelkes Zenekar \u2013 n\u00e9pi t\u00e1ncj\u00e1t\u00e9kok<\/p>\n<p>14:30 \u00f3ra G\u00f6r\u00f6g n\u00e9pt\u00e1ncegy\u00fcttes<\/p>\n<p>15:00 \u00f3ra Karaoke<\/p>\n<p>16:00 \u00f3ra Irigy H\u00f3naljmirigy<\/p>\n<p>17:00 \u00f3ra Nemcsak Berry Zenekar<\/p>\n<p>18:00 \u00f3ra Piroch G\u00e1bor kaszkad\u0151r<\/p>\n<p>18:30 \u00f3ra Weisz Viktor-koncert<\/p>\n<p>20:00 \u00f3ra IceCream Zenekar<\/p>\n<p>SZERETETTEL V\u00c1RJUK \u00d6N\u00d6KET!<\/p>\n<p><em>A programv\u00e1ltoztat\u00e1s jog\u00e1t fenntartjuk.<\/em><\/p>\n","protected":false},"excerpt":{"rendered":"<p>Szeptember k\u00f6zep\u00e9n vid\u00e1ms\u00e1ggal, j\u00f3 hangulattal, izgalommal telik meg a M\u00e1ty\u00e1s kir\u00e1ly \u00fat. Igazi ny\u00e1rb\u00facs\u00faztat\u00f3 utcab\u00e1lra k\u00e9sz\u00fcl\u00fcnk, amelyen gazdag gyerekprogramokat, remek koncerteket, k\u00e9zm\u0171ves kirakod\u00f3v\u00e1s\u00e1rt \u00e9s sok-sok finoms\u00e1gok k\u00edn\u00e1lunk \u00d6n\u00f6knek.<\/p>\n","protected":false},"author":4,"featured_media":3370,"comment_status":"open","ping_status":"closed","template":"","meta":[],"tags":[481,482,483,486,398,489,487],"tribe_events_cat":[338],"yoast_head":"<!-- This site is optimized with the Yoast SEO plugin v17.5 - https:\/\/yoast.com\/wordpress\/plugins\/seo\/ -->\n<title>Csillaghegy a mi kis falunk - Csillaghegyi utcab\u00e1l - \u00d3budai Ny\u00e1r 2022 | obuda.hu<\/title>\n<meta name=\"robots\" content=\"index, follow, max-snippet:-1, max-image-preview:large, max-video-preview:-1\" \/>\n<link rel=\"canonical\" href=\"https:\/\/www.obudainyar.hu\/2022\/esemeny\/csillaghegy-a-mi-kis-falunk-csillaghegyi-utcabal\/\" \/>\n<meta property=\"og:locale\" content=\"hu_HU\" \/>\n<meta property=\"og:type\" content=\"article\" \/>\n<meta property=\"og:title\" content=\"Csillaghegy a mi kis falunk - Csillaghegyi utcab\u00e1l - \u00d3budai Ny\u00e1r 2022 | obuda.hu\" \/>\n<meta property=\"og:description\" content=\"Szeptember k\u00f6zep\u00e9n vid\u00e1ms\u00e1ggal, j\u00f3 hangulattal, izgalommal telik meg a M\u00e1ty\u00e1s kir\u00e1ly \u00fat. Igazi ny\u00e1rb\u00facs\u00faztat\u00f3 utcab\u00e1lra k\u00e9sz\u00fcl\u00fcnk, amelyen gazdag gyerekprogramokat, remek koncerteket, k\u00e9zm\u0171ves kirakod\u00f3v\u00e1s\u00e1rt \u00e9s sok-sok finoms\u00e1gok k\u00edn\u00e1lunk \u00d6n\u00f6knek.\" \/>\n<meta property=\"og:url\" content=\"https:\/\/www.obudainyar.hu\/2022\/esemeny\/csillaghegy-a-mi-kis-falunk-csillaghegyi-utcabal\/\" \/>\n<meta property=\"og:site_name\" content=\"\u00d3budai Ny\u00e1r 2022 | obuda.hu\" \/>\n<meta property=\"article:modified_time\" content=\"2022-09-13T08:03:24+00:00\" \/>\n<meta property=\"og:image\" content=\"https:\/\/www.obudainyar.hu\/2022\/wp-content\/uploads\/2022\/08\/Csillaghegy-1.png\" \/>\n\t<meta property=\"og:image:width\" content=\"747\" \/>\n\t<meta property=\"og:image:height\" content=\"435\" \/>\n<meta name=\"twitter:card\" content=\"summary_large_image\" \/>\n<meta name=\"twitter:label1\" content=\"Becs\u00fclt olvas\u00e1si id\u0151\" \/>\n\t<meta name=\"twitter:data1\" content=\"1 perc\" \/>\n<script type=\"application\/ld+json\" class=\"yoast-schema-graph\">{\"@context\":\"https:\/\/schema.org\",\"@graph\":[{\"@type\":\"WebSite\",\"@id\":\"https:\/\/www.obudainyar.hu\/2022\/#website\",\"url\":\"https:\/\/www.obudainyar.hu\/2022\/\",\"name\":\"\\u00d3budai Ny\\u00e1r 2022 | obuda.hu\",\"description\":\"\",\"potentialAction\":[{\"@type\":\"SearchAction\",\"target\":{\"@type\":\"EntryPoint\",\"urlTemplate\":\"https:\/\/www.obudainyar.hu\/2022\/?s={search_term_string}\"},\"query-input\":\"required name=search_term_string\"}],\"inLanguage\":\"hu\"},{\"@type\":\"ImageObject\",\"@id\":\"https:\/\/www.obudainyar.hu\/2022\/esemeny\/csillaghegy-a-mi-kis-falunk-csillaghegyi-utcabal\/#primaryimage\",\"inLanguage\":\"hu\",\"url\":\"https:\/\/www.obudainyar.hu\/2022\/wp-content\/uploads\/2022\/08\/Csillaghegy-1.png\",\"contentUrl\":\"https:\/\/www.obudainyar.hu\/2022\/wp-content\/uploads\/2022\/08\/Csillaghegy-1.png\",\"width\":747,\"height\":435},{\"@type\":\"WebPage\",\"@id\":\"https:\/\/www.obudainyar.hu\/2022\/esemeny\/csillaghegy-a-mi-kis-falunk-csillaghegyi-utcabal\/#webpage\",\"url\":\"https:\/\/www.obudainyar.hu\/2022\/esemeny\/csillaghegy-a-mi-kis-falunk-csillaghegyi-utcabal\/\",\"name\":\"Csillaghegy a mi kis falunk - Csillaghegyi utcab\\u00e1l - \\u00d3budai Ny\\u00e1r 2022 | obuda.hu\",\"isPartOf\":{\"@id\":\"https:\/\/www.obudainyar.hu\/2022\/#website\"},\"primaryImageOfPage\":{\"@id\":\"https:\/\/www.obudainyar.hu\/2022\/esemeny\/csillaghegy-a-mi-kis-falunk-csillaghegyi-utcabal\/#primaryimage\"},\"datePublished\":\"2022-08-31T10:35:08+00:00\",\"dateModified\":\"2022-09-13T08:03:24+00:00\",\"breadcrumb\":{\"@id\":\"https:\/\/www.obudainyar.hu\/2022\/esemeny\/csillaghegy-a-mi-kis-falunk-csillaghegyi-utcabal\/#breadcrumb\"},\"inLanguage\":\"hu\",\"potentialAction\":[{\"@type\":\"ReadAction\",\"target\":[\"https:\/\/www.obudainyar.hu\/2022\/esemeny\/csillaghegy-a-mi-kis-falunk-csillaghegyi-utcabal\/\"]}]},{\"@type\":\"BreadcrumbList\",\"@id\":\"https:\/\/www.obudainyar.hu\/2022\/esemeny\/csillaghegy-a-mi-kis-falunk-csillaghegyi-utcabal\/#breadcrumb\",\"itemListElement\":[{\"@type\":\"ListItem\",\"position\":1,\"name\":\"Kezd\\u0151lap\",\"item\":\"https:\/\/www.obudainyar.hu\/2022\/\"},{\"@type\":\"ListItem\",\"position\":2,\"name\":\"Esem\\u00e9nyek\",\"item\":\"https:\/\/www.obudainyar.hu\/2022\/esemenyek\/\"},{\"@type\":\"ListItem\",\"position\":3,\"name\":\"Csillaghegy a mi kis falunk &#8211; Csillaghegyi utcab\\u00e1l\"}]}]}<\/script>\n<!-- \/ Yoast SEO plugin. -->","yoast_head_json":{"title":"Csillaghegy a mi kis falunk - Csillaghegyi utcab\u00e1l - \u00d3budai Ny\u00e1r 2022 | obuda.hu","robots":{"index":"index","follow":"follow","max-snippet":"max-snippet:-1","max-image-preview":"max-image-preview:large","max-video-preview":"max-video-preview:-1"},"canonical":"https:\/\/www.obudainyar.hu\/2022\/esemeny\/csillaghegy-a-mi-kis-falunk-csillaghegyi-utcabal\/","og_locale":"hu_HU","og_type":"article","og_title":"Csillaghegy a mi kis falunk - Csillaghegyi utcab\u00e1l - \u00d3budai Ny\u00e1r 2022 | obuda.hu","og_description":"Szeptember k\u00f6zep\u00e9n vid\u00e1ms\u00e1ggal, j\u00f3 hangulattal, izgalommal telik meg a M\u00e1ty\u00e1s kir\u00e1ly \u00fat. Igazi ny\u00e1rb\u00facs\u00faztat\u00f3 utcab\u00e1lra k\u00e9sz\u00fcl\u00fcnk, amelyen gazdag gyerekprogramokat, remek koncerteket, k\u00e9zm\u0171ves kirakod\u00f3v\u00e1s\u00e1rt \u00e9s sok-sok finoms\u00e1gok k\u00edn\u00e1lunk \u00d6n\u00f6knek.","og_url":"https:\/\/www.obudainyar.hu\/2022\/esemeny\/csillaghegy-a-mi-kis-falunk-csillaghegyi-utcabal\/","og_site_name":"\u00d3budai Ny\u00e1r 2022 | obuda.hu","article_modified_time":"2022-09-13T08:03:24+00:00","og_image":[{"width":747,"height":435,"url":"https:\/\/www.obudainyar.hu\/2022\/wp-content\/uploads\/2022\/08\/Csillaghegy-1.png","type":"image\/png"}],"twitter_card":"summary_large_image","twitter_misc":{"Becs\u00fclt olvas\u00e1si id\u0151":"1 perc"},"schema":{"@context":"https:\/\/schema.org","@graph":[{"@type":"WebSite","@id":"https:\/\/www.obudainyar.hu\/2022\/#website","url":"https:\/\/www.obudainyar.hu\/2022\/","name":"\u00d3budai Ny\u00e1r 2022 | obuda.hu","description":"","potentialAction":[{"@type":"SearchAction","target":{"@type":"EntryPoint","urlTemplate":"https:\/\/www.obudainyar.hu\/2022\/?s={search_term_string}"},"query-input":"required name=search_term_string"}],"inLanguage":"hu"},{"@type":"ImageObject","@id":"https:\/\/www.obudainyar.hu\/2022\/esemeny\/csillaghegy-a-mi-kis-falunk-csillaghegyi-utcabal\/#primaryimage","inLanguage":"hu","url":"https:\/\/www.obudainyar.hu\/2022\/wp-content\/uploads\/2022\/08\/Csillaghegy-1.png","contentUrl":"https:\/\/www.obudainyar.hu\/2022\/wp-content\/uploads\/2022\/08\/Csillaghegy-1.png","width":747,"height":435},{"@type":"WebPage","@id":"https:\/\/www.obudainyar.hu\/2022\/esemeny\/csillaghegy-a-mi-kis-falunk-csillaghegyi-utcabal\/#webpage","url":"https:\/\/www.obudainyar.hu\/2022\/esemeny\/csillaghegy-a-mi-kis-falunk-csillaghegyi-utcabal\/","name":"Csillaghegy a mi kis falunk - Csillaghegyi utcab\u00e1l - \u00d3budai Ny\u00e1r 2022 | obuda.hu","isPartOf":{"@id":"https:\/\/www.obudainyar.hu\/2022\/#website"},"primaryImageOfPage":{"@id":"https:\/\/www.obudainyar.hu\/2022\/esemeny\/csillaghegy-a-mi-kis-falunk-csillaghegyi-utcabal\/#primaryimage"},"datePublished":"2022-08-31T10:35:08+00:00","dateModified":"2022-09-13T08:03:24+00:00","breadcrumb":{"@id":"https:\/\/www.obudainyar.hu\/2022\/esemeny\/csillaghegy-a-mi-kis-falunk-csillaghegyi-utcabal\/#breadcrumb"},"inLanguage":"hu","potentialAction":[{"@type":"ReadAction","target":["https:\/\/www.obudainyar.hu\/2022\/esemeny\/csillaghegy-a-mi-kis-falunk-csillaghegyi-utcabal\/"]}]},{"@type":"BreadcrumbList","@id":"https:\/\/www.obudainyar.hu\/2022\/esemeny\/csillaghegy-a-mi-kis-falunk-csillaghegyi-utcabal\/#breadcrumb","itemListElement":[{"@type":"ListItem","position":1,"name":"Kezd\u0151lap","item":"https:\/\/www.obudainyar.hu\/2022\/"},{"@type":"ListItem","position":2,"name":"Esem\u00e9nyek","item":"https:\/\/www.obudainyar.hu\/2022\/esemenyek\/"},{"@type":"ListItem","position":3,"name":"Csillaghegy a mi kis falunk &#8211; Csillaghegyi utcab\u00e1l"}]}]}},"_links":{"self":[{"href":"https:\/\/www.obudainyar.hu\/2022\/wp-json\/wp\/v2\/tribe_events\/3361"}],"collection":[{"href":"https:\/\/www.obudainyar.hu\/2022\/wp-json\/wp\/v2\/tribe_events"}],"about":[{"href":"https:\/\/www.obudainyar.hu\/2022\/wp-json\/wp\/v2\/types\/tribe_events"}],"author":[{"embeddable":true,"href":"https:\/\/www.obudainyar.hu\/2022\/wp-json\/wp\/v2\/users\/4"}],"replies":[{"embeddable":true,"href":"https:\/\/www.obudainyar.hu\/2022\/wp-json\/wp\/v2\/comments?post=3361"}],"version-history":[{"count":11,"href":"https:\/\/www.obudainyar.hu\/2022\/wp-json\/wp\/v2\/tribe_events\/3361\/revisions"}],"predecessor-version":[{"id":3380,"href":"https:\/\/www.obudainyar.hu\/2022\/wp-json\/wp\/v2\/tribe_events\/3361\/revisions\/3380"}],"wp:featuredmedia":[{"embeddable":true,"href":"https:\/\/www.obudainyar.hu\/2022\/wp-json\/wp\/v2\/media\/3370"}],"wp:attachment":[{"href":"https:\/\/www.obudainyar.hu\/2022\/wp-json\/wp\/v2\/media?parent=3361"}],"wp:term":[{"taxonomy":"post_tag","embeddable":true,"href":"https:\/\/www.obudainyar.hu\/2022\/wp-json\/wp\/v2\/tags?post=3361"},{"taxonomy":"tribe_events_cat","embeddable":true,"href":"https:\/\/www.obudainyar.hu\/2022\/wp-json\/wp\/v2\/tribe_events_cat?post=3361"}],"curies":[{"name":"wp","href":"https:\/\/api.w.org\/{rel}","templated":true}]}}

Csillaghegy a mi kis falunk &#8211; Csillaghegyi utcabál

<p>A kicsiknek a Csillaghegyi Közösségi Házban változatos gyerekprogramokat kínálunk, a felnőttek pedig a közösségi ház udvarán 10.00 és 14.00 óra között főzőversenyen is kipróbálhatják magukat.</p>
<p><strong>Az esemény házigazdája: Harsányi Levente</strong></p>
<p>RÉSZLETES PROGRAM:<br />
10:00 óra Buborék Zenekar</p>
<p>11:30 óra Iszkiri Zenekar</p>
<p>12:30 óra Csillaghegy tortája a Cserfalvi Cukrászda és<br />
Óbuda-Békásmegyer Önkormányzat jóvoltából</p>
<p>13:30 óra Lelkes Zenekar – népi táncjátékok</p>
<p>14:30 óra Görög néptáncegyüttes</p>
<p>15:00 óra Karaoke</p>
<p>16:00 óra Irigy Hónaljmirigy</p>
<p>17:00 óra Nemcsak Berry Zenekar</p>
<p>18:00 óra Piroch Gábor kaszkadőr</p>
<p>18:30 óra Weisz Viktor-koncert</p>
<p>20:00 óra IceCream Zenekar</p>
<p>SZERETETTEL VÁRJUK ÖNÖKET!</p>
<p><em>A programváltoztatás jogát fenntartjuk.</em></p>

<p>Szeptember közepén vidámsággal, jó hangulattal, izgalommal telik meg a Mátyás király út. Igazi nyárbúcsúztató utcabálra készülünk, amelyen gazdag gyerekprogramokat, remek koncerteket, kézműves kirakodóvásárt és sok-sok finomságok kínálunk Önöknek.</p>

<!-- This site is optimized with the Yoast SEO plugin v17.5 - https://yoast.com/wordpress/plugins/seo/ -->
<title>Csillaghegy a mi kis falunk - Csillaghegyi utcabál - Óbudai Nyár 2022 | obuda.hu</title>
<meta name="robots" content="index, follow, max-snippet:-1, max-image-preview:large, max-video-preview:-1" />
<link rel="canonical" href="https://www.obudainyar.hu/2022/esemeny/csillaghegy-a-mi-kis-falunk-csillaghegyi-utcabal/" />
<meta property="og:locale" content="hu_HU" />
<meta property="og:type" content="article" />
<meta property="og:title" content="Csillaghegy a mi kis falunk - Csillaghegyi utcabál - Óbudai Nyár 2022 | obuda.hu" />
<meta property="og:description" content="Szeptember közepén vidámsággal, jó hangulattal, izgalommal telik meg a Mátyás király út. Igazi nyárbúcsúztató utcabálra készülünk, amelyen gazdag gyerekprogramokat, remek koncerteket, kézműves kirakodóvásárt és sok-sok finomságok kínálunk Önöknek." />
<meta property="og:url" content="https://www.obudainyar.hu/2022/esemeny/csillaghegy-a-mi-kis-falunk-csillaghegyi-utcabal/" />
<meta property="og:site_name" content="Óbudai Nyár 2022 | obuda.hu" />
<meta property="article:modified_time" content="2022-09-13T08:03:24+00:00" />
<meta property="og:image" content="https://www.obudainyar.hu/2022/wp-content/uploads/2022/08/Csillaghegy-1.png" />
	<meta property="og:image:width" content="747" />
	<meta property="og:image:height" content="435" />
<meta name="twitter:card" content="summary_large_image" />
<meta name="twitter:label1" content="Becsült olvasási idő" />
	<meta name="twitter:data1" content="1 perc" />
<script type="application/ld+json" class="yoast-schema-graph">{"@context":"https://schema.org","@graph":[{"@type":"WebSite","@id":"https://www.obudainyar.hu/2022/#website","url":"https://www.obudainyar.hu/2022/","name":"\u00d3budai Ny\u00e1r 2022 | obuda.hu","description":"","potentialAction":[{"@type":"SearchAction","target":{"@type":"EntryPoint","urlTemplate":"https://www.obudainyar.hu/2022/?s={search_term_string}"},"query-input":"required name=search_term_string"}],"inLanguage":"hu"},{"@type":"ImageObject","@id":"https://www.obudainyar.hu/2022/esemeny/csillaghegy-a-mi-kis-falunk-csillaghegyi-utcabal/#primaryimage","inLanguage":"hu","url":"https://www.obudainyar.hu/2022/wp-content/uploads/2022/08/Csillaghegy-1.png","contentUrl":"https://www.obudainyar.hu/2022/wp-content/uploads/2022/08/Csillaghegy-1.png","width":747,"height":435},{"@type":"WebPage","@id":"https://www.obudainyar.hu/2022/esemeny/csillaghegy-a-mi-kis-falunk-csillaghegyi-utcabal/#webpage","url":"https://www.obudainyar.hu/2022/esemeny/csillaghegy-a-mi-kis-falunk-csillaghegyi-utcabal/","name":"Csillaghegy a mi kis falunk - Csillaghegyi utcab\u00e1l - \u00d3budai Ny\u00e1r 2022 | obuda.hu","isPartOf":{"@id":"https://www.obudainyar.hu/2022/#website"},"primaryImageOfPage":{"@id":"https://www.obudainyar.hu/2022/esemeny/csillaghegy-a-mi-kis-falunk-csillaghegyi-utcabal/#primaryimage"},"datePublished":"2022-08-31T10:35:08+00:00","dateModified":"2022-09-13T08:03:24+00:00","breadcrumb":{"@id":"https://www.obudainyar.hu/2022/esemeny/csillaghegy-a-mi-kis-falunk-csillaghegyi-utcabal/#breadcrumb"},"inLanguage":"hu","potentialAction":[{"@type":"ReadAction","target":["https://www.obudainyar.hu/2022/esemeny/csillaghegy-a-mi-kis-falunk-csillaghegyi-utcabal/"]}]},{"@type":"BreadcrumbList","@id":"https://www.obudainyar.hu/2022/esemeny/csillaghegy-a-mi-kis-falunk-csillaghegyi-utcabal/#breadcrumb","itemListElement":[{"@type":"ListItem","position":1,"name":"Kezd\u0151lap","item":"https://www.obudainyar.hu/2022/"},{"@type":"ListItem","position":2,"name":"Esem\u00e9nyek","item":"https://www.obudainyar.hu/2022/esemenyek/"},{"@type":"ListItem","position":3,"name":"Csillaghegy a mi kis falunk &#8211; Csillaghegyi utcab\u00e1l"}]}]}</script>
<!-- / Yoast SEO plugin. -->

Csillaghegy a mi kis falunk - Csillaghegyi utcabál - Óbudai Nyár 2022 | obuda.hu

Szeptember közepén vidámsággal, jó hangulattal, izgalommal telik meg a Mátyás király út. Igazi nyárbúcsúztató utcabálra készülünk, amelyen gazdag gyerekprogramokat, remek koncerteket, kézműves kirakodóvásárt és sok-sok finomságok kínálunk Önöknek.

Óbudai Nyár 2022 | obuda.hu

Kezdőlap

Események
