{"id":4346,"date":"2023-07-05T12:21:53","date_gmt":"2023-07-05T10:21:53","guid":{"rendered":"https:\/\/www.obudainyar.hu\/2023\/?post_type=tribe_events&#038;p=4346"},"modified":"2023-07-05T12:21:53","modified_gmt":"2023-07-05T10:21:53","slug":"muhely-uzem-gyar-ii-ipartorteneti-barangolas-obudan","status":"publish","type":"tribe_events","link":"https:\/\/www.obudainyar.hu\/2023\/esemeny\/muhely-uzem-gyar-ii-ipartorteneti-barangolas-obudan\/","title":{"rendered":"M\u0171hely, \u00fczem, gy\u00e1r II. \u2013 Ipart\u00f6rt\u00e9neti barangol\u00e1s \u00d3bud\u00e1n"},"content":{"rendered":"<p>Az augusztusi t\u00far\u00e1n a hajdan\u00e1n a Szentl\u00e9lek t\u00e9rt\u0151l d\u00e9lre m\u0171k\u00f6d\u0151 ipari egys\u00e9geket ismerhetik meg, sok egy\u00e9b k\u00f6z\u00f6tt: Lenz-f\u00e9le B\u0151rgy\u00e1r, Meteor P\u00e9nzszekr\u00e9nygy\u00e1r, Goldberger Textilgy\u00e1r, Jakab Leitner K\u00e9kfest\u0151gy\u00e1r, K\u00e1nitz-f\u00e9le K\u00e9kfest\u0151gy\u00e1r, Kr\u00e1l K\u0151farag\u00f3telep, Spitzer Gerzson\/F\u00fcrst-f\u00e9le K\u00e9kfest\u0151-Pamutkik\u00e9sz\u00edt\u0151gy\u00e1r, Keszty\u0171varr\u00f3telep, Magyar Reszel\u0151gy\u00e1r, Magyar Csiszol\u00f3koronggy\u00e1r, Atlantica Cip\u0151gy\u00e1r, Jagscha K\u00e1roly Zongoragy\u00e1r.<\/p>\n<p>A s\u00e9ta az \u00d3budai M\u00fazeum recepci\u00f3j\u00e1r\u00f3l indul.\u00a0 A s\u00e9ta ingyenes, maximum l\u00e9tsz\u00e1m: 25 f\u0151.<\/p>\n<p><a href=\"https:\/\/forms.office.com\/e\/CkZUmi73XS\">Regisztr\u00e1ci\u00f3 augusztus 1-t\u0151l ezen a linken<\/a>.<\/p>\n","protected":false},"excerpt":{"rendered":"<p>Folytat\u00f3dik a n\u00e9pszer\u0171 ipart\u00f6rt\u00e9neti barangol\u00e1s, ez\u00fattal \u201ea m\u00e1sik oldalon\u201d. <\/p>\n","protected":false},"author":4,"featured_media":4349,"comment_status":"closed","ping_status":"closed","template":"","meta":{"_tribe_events_status":"","_tribe_events_status_reason":"","footnotes":""},"tags":[642,89,560,641],"tribe_events_cat":[],"yoast_head":"<!-- This site is optimized with the Yoast SEO plugin v17.5 - https:\/\/yoast.com\/wordpress\/plugins\/seo\/ -->\n<title>M\u0171hely, \u00fczem, gy\u00e1r II. \u2013 Ipart\u00f6rt\u00e9neti barangol\u00e1s \u00d3bud\u00e1n - \u00d3budai Ny\u00e1r 2023 | obuda.hu<\/title>\n<meta name=\"robots\" content=\"index, follow, max-snippet:-1, max-image-preview:large, max-video-preview:-1\" \/>\n<link rel=\"canonical\" href=\"https:\/\/www.obudainyar.hu\/2023\/esemeny\/muhely-uzem-gyar-ii-ipartorteneti-barangolas-obudan\/\" \/>\n<meta property=\"og:locale\" content=\"hu_HU\" \/>\n<meta property=\"og:type\" content=\"article\" \/>\n<meta property=\"og:title\" content=\"M\u0171hely, \u00fczem, gy\u00e1r II. \u2013 Ipart\u00f6rt\u00e9neti barangol\u00e1s \u00d3bud\u00e1n - \u00d3budai Ny\u00e1r 2023 | obuda.hu\" \/>\n<meta property=\"og:description\" content=\"Folytat\u00f3dik a n\u00e9pszer\u0171 ipart\u00f6rt\u00e9neti barangol\u00e1s, ez\u00fattal \u201ea m\u00e1sik oldalon\u201d.\" \/>\n<meta property=\"og:url\" content=\"https:\/\/www.obudainyar.hu\/2023\/esemeny\/muhely-uzem-gyar-ii-ipartorteneti-barangolas-obudan\/\" \/>\n<meta property=\"og:site_name\" content=\"\u00d3budai Ny\u00e1r 2023 | obuda.hu\" \/>\n<meta property=\"og:image\" content=\"https:\/\/www.obudainyar.hu\/2023\/wp-content\/uploads\/2023\/07\/DSC_4302-kicsi.jpg\" \/>\n\t<meta property=\"og:image:width\" content=\"1287\" \/>\n\t<meta property=\"og:image:height\" content=\"855\" \/>\n<meta name=\"twitter:card\" content=\"summary_large_image\" \/>\n<meta name=\"twitter:label1\" content=\"Becs\u00fclt olvas\u00e1si id\u0151\" \/>\n\t<meta name=\"twitter:data1\" content=\"1 perc\" \/>\n<script type=\"application\/ld+json\" class=\"yoast-schema-graph\">{\"@context\":\"https:\/\/schema.org\",\"@graph\":[{\"@type\":\"WebSite\",\"@id\":\"https:\/\/www.obudainyar.hu\/2023\/#website\",\"url\":\"https:\/\/www.obudainyar.hu\/2023\/\",\"name\":\"\\u00d3budai Ny\\u00e1r 2023 | obuda.hu\",\"description\":\"\",\"potentialAction\":[{\"@type\":\"SearchAction\",\"target\":{\"@type\":\"EntryPoint\",\"urlTemplate\":\"https:\/\/www.obudainyar.hu\/2023\/?s={search_term_string}\"},\"query-input\":\"required name=search_term_string\"}],\"inLanguage\":\"hu\"},{\"@type\":\"ImageObject\",\"@id\":\"https:\/\/www.obudainyar.hu\/2023\/esemeny\/muhely-uzem-gyar-ii-ipartorteneti-barangolas-obudan\/#primaryimage\",\"inLanguage\":\"hu\",\"url\":\"https:\/\/www.obudainyar.hu\/2023\/wp-content\/uploads\/2023\/07\/DSC_4302-kicsi.jpg\",\"contentUrl\":\"https:\/\/www.obudainyar.hu\/2023\/wp-content\/uploads\/2023\/07\/DSC_4302-kicsi.jpg\",\"width\":1287,\"height\":855},{\"@type\":\"WebPage\",\"@id\":\"https:\/\/www.obudainyar.hu\/2023\/esemeny\/muhely-uzem-gyar-ii-ipartorteneti-barangolas-obudan\/#webpage\",\"url\":\"https:\/\/www.obudainyar.hu\/2023\/esemeny\/muhely-uzem-gyar-ii-ipartorteneti-barangolas-obudan\/\",\"name\":\"M\\u0171hely, \\u00fczem, gy\\u00e1r II. \\u2013 Ipart\\u00f6rt\\u00e9neti barangol\\u00e1s \\u00d3bud\\u00e1n - \\u00d3budai Ny\\u00e1r 2023 | obuda.hu\",\"isPartOf\":{\"@id\":\"https:\/\/www.obudainyar.hu\/2023\/#website\"},\"primaryImageOfPage\":{\"@id\":\"https:\/\/www.obudainyar.hu\/2023\/esemeny\/muhely-uzem-gyar-ii-ipartorteneti-barangolas-obudan\/#primaryimage\"},\"datePublished\":\"2023-07-05T10:21:53+00:00\",\"dateModified\":\"2023-07-05T10:21:53+00:00\",\"breadcrumb\":{\"@id\":\"https:\/\/www.obudainyar.hu\/2023\/esemeny\/muhely-uzem-gyar-ii-ipartorteneti-barangolas-obudan\/#breadcrumb\"},\"inLanguage\":\"hu\",\"potentialAction\":[{\"@type\":\"ReadAction\",\"target\":[\"https:\/\/www.obudainyar.hu\/2023\/esemeny\/muhely-uzem-gyar-ii-ipartorteneti-barangolas-obudan\/\"]}]},{\"@type\":\"BreadcrumbList\",\"@id\":\"https:\/\/www.obudainyar.hu\/2023\/esemeny\/muhely-uzem-gyar-ii-ipartorteneti-barangolas-obudan\/#breadcrumb\",\"itemListElement\":[{\"@type\":\"ListItem\",\"position\":1,\"name\":\"Kezd\\u0151lap\",\"item\":\"https:\/\/www.obudainyar.hu\/2023\/\"},{\"@type\":\"ListItem\",\"position\":2,\"name\":\"Esem\\u00e9nyek\",\"item\":\"https:\/\/www.obudainyar.hu\/2023\/esemenyek\/\"},{\"@type\":\"ListItem\",\"position\":3,\"name\":\"M\\u0171hely, \\u00fczem, gy\\u00e1r II. \\u2013 Ipart\\u00f6rt\\u00e9neti barangol\\u00e1s \\u00d3bud\\u00e1n\"}]}]}<\/script>\n<!-- \/ Yoast SEO plugin. -->","yoast_head_json":{"title":"M\u0171hely, \u00fczem, gy\u00e1r II. \u2013 Ipart\u00f6rt\u00e9neti barangol\u00e1s \u00d3bud\u00e1n - \u00d3budai Ny\u00e1r 2023 | obuda.hu","robots":{"index":"index","follow":"follow","max-snippet":"max-snippet:-1","max-image-preview":"max-image-preview:large","max-video-preview":"max-video-preview:-1"},"canonical":"https:\/\/www.obudainyar.hu\/2023\/esemeny\/muhely-uzem-gyar-ii-ipartorteneti-barangolas-obudan\/","og_locale":"hu_HU","og_type":"article","og_title":"M\u0171hely, \u00fczem, gy\u00e1r II. \u2013 Ipart\u00f6rt\u00e9neti barangol\u00e1s \u00d3bud\u00e1n - \u00d3budai Ny\u00e1r 2023 | obuda.hu","og_description":"Folytat\u00f3dik a n\u00e9pszer\u0171 ipart\u00f6rt\u00e9neti barangol\u00e1s, ez\u00fattal \u201ea m\u00e1sik oldalon\u201d.","og_url":"https:\/\/www.obudainyar.hu\/2023\/esemeny\/muhely-uzem-gyar-ii-ipartorteneti-barangolas-obudan\/","og_site_name":"\u00d3budai Ny\u00e1r 2023 | obuda.hu","og_image":[{"width":1287,"height":855,"url":"https:\/\/www.obudainyar.hu\/2023\/wp-content\/uploads\/2023\/07\/DSC_4302-kicsi.jpg","type":"image\/jpeg"}],"twitter_card":"summary_large_image","twitter_misc":{"Becs\u00fclt olvas\u00e1si id\u0151":"1 perc"},"schema":{"@context":"https:\/\/schema.org","@graph":[{"@type":"WebSite","@id":"https:\/\/www.obudainyar.hu\/2023\/#website","url":"https:\/\/www.obudainyar.hu\/2023\/","name":"\u00d3budai Ny\u00e1r 2023 | obuda.hu","description":"","potentialAction":[{"@type":"SearchAction","target":{"@type":"EntryPoint","urlTemplate":"https:\/\/www.obudainyar.hu\/2023\/?s={search_term_string}"},"query-input":"required name=search_term_string"}],"inLanguage":"hu"},{"@type":"ImageObject","@id":"https:\/\/www.obudainyar.hu\/2023\/esemeny\/muhely-uzem-gyar-ii-ipartorteneti-barangolas-obudan\/#primaryimage","inLanguage":"hu","url":"https:\/\/www.obudainyar.hu\/2023\/wp-content\/uploads\/2023\/07\/DSC_4302-kicsi.jpg","contentUrl":"https:\/\/www.obudainyar.hu\/2023\/wp-content\/uploads\/2023\/07\/DSC_4302-kicsi.jpg","width":1287,"height":855},{"@type":"WebPage","@id":"https:\/\/www.obudainyar.hu\/2023\/esemeny\/muhely-uzem-gyar-ii-ipartorteneti-barangolas-obudan\/#webpage","url":"https:\/\/www.obudainyar.hu\/2023\/esemeny\/muhely-uzem-gyar-ii-ipartorteneti-barangolas-obudan\/","name":"M\u0171hely, \u00fczem, gy\u00e1r II. \u2013 Ipart\u00f6rt\u00e9neti barangol\u00e1s \u00d3bud\u00e1n - \u00d3budai Ny\u00e1r 2023 | obuda.hu","isPartOf":{"@id":"https:\/\/www.obudainyar.hu\/2023\/#website"},"primaryImageOfPage":{"@id":"https:\/\/www.obudainyar.hu\/2023\/esemeny\/muhely-uzem-gyar-ii-ipartorteneti-barangolas-obudan\/#primaryimage"},"datePublished":"2023-07-05T10:21:53+00:00","dateModified":"2023-07-05T10:21:53+00:00","breadcrumb":{"@id":"https:\/\/www.obudainyar.hu\/2023\/esemeny\/muhely-uzem-gyar-ii-ipartorteneti-barangolas-obudan\/#breadcrumb"},"inLanguage":"hu","potentialAction":[{"@type":"ReadAction","target":["https:\/\/www.obudainyar.hu\/2023\/esemeny\/muhely-uzem-gyar-ii-ipartorteneti-barangolas-obudan\/"]}]},{"@type":"BreadcrumbList","@id":"https:\/\/www.obudainyar.hu\/2023\/esemeny\/muhely-uzem-gyar-ii-ipartorteneti-barangolas-obudan\/#breadcrumb","itemListElement":[{"@type":"ListItem","position":1,"name":"Kezd\u0151lap","item":"https:\/\/www.obudainyar.hu\/2023\/"},{"@type":"ListItem","position":2,"name":"Esem\u00e9nyek","item":"https:\/\/www.obudainyar.hu\/2023\/esemenyek\/"},{"@type":"ListItem","position":3,"name":"M\u0171hely, \u00fczem, gy\u00e1r II. \u2013 Ipart\u00f6rt\u00e9neti barangol\u00e1s \u00d3bud\u00e1n"}]}]}},"_links":{"self":[{"href":"https:\/\/www.obudainyar.hu\/2023\/wp-json\/wp\/v2\/tribe_events\/4346"}],"collection":[{"href":"https:\/\/www.obudainyar.hu\/2023\/wp-json\/wp\/v2\/tribe_events"}],"about":[{"href":"https:\/\/www.obudainyar.hu\/2023\/wp-json\/wp\/v2\/types\/tribe_events"}],"author":[{"embeddable":true,"href":"https:\/\/www.obudainyar.hu\/2023\/wp-json\/wp\/v2\/users\/4"}],"replies":[{"embeddable":true,"href":"https:\/\/www.obudainyar.hu\/2023\/wp-json\/wp\/v2\/comments?post=4346"}],"version-history":[{"count":3,"href":"https:\/\/www.obudainyar.hu\/2023\/wp-json\/wp\/v2\/tribe_events\/4346\/revisions"}],"predecessor-version":[{"id":4351,"href":"https:\/\/www.obudainyar.hu\/2023\/wp-json\/wp\/v2\/tribe_events\/4346\/revisions\/4351"}],"wp:featuredmedia":[{"embeddable":true,"href":"https:\/\/www.obudainyar.hu\/2023\/wp-json\/wp\/v2\/media\/4349"}],"wp:attachment":[{"href":"https:\/\/www.obudainyar.hu\/2023\/wp-json\/wp\/v2\/media?parent=4346"}],"wp:term":[{"taxonomy":"post_tag","embeddable":true,"href":"https:\/\/www.obudainyar.hu\/2023\/wp-json\/wp\/v2\/tags?post=4346"},{"taxonomy":"tribe_events_cat","embeddable":true,"href":"https:\/\/www.obudainyar.hu\/2023\/wp-json\/wp\/v2\/tribe_events_cat?post=4346"}],"curies":[{"name":"wp","href":"https:\/\/api.w.org\/{rel}","templated":true}]}}

Műhely, üzem, gyár II. – Ipartörténeti barangolás Óbudán

<p>Az augusztusi túrán a hajdanán a Szentlélek tértől délre működő ipari egységeket ismerhetik meg, sok egyéb között: Lenz-féle Bőrgyár, Meteor Pénzszekrénygyár, Goldberger Textilgyár, Jakab Leitner Kékfestőgyár, Kánitz-féle Kékfestőgyár, Král Kőfaragótelep, Spitzer Gerzson/Fürst-féle Kékfestő-Pamutkikészítőgyár, Kesztyűvarrótelep, Magyar Reszelőgyár, Magyar Csiszolókoronggyár, Atlantica Cipőgyár, Jagscha Károly Zongoragyár.</p>
<p>A séta az Óbudai Múzeum recepciójáról indul.  A séta ingyenes, maximum létszám: 25 fő.</p>
<p><a href="https://forms.office.com/e/CkZUmi73XS">Regisztráció augusztus 1-től ezen a linken</a>.</p>

<p>Folytatódik a népszerű ipartörténeti barangolás, ezúttal „a másik oldalon”. </p>

<!-- This site is optimized with the Yoast SEO plugin v17.5 - https://yoast.com/wordpress/plugins/seo/ -->
<title>Műhely, üzem, gyár II. – Ipartörténeti barangolás Óbudán - Óbudai Nyár 2023 | obuda.hu</title>
<meta name="robots" content="index, follow, max-snippet:-1, max-image-preview:large, max-video-preview:-1" />
<link rel="canonical" href="https://www.obudainyar.hu/2023/esemeny/muhely-uzem-gyar-ii-ipartorteneti-barangolas-obudan/" />
<meta property="og:locale" content="hu_HU" />
<meta property="og:type" content="article" />
<meta property="og:title" content="Műhely, üzem, gyár II. – Ipartörténeti barangolás Óbudán - Óbudai Nyár 2023 | obuda.hu" />
<meta property="og:description" content="Folytatódik a népszerű ipartörténeti barangolás, ezúttal „a másik oldalon”." />
<meta property="og:url" content="https://www.obudainyar.hu/2023/esemeny/muhely-uzem-gyar-ii-ipartorteneti-barangolas-obudan/" />
<meta property="og:site_name" content="Óbudai Nyár 2023 | obuda.hu" />
<meta property="og:image" content="https://www.obudainyar.hu/2023/wp-content/uploads/2023/07/DSC_4302-kicsi.jpg" />
	<meta property="og:image:width" content="1287" />
	<meta property="og:image:height" content="855" />
<meta name="twitter:card" content="summary_large_image" />
<meta name="twitter:label1" content="Becsült olvasási idő" />
	<meta name="twitter:data1" content="1 perc" />
<script type="application/ld+json" class="yoast-schema-graph">{"@context":"https://schema.org","@graph":[{"@type":"WebSite","@id":"https://www.obudainyar.hu/2023/#website","url":"https://www.obudainyar.hu/2023/","name":"\u00d3budai Ny\u00e1r 2023 | obuda.hu","description":"","potentialAction":[{"@type":"SearchAction","target":{"@type":"EntryPoint","urlTemplate":"https://www.obudainyar.hu/2023/?s={search_term_string}"},"query-input":"required name=search_term_string"}],"inLanguage":"hu"},{"@type":"ImageObject","@id":"https://www.obudainyar.hu/2023/esemeny/muhely-uzem-gyar-ii-ipartorteneti-barangolas-obudan/#primaryimage","inLanguage":"hu","url":"https://www.obudainyar.hu/2023/wp-content/uploads/2023/07/DSC_4302-kicsi.jpg","contentUrl":"https://www.obudainyar.hu/2023/wp-content/uploads/2023/07/DSC_4302-kicsi.jpg","width":1287,"height":855},{"@type":"WebPage","@id":"https://www.obudainyar.hu/2023/esemeny/muhely-uzem-gyar-ii-ipartorteneti-barangolas-obudan/#webpage","url":"https://www.obudainyar.hu/2023/esemeny/muhely-uzem-gyar-ii-ipartorteneti-barangolas-obudan/","name":"M\u0171hely, \u00fczem, gy\u00e1r II. \u2013 Ipart\u00f6rt\u00e9neti barangol\u00e1s \u00d3bud\u00e1n - \u00d3budai Ny\u00e1r 2023 | obuda.hu","isPartOf":{"@id":"https://www.obudainyar.hu/2023/#website"},"primaryImageOfPage":{"@id":"https://www.obudainyar.hu/2023/esemeny/muhely-uzem-gyar-ii-ipartorteneti-barangolas-obudan/#primaryimage"},"datePublished":"2023-07-05T10:21:53+00:00","dateModified":"2023-07-05T10:21:53+00:00","breadcrumb":{"@id":"https://www.obudainyar.hu/2023/esemeny/muhely-uzem-gyar-ii-ipartorteneti-barangolas-obudan/#breadcrumb"},"inLanguage":"hu","potentialAction":[{"@type":"ReadAction","target":["https://www.obudainyar.hu/2023/esemeny/muhely-uzem-gyar-ii-ipartorteneti-barangolas-obudan/"]}]},{"@type":"BreadcrumbList","@id":"https://www.obudainyar.hu/2023/esemeny/muhely-uzem-gyar-ii-ipartorteneti-barangolas-obudan/#breadcrumb","itemListElement":[{"@type":"ListItem","position":1,"name":"Kezd\u0151lap","item":"https://www.obudainyar.hu/2023/"},{"@type":"ListItem","position":2,"name":"Esem\u00e9nyek","item":"https://www.obudainyar.hu/2023/esemenyek/"},{"@type":"ListItem","position":3,"name":"M\u0171hely, \u00fczem, gy\u00e1r II. \u2013 Ipart\u00f6rt\u00e9neti barangol\u00e1s \u00d3bud\u00e1n"}]}]}</script>
<!-- / Yoast SEO plugin. -->

Műhely, üzem, gyár II. – Ipartörténeti barangolás Óbudán - Óbudai Nyár 2023 | obuda.hu

Folytatódik a népszerű ipartörténeti barangolás, ezúttal „a másik oldalon”.

Óbudai Nyár 2023 | obuda.hu

Kezdőlap

Események
